000
CXUS53 KDDC 281200
CF6DDC
PRELIMINARY LOCAL CLIMATOLOGICAL DATA (WS FORM: F-6)

                                          STATION:   DODGE CITY KS
                                          MONTH:     JANUARY
                                          YEAR:      2015
                                          LATITUDE:   37 46 N
                                          LONGITUDE:  99 58 W

  TEMPERATURE IN F:       :PCPN:    SNOW:  WIND      :SUNSHINE: SKY     :PK WND
================================================================================
1   2   3   4   5  6A  6B    7    8   9   10  11  12  13   14  15   16   17  18
                                     12Z  AVG MX 2MIN
DY MAX MIN AVG DEP HDD CDD  WTR  SNW DPTH SPD SPD DIR MIN PSBL S-S WX    SPD DR
================================================================================

 1  28  12  20 -12  45   0 0.00  0.0    1  6.5 12 220   M    M   5        14 220
 2  32  10  21 -11  44   0 0.00  0.0    1  6.4 14 310   M    M   0        16 300
 3  33  11  22 -10  43   0 0.23  3.3    T 14.4 39 360   M    M   8 18     48 350
 4  16   2   9 -23  56   0 0.00  0.0    0 10.7 29 340   M    M   1 8      43 320
 5  37   6  22 -10  43   0 0.00  0.0    0 12.3 30 180   M    M   2        36 190
 6  35  18  27  -5  38   0 0.00  0.0    T  8.4 18  50   M    M   0        23  20
 7  24   7  16 -16  49   0    T    T    T 17.6 35  30   M    M   5        43  20
 8  46  10  28  -4  37   0 0.00  0.0    0 18.4 32  20   M    M   2        39 190
 9  27  19  23  -9  42   0 0.00  0.0    T 11.8 28  10   M    M  10        34  20
10  45  20  33   1  32   0 0.00  0.0    T 18.6 33 200   M    M   1        42 200
11  33  21  27  -5  38   0 0.00  0.0    T  7.7 26  20   M    M   4 128    31  20
12  26  14  20 -12  45   0 0.00  0.0    0 15.5 26  20   M    M   5 18     33 360
13  31  17  24  -8  41   0 0.00  0.0    T  7.8 13 170   M    M   8        19 190
14  42  22  32   0  33   0 0.00  0.0    T  6.2 13 320   M    M   7        15 320
15  55  24  40   8  25   0 0.00  0.0    T 10.7 20 350   M    M   0        23 350
16  65  26  46  14  19   0 0.00  0.0    0 13.1 22 210   M    M   0        26 210
17  57  30  44  12  21   0 0.00  0.0    0 13.7 30 350   M    M   0        37 350
18  66  25  46  14  19   0 0.00  0.0    0 11.2 22 290   M    M   0        29 250
19  72  31  52  20  13   0 0.00  0.0    0  9.9 22  10   M    M   0        26 360
20  47  32  40   8  25   0 0.06  0.0    0  8.5 15 290   M    M   7 1      17 300
21  41  30  36   4  29   0 0.00  0.0    0  6.9 15  20   M    M   9        17  30
22  42  21  32   0  33   0 0.00  0.0    0  6.5 14 260   M    M   1        17 260
23  54  15  35   3  30   0 0.00  0.0    0 11.8 20 320   M    M   0        25 320
24  61  30  46  14  19   0    T  0.0    0 13.5 25 300   M    M   2        33 300
25  56  29  43  11  22   0 0.00  0.0    0 17.1 32 350   M    M   1        42 320
26  73  31  52  19  13   0 0.00  0.0    0 12.8 23 350   M    M   0        30 350
27  80  37  59  26   6   0 0.00  0.0    0 11.6 22 220   M    M   0        28 230
================================================================================
SM 1224  550       860   0  0.29     3.3 309.6          M       78
================================================================================
AV 45.3 20.4                              11.5 FASTST   M    M   3    MAX(MPH)
                                 MISC ---->  # 39 360               # 48  350
================================================================================
NOTES:
# LAST OF SEVERAL OCCURRENCES

COLUMN 17 PEAK WIND IN M.P.H.

PRELIMINARY LOCAL CLIMATOLOGICAL DATA (WS FORM: F-6) , PAGE 2

                                          STATION:  DODGE CITY KS
                                          MONTH:    JANUARY
                                          YEAR:     2015
                                          LATITUDE:   37 46 N
                                          LONGITUDE:  99 58 W

[TEMPERATURE DATA]      [PRECIPITATION DATA]       SYMBOLS USED IN COLUMN 16

AVERAGE MONTHLY: 32.9   TOTAL FOR MONTH:   0.29    1 = FOG OR MIST
DPTR FM NORMAL:   0.8   DPTR FM NORMAL:   -0.20    2 = FOG REDUCING VISIBILITY
HIGHEST:    80 ON 27    GRTST 24HR  0.23 ON  3- 3      TO 1/4 MILE OR LESS
LOWEST:      2 ON  4                               3 = THUNDER
                        SNOW, ICE PELLETS, HAIL    4 = ICE PELLETS
                        TOTAL MONTH:   3.3 INCHES  5 = HAIL
                        GRTST 24HR   3.3 ON   M    6 = FREEZING RAIN OR DRIZZLE
                        GRTST DEPTH:   1 ON  2, 1  7 = DUSTSTORM OR SANDSTORM:
                                                       VSBY 1/2 MILE OR LESS
                                                   8 = SMOKE OR HAZE
[NO. OF DAYS WITH]      [WEATHER - DAYS WITH]      9 = BLOWING SNOW
                                                   X = TORNADO
MAX 32 OR BELOW:   7    0.01 INCH OR MORE:   2
MAX 90 OR ABOVE:   0    0.10 INCH OR MORE:   1
MIN 32 OR BELOW:  26    0.50 INCH OR MORE:   0
MIN  0 OR BELOW:   0    1.00 INCH OR MORE:   0

[HDD (BASE 65) ]
TOTAL THIS MO.   860    CLEAR  (SCALE 0-3)  17
DPTR FM NORMAL   -29    PTCLDY (SCALE 4-7)   6
TOTAL FM JUL 1  2790    CLOUDY (SCALE 8-10)  4
DPTR FM NORMAL  -113

[CDD (BASE 65) ]
TOTAL THIS MO.     0
DPTR FM NORMAL     0    [PRESSURE DATA]
TOTAL FM JAN 1     0    HIGHEST SLP M ON M
DPTR FM NORMAL     0    LOWEST  SLP 29.73 ON 17

[REMARKS]
