000
CXUS55 KALY 280710
CF6DDH
PRELIMINARY LOCAL CLIMATOLOGICAL DATA (WS FORM: F-6)

                                          STATION:   BENNINGTON VT
                                          MONTH:     FEBRUARY
                                          YEAR:      2017
                                          LATITUDE:   42 53 N
                                          LONGITUDE:  73 15 W

  TEMPERATURE IN F:       :PCPN:    SNOW:  WIND      :SUNSHINE: SKY     :PK WND
================================================================================
1   2   3   4   5  6A  6B    7    8   9   10  11  12  13   14  15   16   17  18
                                     12Z  AVG MX 2MIN
DY MAX MIN AVG DEP HDD CDD  WTR  SNW DPTH SPD SPD DIR MIN PSBL S-S WX    SPD DR
================================================================================

 1  37  25  31   9  34   0 0.01    M    M  4.6 18 270   M    M   9 1      29 250
 2  32  23  28   6  37   0    T    M    M  6.7 16 270   M    M   7        26 280
 3  25  18  22  -1  43   0 0.00    M    M  8.3 16 270   M    M   7        25 300
 4  27  12  20  -3  45   0 0.00    M    M  5.8 16 280   M    M   6        23 240
 5  37  15  26   3  39   0    T    M    M  5.7 18 290   M    M   6        27 240
 6  32  24  28   5  37   0 0.00    M    M  7.6 25 290   M    M   8        38 270
 7  34  26  30   7  35   0 0.40    M    M  7.7 25 130   M    M   9 16     36 140
 8  44  26  35  11  30   0 0.21    M    M  5.8 22 280   M    M   5 12     31 270
 9  28   2  15  -9  50   0 0.53    M    M  7.0 22 350   M    M   7 129    30 350
10  21  -9   6 -18  59   0    T    M    M  5.0 20 280   M    M   4 1      26 290
11  34  17  26   2  39   0 0.06    M    M  2.6 10 110   M    M   9 1      14 110
12  32  16  24   0  41   0    M    M    M  6.4 22 140   M    M   7 12     31 150
13  31  20  26   1  39   0    M    M    M  9.6 22 320   M    M   9 1      32 330
14  35   7  21  -4  44   0    T    M    M  1.3  9 210   M    M   6 18     13 240
15  40  31  36  11  29   0 0.04    M    M  4.3 14 260   M    M  10 1      21 280
16  31  19  25   0  40   0    T    M    M  9.3 16 280   M    M  10        27 260
17  32  11  22  -4  43   0 0.00    M    M  4.4 13 270   M    M   1        17 260
18  54  12  33   7  32   0 0.00    M    M  1.6 10 230   M    M   0        16 230
19  52  41  47  21  18   0 0.00  0.0    M  8.0 17 230   M    M   2        26 240
20  44  21  33   7  32   0 0.00  0.0    M  6.8 17 350   M    M   1        24 340
21  45  14  30   4  35   0 0.00  0.0    M  4.0 16 180   M    M   1        20 140
22  58  34  46  19  19   0    T    M    M  1.1  6 160   M    M   6         7 180
23  69  35  52  25  13   0 0.00    M    M  4.6 15 200   M    M   6        20 200
24  72  40  56  29   9   0 0.02    M    M  4.9 21 190   M    M   4 1      29 180
25  69  35  52  25  13   0 0.65    M    M 11.9 30 150   M    M   6 1      43 170
26  36  22  29   1  36   0    T    M    M  9.9 22 290   M    M   8        31 290
27  51  21  36   8  29   0 0.00    M    M  7.2 17 240   M    M   3        27 240
================================================================================
SM 1102  558       920   0  1.92     0.0 162.1          M      157
================================================================================
AV 40.8 20.7                               6.0 FASTST   M    M   6    MAX(MPH)
                                 MISC ---->  # 30 150               # 43  170
================================================================================
NOTES:
# LAST OF SEVERAL OCCURRENCES

COLUMN 17 PEAK WIND IN M.P.H.

PRELIMINARY LOCAL CLIMATOLOGICAL DATA (WS FORM: F-6) , PAGE 2

                                          STATION:  BENNINGTON VT
                                          MONTH:    FEBRUARY
                                          YEAR:     2017
                                          LATITUDE:   42 53 N
                                          LONGITUDE:  73 15 W

[TEMPERATURE DATA]      [PRECIPITATION DATA]       SYMBOLS USED IN COLUMN 16

AVERAGE MONTHLY: 30.7   TOTAL FOR MONTH:   1.92    1 = FOG OR MIST
DPTR FM NORMAL:   5.8   DPTR FM NORMAL:   -0.22    2 = FOG REDUCING VISIBILITY
HIGHEST:    72 ON 24    GRTST 24HR  0.65 ON 25-25      TO 1/4 MILE OR LESS
LOWEST:     -9 ON 10                               3 = THUNDER
                        SNOW, ICE PELLETS, HAIL    4 = ICE PELLETS
                        TOTAL MONTH:   0.0 INCH    5 = HAIL
                        GRTST 24HR     0.0         6 = FREEZING RAIN OR DRIZZLE
                        GRTST DEPTH:  M  ON   M    7 = DUSTSTORM OR SANDSTORM:
                                                       VSBY 1/2 MILE OR LESS
                                                   8 = SMOKE OR HAZE
[NO. OF DAYS WITH]      [WEATHER - DAYS WITH]      9 = BLOWING SNOW
                                                   X = TORNADO
MAX 32 OR BELOW:  10    0.01 INCH OR MORE:   8
MAX 90 OR ABOVE:   0    0.10 INCH OR MORE:   4
MIN 32 OR BELOW:  22    0.50 INCH OR MORE:   2
MIN  0 OR BELOW:   1    1.00 INCH OR MORE:   0

[HDD (BASE 65) ]
TOTAL THIS MO.   920    CLEAR  (SCALE 0-3)   6
DPTR FM NORMAL  -163    PTCLDY (SCALE 4-7)  14
TOTAL FM JUL 1  4514    CLOUDY (SCALE 8-10)  7
DPTR FM NORMAL  -700

[CDD (BASE 65) ]
TOTAL THIS MO.     0
DPTR FM NORMAL     0    [PRESSURE DATA]
TOTAL FM JAN 1     0    HIGHEST SLP M ON M
DPTR FM NORMAL     0    LOWEST  SLP 29.34 ON 15

[REMARKS]
