000
CXUS55 KALY 200710
CF6DDH
PRELIMINARY LOCAL CLIMATOLOGICAL DATA (WS FORM: F-6)

                                          STATION:   BENNINGTON VT
                                          MONTH:     OCTOBER
                                          YEAR:      2017
                                          LATITUDE:   42 53 N
                                          LONGITUDE:  73 15 W

  TEMPERATURE IN F:       :PCPN:    SNOW:  WIND      :SUNSHINE: SKY     :PK WND
================================================================================
1   2   3   4   5  6A  6B    7    8   9   10  11  12  13   14  15   16   17  18
                                     12Z  AVG MX 2MIN
DY MAX MIN AVG DEP HDD CDD  WTR  SNW DPTH SPD SPD DIR MIN PSBL S-S WX    SPD DR
================================================================================

 1  61  38  50  -3  15   0 0.00    M    M  2.1 10 280   M    M   4 12     14 260
 2  68  33  51  -1  14   0 0.00    M    M  1.4  9 290   M    M   1 12     11 290
 3  71  38  55   3  10   0 0.00    M    M  3.6 12 150   M    M   0 1      16 190
 4  77  40  59   7   6   0 0.00    M    M  3.5 10 220   M    M   2 1      15 220
 5  72  46  59   8   6   0 0.01    M    0  5.7 15 270   M    M   3        22 280
 6  63  45  54   3  11   0 0.13    M    M  0.9  7 350   M    M   8 1       9 250
 7  76  56  66  15   0   1    T    M    M  4.9 22 190   M    M   6 1      30 190
 8  80  58  69  19   0   4 0.29    M    M  8.6 25 180   M    M   6 1      38 180
 9  75  60  68  18   0   3 0.02    M    M  7.3 23 160   M    M   9 1      29 150
10  74  52  63  14   2   0 0.00    M    M  4.1 13 270   M    M   4 1      17 260
11  63  48  56   7   9   0    T    M    M  2.3 10  10   M    M   6 12     15 350
12  63  38  51   2  14   0    T    M    M  5.5 14 120   M    M   1        22  90
13  65  33  49   1  16   0 0.00    M    M  6.2 18 150   M    M   4        23 150
14  69  50  60  12   5   0 0.00    M    M  3.2 10 130   M    M   6 1      15 130
15  75  48  62  14   3   0 0.28    M    M  7.4 22 170   M    M   2 12     31 160
16  60  36  48   1  17   0 0.01    M    M  6.9 20 260   M    M   8        31 250
17  55  27  41  -6  24   0    T    M    M  1.9  9 200   M    M   0        12 210
18  69  33  51   4  14   0 0.00    M    M  1.5  9 260   M    M   1        12 270
19  73  38  56  10   9   0 0.00    M    M  5.4 17 210   M    M   0 1      21 210
================================================================================
SM 1309  817       175   8  0.74    M     82.4          M       71
================================================================================
AV 68.9 43.0                               4.3 FASTST   M    M   4    MAX(MPH)
                                 MISC ---->  # 25 180               # 38  180
================================================================================
NOTES:
# LAST OF SEVERAL OCCURRENCES

COLUMN 17 PEAK WIND IN M.P.H.

PRELIMINARY LOCAL CLIMATOLOGICAL DATA (WS FORM: F-6) , PAGE 2

                                          STATION:  BENNINGTON VT
                                          MONTH:    OCTOBER
                                          YEAR:     2017
                                          LATITUDE:   42 53 N
                                          LONGITUDE:  73 15 W

[TEMPERATURE DATA]      [PRECIPITATION DATA]       SYMBOLS USED IN COLUMN 16

AVERAGE MONTHLY: 56.0   TOTAL FOR MONTH:   0.74    1 = FOG OR MIST
DPTR FM NORMAL:   6.5   DPTR FM NORMAL:   -1.63    2 = FOG REDUCING VISIBILITY
HIGHEST:    80 ON  8    GRTST 24HR  0.29 ON  8- 8      TO 1/4 MILE OR LESS
LOWEST:     27 ON 17                               3 = THUNDER
                        SNOW, ICE PELLETS, HAIL    4 = ICE PELLETS
                        TOTAL MONTH:    M          5 = HAIL
                        GRTST 24HR    M  ON   M    6 = FREEZING RAIN OR DRIZZLE
                        GRTST DEPTH:   0           7 = DUSTSTORM OR SANDSTORM:
                                                       VSBY 1/2 MILE OR LESS
                                                   8 = SMOKE OR HAZE
[NO. OF DAYS WITH]      [WEATHER - DAYS WITH]      9 = BLOWING SNOW
                                                   X = TORNADO
MAX 32 OR BELOW:   0    0.01 INCH OR MORE:   6
MAX 90 OR ABOVE:   0    0.10 INCH OR MORE:   3
MIN 32 OR BELOW:   1    0.50 INCH OR MORE:   0
MIN  0 OR BELOW:   0    1.00 INCH OR MORE:   0

[HDD (BASE 65) ]
TOTAL THIS MO.   175    CLEAR  (SCALE 0-3)   9
DPTR FM NORMAL  -121    PTCLDY (SCALE 4-7)   9
TOTAL FM JUL 1   378    CLOUDY (SCALE 8-10)  1
DPTR FM NORMAL  -196

[CDD (BASE 65) ]
TOTAL THIS MO.     8
DPTR FM NORMAL     8    [PRESSURE DATA]
TOTAL FM JAN 1   391    HIGHEST SLP M ON M
DPTR FM NORMAL    80    LOWEST  SLP 29.64 ON 15

[REMARKS]
