000
CXUS55 KALY 200710
CF6DDH
PRELIMINARY LOCAL CLIMATOLOGICAL DATA (WS FORM: F-6)

                                          STATION:   BENNINGTON VT
                                          MONTH:     FEBRUARY
                                          YEAR:      2018
                                          LATITUDE:   42 53 N
                                          LONGITUDE:  73 15 W

  TEMPERATURE IN F:       :PCPN:    SNOW:  WIND      :SUNSHINE: SKY     :PK WND
================================================================================
1   2   3   4   5  6A  6B    7    8   9   10  11  12  13   14  15   16   17  18
                                     12Z  AVG MX 2MIN
DY MAX MIN AVG DEP HDD CDD  WTR  SNW DPTH SPD SPD DIR MIN PSBL S-S WX    SPD DR
================================================================================

 1  42  27  35  13  30   0 0.03    M    M  4.2 13 230   M    M   8 18     19 230
 2  35   0  18  -4  47   0 0.19    M    M 11.0 25 280   M    M   5 12     38 300
 3  25  -7   9 -14  56   0 0.00    M    M  4.0 15 200   M    M   4 8      23 240
 4  40  25  33  10  32   0 0.44    M    M 10.0 28 180   M    M  10 1      38 180
 5  35  11  23   0  42   0 0.00    M    M  8.8 24 240   M    M   4 1      35 250
 6  29  12  21  -2  44   0    T    M    M  2.8 13 300   M    M   7 8      19 290
 7  33  10  22  -1  43   0 0.47    M    M  7.4 23 150   M    M   7 1268   31 150
 8  24   9  17  -7  48   0    T    M    M  5.5 13 280   M    M   5 8      18 270
 9  32   1  17  -7  48   0    T    M    M  3.6 13 200   M    M   7 18     17 200
10  47  32  40  16  25   0 0.30    M    M  4.1 20 180   M    M  10 1      29 180
11  48  30  39  15  26   0 0.30    M    M  3.8 20 280   M    M   9 126    27 300
12  42  20  31   7  34   0    T    M    M 10.4 21 280   M    M   3 1      29 270
13  30  13  22  -3  43   0 0.00    M    M  2.6 14 200   M    M   0        22 200
14  47  27  37  12  28   0 0.00    M    M  1.8  9 190   M    M   8        12 210
15  58  28  43  18  22   0 0.00    M    M  1.2  8 210   M    M   6 18     11 260
16  50  26  38  13  27   0 0.18    M    M  6.5 17 230   M    M   8 1      31 260
17  36  15  26   0  39   0 0.07    M    M  4.3 20 180   M    M   3 1      27 150
18  36  17  27   1  38   0 0.15    M    M  5.0 14 270   M    M   7 1      19 230
19  47  19  33   7  32   0 0.27    M    M  6.1 18 180   M    M   4 1      25 180
================================================================================
SM  736  315       704   0  2.40    M    103.1          M      115
================================================================================
AV 38.7 16.6                               5.4 FASTST   M    M   6    MAX(MPH)
                                 MISC ---->  # 28 180               # 38  300
================================================================================
NOTES:
# LAST OF SEVERAL OCCURRENCES

COLUMN 17 PEAK WIND IN M.P.H.

PRELIMINARY LOCAL CLIMATOLOGICAL DATA (WS FORM: F-6) , PAGE 2

                                          STATION:  BENNINGTON VT
                                          MONTH:    FEBRUARY
                                          YEAR:     2018
                                          LATITUDE:   42 53 N
                                          LONGITUDE:  73 15 W

[TEMPERATURE DATA]      [PRECIPITATION DATA]       SYMBOLS USED IN COLUMN 16

AVERAGE MONTHLY: 27.7   TOTAL FOR MONTH:   2.40    1 = FOG OR MIST
DPTR FM NORMAL:   3.6   DPTR FM NORMAL:    1.00    2 = FOG REDUCING VISIBILITY
HIGHEST:    58 ON 15    GRTST 24HR  0.47 ON  7- 7      TO 1/4 MILE OR LESS
LOWEST:     -7 ON  3                               3 = THUNDER
                        SNOW, ICE PELLETS, HAIL    4 = ICE PELLETS
                        TOTAL MONTH:    M          5 = HAIL
                        GRTST 24HR    M  ON   M    6 = FREEZING RAIN OR DRIZZLE
                        GRTST DEPTH:  M  ON   M    7 = DUSTSTORM OR SANDSTORM:
                                                       VSBY 1/2 MILE OR LESS
                                                   8 = SMOKE OR HAZE
[NO. OF DAYS WITH]      [WEATHER - DAYS WITH]      9 = BLOWING SNOW
                                                   X = TORNADO
MAX 32 OR BELOW:   5    0.01 INCH OR MORE:  10
MAX 90 OR ABOVE:   0    0.10 INCH OR MORE:   8
MIN 32 OR BELOW:  19    0.50 INCH OR MORE:   0
MIN  0 OR BELOW:   2    1.00 INCH OR MORE:   0

[HDD (BASE 65) ]
TOTAL THIS MO.   704    CLEAR  (SCALE 0-3)   3
DPTR FM NORMAL   -75    PTCLDY (SCALE 4-7)  12
TOTAL FM JUL 1  4609    CLOUDY (SCALE 8-10)  4
DPTR FM NORMAL  -301

[CDD (BASE 65) ]
TOTAL THIS MO.     0
DPTR FM NORMAL     0    [PRESSURE DATA]
TOTAL FM JAN 1     0    HIGHEST SLP M ON M
DPTR FM NORMAL     0    LOWEST  SLP 29.57 ON 16

[REMARKS]
