000
CXUS55 KBOU 270800
CF6DEN
PRELIMINARY LOCAL CLIMATOLOGICAL DATA (WS FORM: F-6)

                                          STATION:   DENVER CO
                                          MONTH:     MAY
                                          YEAR:      2015
                                          LATITUDE:   39 52 N
                                          LONGITUDE: 104 40 W

  TEMPERATURE IN F:       :PCPN:    SNOW:  WIND      :SUNSHINE: SKY     :PK WND
================================================================================
1   2   3   4   5  6A  6B    7    8   9   10  11  12  13   14  15   16   17  18
                                     12Z  AVG MX 2MIN
DY MAX MIN AVG DEP HDD CDD  WTR  SNW DPTH SPD SPD DIR MIN PSBL S-S WX    SPD DR
================================================================================

 1  64  47  56   4   9   0 0.02  0.0    0  6.7 20 330   M    M   8 13     23 320
 2  76  47  62  10   3   0    T  0.0    0 10.2 45 280   M    M   7 3      54 280
 3  74  49  62  10   3   0 0.01  0.0    0 11.7 28 340   M    M   8 3      34  10
 4  60  48  54   1  11   0 0.19  0.0    0  8.4 20  90   M    M   9 13     23  90
 5  56  47  52  -1  13   0 0.24  0.0    0 11.5 21 100   M    M  10 12     23 100
 6  65  47  56   2   9   0 0.20  0.0    0  7.6 26 320   M    M   9 13     34 310
 7  61  43  52  -2  13   0 0.12  0.0    0  8.1 18  40   M    M   9 1X     23  30
 8  51  47  49  -5  16   0 0.40  0.0    0 13.0 25 110   M    M  10 123    30 110
 9  51  27  39 -16  26   0 1.08  3.5    0 15.0 32 340   M    M  10 123    39 340
10  43  27  35 -20  30   0 0.07  0.5    4  9.5 25 340   M    M   9 1      29 330
11  55  30  43 -12  22   0 0.00  0.0    0  6.9 17 120   M    M   4        21 110
12  73  37  55  -1  10   0 0.06  0.0    0  9.0 26 160   M    M   6 3      33 200
13  62  47  55  -1  10   0    T  0.0    0 11.4 25  30   M    M   7        30  20
14  74  41  58   2   7   0 0.23  0.0    0 10.7 32 230   M    M   6 3      43 190
15  68  43  56  -1   9   0 0.01  0.0    0  7.2 25 270   M    M   8 38     36 270
16  64  44  54  -3  11   0    T  0.0    0  8.9 26 200   M    M   7 3      32 200
17  66  43  55  -3  10   0 0.00  0.0    0  8.3 17  50   M    M   7        23 220
18  57  42  50  -8  15   0 0.06  0.0    0  8.9 22 120   M    M  10 1      26 130
19  49  37  43 -15  22   0 0.68  0.0    0 15.2 28 100   M    M   9 128    34 100
20  44  35  40 -19  25   0 0.01  0.0    0  8.1 15  50   M    M  10 128    17  50
21  55  40  48 -11  17   0    T  0.0    0  8.2 20 150   M    M   9        24 150
22  58  46  52  -7  13   0 0.12  0.0    0  8.2 18 140   M    M   8 13     23 150
23  64  43  54  -6  11   0 0.22  0.0    0  6.0 26 230   M    M   8 123    34 220
24  61  40  51  -9  14   0 0.00  0.0    0  7.9 20  90   M    M   7        24 100
25  67  42  55  -5  10   0 0.00  0.0    0  7.3 23  70   M    M   7        26  70
26  71  46  59  -2   6   0    T  0.0    0  8.1 26 320   M    M   7 3      37 270
================================================================================
SM 1589 1085       345   0  3.72     4.0 242.0            M    209
================================================================================
AV 61.1 41.7                               9.3 FASTST            8    MAX(MPH)
                                 MISC ---->  # 45 280     M   M     # 54  280
================================================================================
NOTES: SUNSHINE DATA WILL NO LONGER BE AVAILABLE EFFECTIVE OCTOBER 1ST 2009.

# LAST OF SEVERAL OCCURRENCES

COLUMN 17 PEAK WIND IN M.P.H.

PRELIMINARY LOCAL CLIMATOLOGICAL DATA (WS FORM: F-6) , PAGE 2

                                          STATION:  DENVER CO
                                          MONTH:    MAY
                                          YEAR:     2015
                                          LATITUDE:   39 52 N
                                          LONGITUDE: 104 40 W

[TEMPERATURE DATA]      [PRECIPITATION DATA]       SYMBOLS USED IN COLUMN 16

AVERAGE MONTHLY: 51.4   TOTAL FOR MONTH:   3.72    1 = FOG OR MIST
DPTR FM NORMAL:  -4.8   DPTR FM NORMAL:    1.98    2 = FOG REDUCING VISIBILITY
HIGHEST:    76 ON  2    GRTST 24HR  1.18 ON  8- 9      TO 1/4 MILE OR LESS
LOWEST:     27 ON 10, 9                            3 = THUNDER
                        SNOW, ICE PELLETS, HAIL    4 = ICE PELLETS
                        TOTAL MONTH:   4.0 INCHES  5 = HAIL
                        GRTST 24HR   3.5 ON  9- 9  6 = FREEZING RAIN OR DRIZZLE
                        GRTST DEPTH:   4 ON 10     7 = DUSTSTORM OR SANDSTORM:
                                                       VSBY 1/2 MILE OR LESS
                                                   8 = SMOKE OR HAZE
[NO. OF DAYS WITH]      [WEATHER - DAYS WITH]      9 = BLOWING SNOW
                                                   X = TORNADO
MAX 32 OR BELOW:   0    0.01 INCH OR MORE:  17
MAX 90 OR ABOVE:   0    0.10 INCH OR MORE:  10
MIN 32 OR BELOW:   3    0.50 INCH OR MORE:   2
MIN  0 OR BELOW:   0    1.00 INCH OR MORE:   1

[HDD (BASE 65) ]
TOTAL THIS MO.   345    CLEAR  (SCALE 0-3)   0
DPTR FM NORMAL   105    PTCLDY (SCALE 4-7)  13
TOTAL FM JUL 1  5550    CLOUDY (SCALE 8-10) 13
DPTR FM NORMAL  -421

[CDD (BASE 65) ]
TOTAL THIS MO.     0
DPTR FM NORMAL   -11    [PRESSURE DATA]
TOTAL FM JAN 1     0    HIGHEST SLP M ON M
DPTR FM NORMAL   -12    LOWEST  SLP 29.49 ON 15

[REMARKS]
