000
CXUS55 KBOU 190758
CF6DEN
PRELIMINARY LOCAL CLIMATOLOGICAL DATA (WS FORM: F-6)

                                          STATION:   DENVER CO
                                          MONTH:     JANUARY
                                          YEAR:      2017
                                          LATITUDE:   39 52 N
                                          LONGITUDE: 104 40 W

  TEMPERATURE IN F:       :PCPN:    SNOW:  WIND      :SUNSHINE: SKY     :PK WND
================================================================================
1   2   3   4   5  6A  6B    7    8   9   10  11  12  13   14  15   16   17  18
                                     12Z  AVG MX 2MIN
DY MAX MIN AVG DEP HDD CDD  WTR  SNW DPTH SPD SPD DIR MIN PSBL S-S WX    SPD DR
================================================================================

 1  47  16  32   2  33   0 0.00  0.0    0  8.6 15 160   M    M   4        17 170
 2  52  15  34   4  31   0    T    T    T 12.5 29  40   M    M   5 1      33  40
 3  32  10  21  -9  44   0    T    T    T  8.3 15 110   M    M   7 18     17 110
 4  12   4   8 -22  57   0 0.10  1.5    T  8.7 21 350   M    M   9 12     23 350
 5   5  -2   2 -28  63   0 0.24  2.6    4  5.0 10 180   M    M   9 18     11 360
 6  20  -7   7 -23  58   0 0.00  0.0    3  9.0 16 170   M    M   3 18     18 220
 7  26   2  14 -17  51   0 0.00  0.0    3  6.9 16 160   M    M   5        17 200
 8  48  12  30  -1  35   0 0.00  0.0    2  9.5 21 150   M    M   7        25 340
 9  62  31  47  16  18   0 0.00  0.0    1 14.0 36 250   M    M   7        53 270
10  52  32  42  11  23   0 0.00  0.0    0 14.6 37 280   M    M   6        47 270
11  56  21  39   8  26   0 0.00  0.0    0 12.5 24 240   M    M   6        29 240
12  40  18  29  -2  36   0 0.00  0.0    0 10.9 24  70   M    M   8        29  70
13  39  18  29  -2  36   0    T    T    0  3.9 10 210   M    M   7 18     12 210
14  42  22  32   1  33   0 0.00  0.0    0  5.8 10 130   M    M   5 18     13 220
15  35  22  29  -2  36   0    T    T    0  5.7 12 270   M    M   9 18     12 270
16  35  27  31   0  34   0 0.20  2.2    T 10.6 23 340   M    M  10 1      27 330
17  46  17  32   1  33   0 0.00  0.0    2  7.7 15 170   M    M   1        16 170
18  52  21  37   6  28   0 0.00  0.0    1  8.4 15 220   M    M   2        19 220
================================================================================
SM  701  279       675   0  0.54     6.3 162.6            M    110
================================================================================
AV 38.9 15.5                               9.0 FASTST            6    MAX(MPH)
                                 MISC ---->  # 37 280     M   M     # 53  270
================================================================================
NOTES: SUNSHINE DATA WILL NO LONGER BE AVAILABLE EFFECTIVE OCTOBER 1ST 2009.

# LAST OF SEVERAL OCCURRENCES

COLUMN 17 PEAK WIND IN M.P.H.

PRELIMINARY LOCAL CLIMATOLOGICAL DATA (WS FORM: F-6) , PAGE 2

                                          STATION:  DENVER CO
                                          MONTH:    JANUARY
                                          YEAR:     2017
                                          LATITUDE:   39 52 N
                                          LONGITUDE: 104 40 W

[TEMPERATURE DATA]      [PRECIPITATION DATA]       SYMBOLS USED IN COLUMN 16

AVERAGE MONTHLY: 27.2   TOTAL FOR MONTH:   0.54    1 = FOG OR MIST
DPTR FM NORMAL:  -3.4   DPTR FM NORMAL:    0.30    2 = FOG REDUCING VISIBILITY
HIGHEST:    62 ON  9    GRTST 24HR  0.34 ON  4- 5      TO 1/4 MILE OR LESS
LOWEST:     -7 ON  6                               3 = THUNDER
                        SNOW, ICE PELLETS, HAIL    4 = ICE PELLETS
                        TOTAL MONTH:   6.3 INCHES  5 = HAIL
                        GRTST 24HR   2.6 ON  5- 5  6 = FREEZING RAIN OR DRIZZLE
                        GRTST DEPTH:   4 ON  5     7 = DUSTSTORM OR SANDSTORM:
                                                       VSBY 1/2 MILE OR LESS
                                                   8 = SMOKE OR HAZE
[NO. OF DAYS WITH]      [WEATHER - DAYS WITH]      9 = BLOWING SNOW
                                                   X = TORNADO
MAX 32 OR BELOW:   5    0.01 INCH OR MORE:   3
MAX 90 OR ABOVE:   0    0.10 INCH OR MORE:   3
MIN 32 OR BELOW:  18    0.50 INCH OR MORE:   0
MIN  0 OR BELOW:   2    1.00 INCH OR MORE:   0

[HDD (BASE 65) ]
TOTAL THIS MO.   675    CLEAR  (SCALE 0-3)   3
DPTR FM NORMAL    58    PTCLDY (SCALE 4-7)  11
TOTAL FM JUL 1  2717    CLOUDY (SCALE 8-10)  4
DPTR FM NORMAL  -368

[CDD (BASE 65) ]
TOTAL THIS MO.     0
DPTR FM NORMAL     0    [PRESSURE DATA]
TOTAL FM JAN 1     0    HIGHEST SLP M ON M
DPTR FM NORMAL     0    LOWEST  SLP 29.35 ON 11

[REMARKS]
