000
CXUS56 KOTX 161500
CF6DEW
PRELIMINARY LOCAL CLIMATOLOGICAL DATA (WS FORM: F-6)

                                          STATION:   DEER_PARK WA AIRPORT
                                          MONTH:     APRIL
                                          YEAR:      2014
                                          LATITUDE:   47 58 N
                                          LONGITUDE: 117 25 W

  TEMPERATURE IN F:       :PCPN:    SNOW:  WIND      :SUNSHINE: SKY     :PK WND
================================================================================
1   2   3   4   5  6A  6B    7    8   9   10  11  12  13   14  15   16   17  18
                                     12Z  AVG MX 2MIN
DY MAX MIN AVG DEP HDD CDD  WTR  SNW DPTH SPD SPD DIR MIN PSBL S-S WX    SPD DR
================================================================================

 1  60  25  43   1  22   0 0.00    M    M  7.3 14  40   M    M   0        18  20
 2  57  21  39  -3  26   0 0.00    M    M  4.7 18 240   M    M   3        21 240
 3  55  27  41  -2  24   0 0.00    M    M  8.3 22 190   M    M   3        26 200
 4  53  39  46   3  19   0 0.18    M    M  9.6 22 190   M    M   9 1      30 200
 5  55  32  44   1  21   0    T    M    M  9.0 22 220   M    M   7        28 210
 6  60  35  48   5  17   0 0.00    M    M  6.6 15 230   M    M   3        24 270
 7  64  31  48   5  17   0 0.00    M    M  4.8 14 190   M    M   2        19 200
 8  71  31  51   7  14   0 0.00    M    M  8.3 23 210   M    M   3        31 240
 9  60  32  46   2  19   0 0.00    M    M  8.3 24 240   M    M   1        30 250
10  60  25  43  -1  22   0 0.00    M    M  5.2 20 200   M    M   0        27 200
11  66  29  48   4  17   0 0.00    M    M  5.7 24 270   M    M   2 8      31 280
12  58  26  42  -2  23   0 0.01    M    M  6.7 24 340   M    M   3        31  40
13  58  24  41  -3  24   0 0.00    M    M  4.3 14  60   M    M   0        19  50
14  63  22  43  -1  22   0 0.00    M    M  4.5 16 200   M    M   1        19 190
15  60  34  47   2  18   0    T    M    M  7.3 25 330   M    M   4        31 330
================================================================================
SM  900  433       305   0  0.19    M    100.6          M       41
================================================================================
AV 60.0 28.9                               6.7 FASTST   M    M   3    MAX(MPH)
                                 MISC ---->  # 25 330               # 31  240
================================================================================
NOTES:
# LAST OF SEVERAL OCCURRENCES

COLUMN 17 PEAK WIND IN M.P.H.

PRELIMINARY LOCAL CLIMATOLOGICAL DATA (WS FORM: F-6) , PAGE 2

                                          STATION:  DEER_PARK WA AIRPORT
                                          MONTH:    APRIL
                                          YEAR:     2014
                                          LATITUDE:   47 58 N
                                          LONGITUDE: 117 25 W

[TEMPERATURE DATA]      [PRECIPITATION DATA]       SYMBOLS USED IN COLUMN 16

AVERAGE MONTHLY: 44.4   TOTAL FOR MONTH:   0.19    1 = FOG OR MIST
DPTR FM NORMAL:   1.0   DPTR FM NORMAL:   -0.74    2 = FOG REDUCING VISIBILITY
HIGHEST:    71 ON  8    GRTST 24HR  0.18 ON  4- 4      TO 1/4 MILE OR LESS
LOWEST:     21 ON  2                               3 = THUNDER
                        SNOW, ICE PELLETS, HAIL    4 = ICE PELLETS
                        TOTAL MONTH:    M          5 = HAIL
                        GRTST 24HR    M  ON   M    6 = FREEZING RAIN OR DRIZZLE
                        GRTST DEPTH:  M  ON   M    7 = DUSTSTORM OR SANDSTORM:
                                                       VSBY 1/2 MILE OR LESS
                                                   8 = SMOKE OR HAZE
[NO. OF DAYS WITH]      [WEATHER - DAYS WITH]      9 = BLOWING SNOW
                                                   X = TORNADO
MAX 32 OR BELOW:   0    0.01 INCH OR MORE:   2
MAX 90 OR ABOVE:   0    0.10 INCH OR MORE:   1
MIN 32 OR BELOW:  12    0.50 INCH OR MORE:   0
MIN  0 OR BELOW:   0    1.00 INCH OR MORE:   0

[HDD (BASE 65) ]
TOTAL THIS MO.   305    CLEAR  (SCALE 0-3)  11
DPTR FM NORMAL   -19    PTCLDY (SCALE 4-7)   3
TOTAL FM JUL 1  6557    CLOUDY (SCALE 8-10)  1
DPTR FM NORMAL    26

[CDD (BASE 65) ]
TOTAL THIS MO.     0
DPTR FM NORMAL     0    [PRESSURE DATA]
TOTAL FM JAN 1     0    HIGHEST SLP M ON M
DPTR FM NORMAL     0    LOWEST  SLP  0.00 ON M

[REMARKS]
