000
CXUS54 KFWD 280730
CF6DFW
PRELIMINARY LOCAL CLIMATOLOGICAL DATA (WS FORM: F-6)

                                          STATION:   DALLAS FORT WORTH
                                          MONTH:     APRIL
                                          YEAR:      2016
                                          LATITUDE:   32 54 N
                                          LONGITUDE:  97  2 W

  TEMPERATURE IN F:       :PCPN:    SNOW:  WIND      :SUNSHINE: SKY     :PK WND
================================================================================
1   2   3   4   5  6A  6B    7    8   9   10  11  12  13   14  15   16   17  18
                                     12Z  AVG MX 2MIN
DY MAX MIN AVG DEP HDD CDD  WTR  SNW DPTH SPD SPD DIR MIN PSBL S-S WX    SPD DR
================================================================================

 1  65  52  59  -3   6   0    T  0.0    0 13.2 23  20   M    M   7        28  40
 2  70  45  58  -4   7   0 0.00  0.0    0  8.8 17 340   M    M   0        27 330
 3  77  43  60  -2   5   0 0.00  0.0    0  9.6 18 220   M    M   0        23 230
 4  85  48  67   4   0   2 0.00  0.0    0  7.7 14 190   M    M   0        19 180
 5  86  55  71   8   0   6 0.00  0.0    0 12.6 26 190   M    M   3        32 190
 6  79  58  69   6   0   4 0.00  0.0    0 16.2 30 340   M    M   2        38 330
 7  86  51  69   6   0   4 0.00  0.0    0 11.1 21  20   M    M   5        25  20
 8  75  54  65   1   0   0 0.00  0.0    0  6.4 18  50   M    M   7        22  50
 9  71  55  63  -1   2   0 0.04  0.0    0  8.0 26 230   M    M   8        30 230
10  77  62  70   6   0   5 0.00  0.0    0 18.6 30 180   M    M   7        37 190
11  89  61  75  11   0  10 0.04  0.0    0 11.4 25  30   M    M   9 13     33 180
12  71  58  65   0   0   0 0.02  0.0    0 10.1 18  40   M    M   8        24  40
13  62  54  58  -7   7   0 0.01  0.0    0  8.9 16  10   M    M   9        19 100
14  76  57  67   2   0   2 0.00  0.0    0  5.5 12  30   M    M   7        14  20
15  75  54  65   0   0   0 0.00  0.0    0  7.1 17 120   M    M   4 1      20 130
16  81  64  73   7   0   8    T  0.0    0 17.9 25 120   M    M   9        35 120
17  71  62  67   1   0   2 1.60  0.0    0 12.8 28 120   M    M  10 13     35 120
18  75  64  70   4   0   5 0.79  0.0    0  8.4 24 110   M    M   9 13     31 110
19  78  63  71   5   0   6 0.00  0.0    0  3.6 10 110   M    M   8        13 120
20  74  61  68   1   0   3 1.12  0.0    0  7.1 24  10   M    M   8 13     31 360
21  80  61  71   4   0   6 0.18  0.0    0  9.7 25 330   M    M   5 13     31 330
22  82  57  70   3   0   5 0.00  0.0    0  7.1 16  20   M    M   1        23 320
23  82  57  70   2   0   5 0.00  0.0    0  7.3 17 180   M    M   4        23 160
24  79  63  71   3   0   6 0.00  0.0    0 16.1 28 170   M    M   7        33 170
25  86  68  77   9   0  12 0.00  0.0    0 16.1 24 190   M    M   7        30 180
26  85  63  74   6   0   9 0.73  0.0    0 17.4 31 270   M    M   8 13     41 270
27  82  62  72   3   0   7 0.00  0.0    0  9.1 20 290   M    M   3 13     24 280
================================================================================
SM 2099 1552        27 107  4.53     0.0 287.8          M      155
================================================================================
AV 77.7 57.5                              10.7 FASTST   M    M   6    MAX(MPH)
                                 MISC ---->  # 31 270               # 41  270
================================================================================
NOTES:
# LAST OF SEVERAL OCCURRENCES

COLUMN 17 PEAK WIND IN M.P.H.

PRELIMINARY LOCAL CLIMATOLOGICAL DATA (WS FORM: F-6) , PAGE 2

                                          STATION:  DALLAS FORT WORTH
                                          MONTH:    APRIL
                                          YEAR:     2016
                                          LATITUDE:   32 54 N
                                          LONGITUDE:  97  2 W

[TEMPERATURE DATA]      [PRECIPITATION DATA]       SYMBOLS USED IN COLUMN 16

AVERAGE MONTHLY: 67.6   TOTAL FOR MONTH:   4.53    1 = FOG OR MIST
DPTR FM NORMAL:   2.4   DPTR FM NORMAL:    1.85    2 = FOG REDUCING VISIBILITY
HIGHEST:    89 ON 11    GRTST 24HR  2.39 ON 17-18      TO 1/4 MILE OR LESS
LOWEST:     43 ON  3                               3 = THUNDER
                        SNOW, ICE PELLETS, HAIL    4 = ICE PELLETS
                        TOTAL MONTH:   0.0 INCH    5 = HAIL
                        GRTST 24HR     0.0         6 = FREEZING RAIN OR DRIZZLE
                        GRTST DEPTH:   0           7 = DUSTSTORM OR SANDSTORM:
                                                       VSBY 1/2 MILE OR LESS
                                                   8 = SMOKE OR HAZE
[NO. OF DAYS WITH]      [WEATHER - DAYS WITH]      9 = BLOWING SNOW
                                                   X = TORNADO
MAX 32 OR BELOW:   0    0.01 INCH OR MORE:   9
MAX 90 OR ABOVE:   0    0.10 INCH OR MORE:   5
MIN 32 OR BELOW:   0    0.50 INCH OR MORE:   4
MIN  0 OR BELOW:   0    1.00 INCH OR MORE:   2

[HDD (BASE 65) ]
TOTAL THIS MO.    27    CLEAR  (SCALE 0-3)   6
DPTR FM NORMAL   -53    PTCLDY (SCALE 4-7)  12
TOTAL FM JUL 1  1580    CLOUDY (SCALE 8-10)  9
DPTR FM NORMAL  -693

[CDD (BASE 65) ]
TOTAL THIS MO.   107
DPTR FM NORMAL    23    [PRESSURE DATA]
TOTAL FM JAN 1   148    HIGHEST SLP M ON M
DPTR FM NORMAL    25    LOWEST  SLP 29.50 ON 26

[REMARKS]
