000
CXUS55 KCYS 241000
CF6DGW
PRELIMINARY LOCAL CLIMATOLOGICAL DATA (WS FORM: F-6)

                                          STATION:   CONVERSE CO (DOUGLAS) WY ARPT
                                          MONTH:     SEPTEMBER
                                          YEAR:      2017
                                          LATITUDE:   42 46 N
                                          LONGITUDE: 105 22 W

  TEMPERATURE IN F:       :PCPN:    SNOW:  WIND      :SUNSHINE: SKY     :PK WND
================================================================================
1   2   3   4   5  6A  6B    7    8   9   10  11  12  13   14  15   16   17  18
                                     12Z  AVG MX 2MIN
DY MAX MIN AVG DEP HDD CDD  WTR  SNW DPTH SPD SPD DIR MIN PSBL S-S WX    SPD DR
================================================================================

 1  86  51  69   4   0   4 0.00    M    M  7.0 18 330   M    M   4 8      23 330
 2  91  45  68   3   0   3 0.00    M    M  4.3 15 320   M    M   3 18     19 330
 3  94  47  71   7   0   6 0.00    M    M  7.1 21  40   M    M   5 8      26  40
 4  75  42  59  -5   6   0 0.00    M    M  7.5 21 320   M    M   5 8      26 320
 5  73  37  55  -9  10   0 0.00    M    M  3.1 13 320   M    M   0        17 310
 6  79  33  56  -7   9   0 0.00    M    M  3.4 12 120   M    M   0        33 210
 7  85  43  64   2   1   0 0.00    M    M  5.8 14  70   M    M   0        16  70
 8  88  45  67   5   0   2 0.00    M    M  9.7 23 150   M    M   0        28 140
 9  92  52  72  10   0   7 0.00    M    M  6.4 21 240   M    M   0 8      30 250
10  90  59  75  14   0  10 0.00    M    M  9.4 28 290   M    M   1        36 300
11  91  50  71  10   0   6 0.00    M    M  6.2 17 190   M    M   0        20 180
12  93  52  73  13   0   8 0.00    M    M  5.8 18  80   M    M   0        22  80
13  89  49  69   9   0   4 0.00    M    M  7.1 32 280   M    M   1        39 280
14  81  49  65   6   0   0 0.07    M    M  8.6 26 360   M    M   4 38     34 360
15  62  46  54  -5  11   0 0.11    M    M 10.0 23 300   M    M   9 13     26 330
16  65  38  52  -6  13   0    T    M    M  7.8 30 280   M    M   6 13     38 280
17  74  32  53  -5  12   0 0.00    M    M  5.5 20 280   M    M   1 12     24 280
18  82  33  58   1   7   0 0.00    M    M  7.9 25 240   M    M   0        43 280
19  67  42  55  -2  10   0    T    M    M 16.5 43 300   M    M   3        51 280
20  72  40  56   0   9   0 0.00    M    M 13.9 38 280   M    M   2        49 280
21  87  44  66  10   0   1 0.00    M    M 13.8 24  20   M    M   0        33  20
22  59  34  47  -8  18   0 0.23    M    M 10.1 24 320   M    M   2 13     32 300
23  46  41  44 -11  21   0 0.23    M    M  7.8 18  80   M    M  10 1      23  80
================================================================================
SM 1821 1004       127  51  0.64    M    184.7          M       56
================================================================================
AV 79.2 43.7                               8.0 FASTST   M    M   2    MAX(MPH)
                                 MISC ---->  # 43 300               # 51  280
================================================================================
NOTES:
# LAST OF SEVERAL OCCURRENCES

COLUMN 17 PEAK WIND IN M.P.H.

PRELIMINARY LOCAL CLIMATOLOGICAL DATA (WS FORM: F-6) , PAGE 2

                                          STATION:  CONVERSE CO (DOUGLAS) WY ARPT
                                          MONTH:    SEPTEMBER
                                          YEAR:     2017
                                          LATITUDE:   42 46 N
                                          LONGITUDE: 105 22 W

[TEMPERATURE DATA]      [PRECIPITATION DATA]       SYMBOLS USED IN COLUMN 16

AVERAGE MONTHLY: 61.4   TOTAL FOR MONTH:   0.64    1 = FOG OR MIST
DPTR FM NORMAL:   1.3   DPTR FM NORMAL:   -0.31    2 = FOG REDUCING VISIBILITY
HIGHEST:    94 ON  3    GRTST 24HR  0.23 ON 23-23      TO 1/4 MILE OR LESS
LOWEST:     32 ON 17                               3 = THUNDER
                        SNOW, ICE PELLETS, HAIL    4 = ICE PELLETS
                        TOTAL MONTH:    M          5 = HAIL
                        GRTST 24HR    M  ON   M    6 = FREEZING RAIN OR DRIZZLE
                        GRTST DEPTH:  M  ON   M    7 = DUSTSTORM OR SANDSTORM:
                                                       VSBY 1/2 MILE OR LESS
                                                   8 = SMOKE OR HAZE
[NO. OF DAYS WITH]      [WEATHER - DAYS WITH]      9 = BLOWING SNOW
                                                   X = TORNADO
MAX 32 OR BELOW:   0    0.01 INCH OR MORE:   4
MAX 90 OR ABOVE:   6    0.10 INCH OR MORE:   3
MIN 32 OR BELOW:   1    0.50 INCH OR MORE:   0
MIN  0 OR BELOW:   0    1.00 INCH OR MORE:   0

[HDD (BASE 65) ]
TOTAL THIS MO.   127    CLEAR  (SCALE 0-3)  15
DPTR FM NORMAL   -16    PTCLDY (SCALE 4-7)   6
TOTAL FM JUL 1   140    CLOUDY (SCALE 8-10)  2
DPTR FM NORMAL   -44

[CDD (BASE 65) ]
TOTAL THIS MO.    51
DPTR FM NORMAL    24    [PRESSURE DATA]
TOTAL FM JAN 1   503    HIGHEST SLP M ON M
DPTR FM NORMAL    18    LOWEST  SLP 29.41 ON 19

[REMARKS]
