000
CXUS55 KCYS 290800
CF6DGW
PRELIMINARY LOCAL CLIMATOLOGICAL DATA (WS FORM: F-6)

                                          STATION:   CONVERSE CO (DOUGLAS) WY ARPT
                                          MONTH:     DECEMBER
                                          YEAR:      2014
                                          LATITUDE:   42 46 N
                                          LONGITUDE: 105 22 W

  TEMPERATURE IN F:       :PCPN:    SNOW:  WIND      :SUNSHINE: SKY     :PK WND
================================================================================
1   2   3   4   5  6A  6B    7    8   9   10  11  12  13   14  15   16   17  18
                                     12Z  AVG MX 2MIN
DY MAX MIN AVG DEP HDD CDD  WTR  SNW DPTH SPD SPD DIR MIN PSBL S-S WX    SPD DR
================================================================================

 1  50  14  32   6  33   0 0.00    M    M 17.5 36 260   M    M   2        48 260
 2  47  16  32   6  33   0    T    M    M 11.0 36 270   M    M   2        44 260
 3  42  15  29   3  36   0 0.00    M    M 11.3 22 150   M    M   1        27 140
 4  58  32  45  20  20   0 0.00    M    M  8.7 25 270   M    M   0        31 270
 5  53  22  38  13  27   0 0.00    M    M  4.5 13 310   M    M   2        16 300
 6  54  22  38  13  27   0 0.00    M    M  5.4 18 240   M    M   0        23 230
 7  53  16  35  11  30   0 0.00    M    M  8.1 26 300   M    M   0        33 300
 8  51  12  32   8  33   0 0.00    M    M  3.6 13 130   M    M   0 18     13 130
 9  57  19  38  14  27   0 0.00    M    M  5.2 25 290   M    M   0        31 290
10  60  21  41  17  24   0 0.00    M    M  1.8 13 290   M    M   0        15 300
11  63  13  38  14  27   0 0.00    M    M  3.6 16 210   M    M   0 1      21 200
12  69  33  51  27  14   0 0.00    M    M  4.3 16 280   M    M   0 8      22 270
13  55  27  41  17  24   0 0.00    M    M  3.7 17 300   M    M   1 8      20 290
14  37  27  32   8  33   0    T    M    M 17.1 28 340   M    M   9 18     36 340
15  29   5  17  -7  48   0    T    M    M 12.8 30 340   M    M   7 18     42 330
16  22   6  14 -10  51   0    T    M    M  1.2  7 300   M    M   7 12      8 300
17  41   5  23   0  42   0 0.00    M    M  1.7 13 290   M    M   0 18     16 300
18  38   3  21  -2  44   0 0.00    M    M  4.5 22 290   M    M   0        25 280
19  41  11  26   3  39   0 0.00    M    M  6.3 21 270   M    M   0        25 270
20  47  21  34  11  31   0 0.00    M    M  9.2 22 270   M    M   2        29 270
21  48  29  39  15  26   0 0.06    M    M 15.5 39 290   M    M   5 1      52 290
22  37  23  30   6  35   0    T    M    M 18.6 39 320   M    M   5        50 330
23  34  10  22  -2  43   0 0.00    M    M 17.4 41 330   M    M   7        56 330
24  46   9  28   4  37   0 0.00    M    M  8.4 25 280   M    M   2        33 280
25  43  17  30   6  35   0 0.01    M    M 10.4 24  20   M    M  10 1      90 210
26  18   6  12 -12  53   0    T    M    M  5.7 14 320   M    M   9 1      17 310
27  26  -5  11 -13  54   0 0.00    M    M  6.1 16 290   M    M   2 18     22 290
28  31  13  22  -2  43   0    T    M    M  8.6 22 290   M    M   5 1      27 290
================================================================================
SM 1250  442       969   0  0.07    M    232.2          M       78
================================================================================
AV 44.6 15.8                               8.3 FASTST   M    M   3    MAX(MPH)
                                 MISC ---->  # 41 330               # 90  210
================================================================================
NOTES:
# LAST OF SEVERAL OCCURRENCES

COLUMN 17 PEAK WIND IN M.P.H.

PRELIMINARY LOCAL CLIMATOLOGICAL DATA (WS FORM: F-6) , PAGE 2

                                          STATION:  CONVERSE CO (DOUGLAS) WY ARPT
                                          MONTH:    DECEMBER
                                          YEAR:     2014
                                          LATITUDE:   42 46 N
                                          LONGITUDE: 105 22 W

[TEMPERATURE DATA]      [PRECIPITATION DATA]       SYMBOLS USED IN COLUMN 16

AVERAGE MONTHLY: 30.2   TOTAL FOR MONTH:   0.07    1 = FOG OR MIST
DPTR FM NORMAL:   6.0   DPTR FM NORMAL:   -0.29    2 = FOG REDUCING VISIBILITY
HIGHEST:    69 ON 12    GRTST 24HR  0.06 ON 21-21      TO 1/4 MILE OR LESS
LOWEST:     -5 ON 27                               3 = THUNDER
                        SNOW, ICE PELLETS, HAIL    4 = ICE PELLETS
                        TOTAL MONTH:    M          5 = HAIL
                        GRTST 24HR    M  ON   M    6 = FREEZING RAIN OR DRIZZLE
                        GRTST DEPTH:  M  ON   M    7 = DUSTSTORM OR SANDSTORM:
                                                       VSBY 1/2 MILE OR LESS
                                                   8 = SMOKE OR HAZE
[NO. OF DAYS WITH]      [WEATHER - DAYS WITH]      9 = BLOWING SNOW
                                                   X = TORNADO
MAX 32 OR BELOW:   5    0.01 INCH OR MORE:   2
MAX 90 OR ABOVE:   0    0.10 INCH OR MORE:   0
MIN 32 OR BELOW:  27    0.50 INCH OR MORE:   0
MIN  0 OR BELOW:   1    1.00 INCH OR MORE:   0

[HDD (BASE 65) ]
TOTAL THIS MO.   969    CLEAR  (SCALE 0-3)  19
DPTR FM NORMAL  -175    PTCLDY (SCALE 4-7)   6
TOTAL FM JUL 1  2693    CLOUDY (SCALE 8-10)  3
DPTR FM NORMAL  -273

[CDD (BASE 65) ]
TOTAL THIS MO.     0
DPTR FM NORMAL     0    [PRESSURE DATA]
TOTAL FM JAN 1   401    HIGHEST SLP M ON M
DPTR FM NORMAL   -85    LOWEST  SLP 29.36 ON 25

[REMARKS]
