000
CXUS52 KTAE 290800
CF6DHN
PRELIMINARY LOCAL CLIMATOLOGICAL DATA (WS FORM: F-6)

                                          STATION:   DOTHAN
                                          MONTH:     MARCH
                                          YEAR:      2017
                                          LATITUDE:   31 19 N
                                          LONGITUDE:  85 27 W

  TEMPERATURE IN F:       :PCPN:    SNOW:  WIND      :SUNSHINE: SKY     :PK WND
================================================================================
1   2   3   4   5  6A  6B    7    8   9   10  11  12  13   14  15   16   17  18
                                     12Z  AVG MX 2MIN
DY MAX MIN AVG DEP HDD CDD  WTR  SNW DPTH SPD SPD DIR MIN PSBL S-S WX    SPD DR
================================================================================

 1  82  63  73  17   0   8 0.27  0.0    0 12.6 25 320   M    M   6 1      32 320
 2  64  46  55  -1  10   0 0.01  0.0    0 12.4 23  10   M    M   4 1      29  20
 3  67  37  52  -4  13   0 0.00  0.0    0  9.6 21 340   M    M   0        26 340
 4  67  37  52  -5  13   0 0.00  0.0    0  6.9 14  90   M    M   0        18  70
 5  71  46  59   2   6   0 0.00  0.0    0  6.7 17 130   M    M   2 8      23 120
 6  76  54  65   8   0   0 0.00  0.0    0 10.8 25 140   M    M   2        33 130
 7  77  55  66   9   0   1 0.25  0.0    0 10.6 20 150   M    M   4 18     24 160
 8  74  49  62   5   3   0 0.01    M    0  4.8 15  20   M    M   3 1      19 160
 9  79  43  61   3   4   0 0.00  0.0    0  4.0 12 220   M    M   0        16 220
10  76  53  65   7   0   0 0.15  0.0    0  9.4 24 320   M    M   1 13     30 320
11  69  45  57  -1   8   0 0.00  0.0    0  5.8 13 120   M    M   0        17 120
12  54  46  50  -8  15   0 0.17    M    0 10.3 17  90   M    M   9 1      24  70
13  48  45  47 -11  18   0 0.15  0.0    0  8.0 16 320   M    M  10 1      21 310
14  55  41  48 -10  17   0    T  0.0    0 15.1 23 330   M    M   8        29 310
15  52  32  42 -17  23   0 0.00  0.0    0 10.6 20 340   M    M   1        26  10
16  60  28  44 -15  21   0 0.00  0.0    0  3.4 14 330   M    M   1        16 320
17  72  36  54  -5  11   0 0.00  0.0    0  3.4 13 220   M    M   0        15 230
18  77  48  63   4   2   0 0.00  0.0    0  8.2 18 280   M    M   4        22 240
19  76  44  60   1   5   0 0.00  0.0    0 10.0 22 330   M    M   0        27 330
20  81  45  63   3   2   0 0.00  0.0    0  5.2 12 220   M    M   0        17 300
21  86  57  72  12   0   7 0.00  0.0    0  8.6 18 220   M    M   2 18     24 220
22  88  59  74  14   0   9 0.00  0.0    0  9.0 18  40   M    M   0 1      24  20
23  74  58  66   6   0   1 0.00  0.0    0 11.0 18 120   M    M   7        26  90
24  79  56  68   8   0   3 0.00  0.0    0  8.9 20 130   M    M   5        27 140
25  82  55  69   9   0   4 0.01  0.0    0 10.2 21 150   M    M   4        27 170
26  82  60  71  10   0   6 0.10  0.0    0  7.3 17 250   M    M   5 1      23 250
27  83  60  72  11   0   7 0.00  0.0    0  7.6 16 220   M    M   4 12     23 220
28  85  65  75  14   0  10 0.00  0.0    0  8.7 15 200   M    M   5 1      18 240
================================================================================
SM 2036 1363       171  56  1.12     0.0 239.1          M       87
================================================================================
AV 72.7 48.7                               8.5 FASTST   M    M   3    MAX(MPH)
                                 MISC ---->  # 25 320               # 33  130
================================================================================
NOTES:
# LAST OF SEVERAL OCCURRENCES

COLUMN 17 PEAK WIND IN M.P.H.

PRELIMINARY LOCAL CLIMATOLOGICAL DATA (WS FORM: F-6) , PAGE 2

                                          STATION:  DOTHAN
                                          MONTH:    MARCH
                                          YEAR:     2017
                                          LATITUDE:   31 19 N
                                          LONGITUDE:  85 27 W

[TEMPERATURE DATA]      [PRECIPITATION DATA]       SYMBOLS USED IN COLUMN 16

AVERAGE MONTHLY: 60.7   TOTAL FOR MONTH:   1.12    1 = FOG OR MIST
DPTR FM NORMAL:   2.2   DPTR FM NORMAL:   -4.01    2 = FOG REDUCING VISIBILITY
HIGHEST:    88 ON 22    GRTST 24HR  0.27 ON  1- 1      TO 1/4 MILE OR LESS
LOWEST:     28 ON 16                               3 = THUNDER
                        SNOW, ICE PELLETS, HAIL    4 = ICE PELLETS
                        TOTAL MONTH:   0.0 INCH    5 = HAIL
                        GRTST 24HR     0.0         6 = FREEZING RAIN OR DRIZZLE
                        GRTST DEPTH:   0           7 = DUSTSTORM OR SANDSTORM:
                                                       VSBY 1/2 MILE OR LESS
                                                   8 = SMOKE OR HAZE
[NO. OF DAYS WITH]      [WEATHER - DAYS WITH]      9 = BLOWING SNOW
                                                   X = TORNADO
MAX 32 OR BELOW:   0    0.01 INCH OR MORE:   9
MAX 90 OR ABOVE:   0    0.10 INCH OR MORE:   6
MIN 32 OR BELOW:   2    0.50 INCH OR MORE:   0
MIN  0 OR BELOW:   0    1.00 INCH OR MORE:   0

[HDD (BASE 65) ]
TOTAL THIS MO.   171    CLEAR  (SCALE 0-3)  14
DPTR FM NORMAL   -26    PTCLDY (SCALE 4-7)  12
TOTAL FM JUL 1  1030    CLOUDY (SCALE 8-10)  2
DPTR FM NORMAL  -726

[CDD (BASE 65) ]
TOTAL THIS MO.    56
DPTR FM NORMAL    29    [PRESSURE DATA]
TOTAL FM JAN 1    94    HIGHEST SLP M ON M
DPTR FM NORMAL    57    LOWEST  SLP 29.93 ON 13

[REMARKS]
