000
CXUS52 KTAE 280800
CF6DHN
PRELIMINARY LOCAL CLIMATOLOGICAL DATA (WS FORM: F-6)

                                          STATION:   DOTHAN
                                          MONTH:     MAY
                                          YEAR:      2017
                                          LATITUDE:   31 19 N
                                          LONGITUDE:  85 27 W

  TEMPERATURE IN F:       :PCPN:    SNOW:  WIND      :SUNSHINE: SKY     :PK WND
================================================================================
1   2   3   4   5  6A  6B    7    8   9   10  11  12  13   14  15   16   17  18
                                     12Z  AVG MX 2MIN
DY MAX MIN AVG DEP HDD CDD  WTR  SNW DPTH SPD SPD DIR MIN PSBL S-S WX    SPD DR
================================================================================

 1  78  60  69  -1   0   4 0.34  0.0    0 11.3 29 170   M    M   4 13     39 170
 2  85  53  69  -2   0   4 0.00  0.0    0  5.2 15 290   M    M   0        20 310
 3  88  58  73   2   0   8 0.00  0.0    0  5.5 16 220   M    M   1        21 170
 4  74  54  64  -7   1   0 0.89  0.0    0 11.8 25 280   M    M   7 1      33 290
 5  62  49  56 -16   9   0    T  0.0    0 13.7 25 300   M    M  10 1      32 310
 6  76  49  63  -9   2   0 0.00  0.0    0 10.6 20 290   M    M   0        26 290
 7  83  55  69  -3   0   4 0.00  0.0    0  6.8 18 310   M    M   0        25 300
 8  84  53  69  -3   0   4 0.00  0.0    0  3.9 13 350   M    M   0        16  20
 9  89  56  73   0   0   8 0.00  0.0    0  3.8 13 260   M    M   0        16 310
10  90  61  76   3   0  11 0.00  0.0    0  6.7 14 250   M    M   0        18 250
11  86  64  75   2   0  10 0.00  0.0    0  7.8 16 220   M    M   0        21 220
12  84  64  74   1   0   9 0.90  0.0    0  8.8 35 310   M    M   6 13     40 300
13  83  64  74   0   0   9 0.03  0.0    0  7.8 16 280   M    M   5 1      20 280
14  88  62  75   1   0  10 0.00  0.0    0  5.5 12 350   M    M   1        15  80
15  90  62  76   2   0  11 0.00  0.0    0  2.5 10  30   M    M   2        15  50
16  92  64  78   4   0  13 0.00  0.0    0  5.9 15 180   M    M   0        19 140
17  90  67  79   4   0  14 0.28  0.0    0  6.7 23 220   M    M   4 18     29 210
18  90  70  80   5   0  15    T  0.0    0  5.0 17 180   M    M   6 18     24 150
19  90  71  81   6   0  16 0.00  0.0    0  5.8 14  80   M    M   0        17 110
20  86  70  78   3   0  13 0.52  0.0    0  6.2 16 230   M    M   3 13     21 230
21  82  67  75  -1   0  10 1.03  0.0    0  5.4 30 330   M    M   2 13     37 330
22  86  70  78   2   0  13    T  0.0    0  5.2 13 210   M    M   4 1      20 220
23  79  71  75  -1   0  10 0.46  0.0    0  8.5 29 200   M    M   6 13     38 190
24  82  64  73  -3   0   8 0.10  0.0    0 11.8 25 290   M    M   5 13     33 280
25  79  58  69  -7   0   4 0.00  0.0    0 10.2 23 300   M    M   1        31 290
26  87  58  73  -4   0   8 0.00  0.0    0  4.7 13 240   M    M   0        17 220
27  88  62  75  -2   0  10 0.00  0.0    0  7.2 16 260   M    M   2        22 280
================================================================================
SM 2271 1656        12 226  4.55     0.0 194.3          M       69
================================================================================
AV 84.1 61.3                               7.2 FASTST   M    M   3    MAX(MPH)
                                 MISC ---->  # 35 310               # 40  300
================================================================================
NOTES:
# LAST OF SEVERAL OCCURRENCES

COLUMN 17 PEAK WIND IN M.P.H.

PRELIMINARY LOCAL CLIMATOLOGICAL DATA (WS FORM: F-6) , PAGE 2

                                          STATION:  DOTHAN
                                          MONTH:    MAY
                                          YEAR:     2017
                                          LATITUDE:   31 19 N
                                          LONGITUDE:  85 27 W

[TEMPERATURE DATA]      [PRECIPITATION DATA]       SYMBOLS USED IN COLUMN 16

AVERAGE MONTHLY: 72.7   TOTAL FOR MONTH:   4.55    1 = FOG OR MIST
DPTR FM NORMAL:  -1.1   DPTR FM NORMAL:    1.72    2 = FOG REDUCING VISIBILITY
HIGHEST:    92 ON 16    GRTST 24HR  1.03 ON 21-21      TO 1/4 MILE OR LESS
LOWEST:     49 ON  6, 5                            3 = THUNDER
                        SNOW, ICE PELLETS, HAIL    4 = ICE PELLETS
                        TOTAL MONTH:   0.0 INCH    5 = HAIL
                        GRTST 24HR     0.0         6 = FREEZING RAIN OR DRIZZLE
                        GRTST DEPTH:   0           7 = DUSTSTORM OR SANDSTORM:
                                                       VSBY 1/2 MILE OR LESS
                                                   8 = SMOKE OR HAZE
[NO. OF DAYS WITH]      [WEATHER - DAYS WITH]      9 = BLOWING SNOW
                                                   X = TORNADO
MAX 32 OR BELOW:   0    0.01 INCH OR MORE:   9
MAX 90 OR ABOVE:   6    0.10 INCH OR MORE:   8
MIN 32 OR BELOW:   0    0.50 INCH OR MORE:   4
MIN  0 OR BELOW:   0    1.00 INCH OR MORE:   1

[HDD (BASE 65) ]
TOTAL THIS MO.    12    CLEAR  (SCALE 0-3)  17
DPTR FM NORMAL     9    PTCLDY (SCALE 4-7)   9
TOTAL FM JUL 1  1064    CLOUDY (SCALE 8-10)  1
DPTR FM NORMAL  -779

[CDD (BASE 65) ]
TOTAL THIS MO.   226
DPTR FM NORMAL   -17    [PRESSURE DATA]
TOTAL FM JAN 1   533    HIGHEST SLP M ON M
DPTR FM NORMAL   169    LOWEST  SLP 29.53 ON 24

[REMARKS]
