000
CXUS54 KAMA 271015
CF6DHT
PRELIMINARY LOCAL CLIMATOLOGICAL DATA (WS FORM: F-6)

                                          STATION:   DALHART
                                          MONTH:     AUGUST
                                          YEAR:      2015
                                          LATITUDE:   36  1 N
                                          LONGITUDE: 102 33 W

  TEMPERATURE IN F:       :PCPN:    SNOW:  WIND      :SUNSHINE: SKY     :PK WND
================================================================================
1   2   3   4   5  6A  6B    7    8   9   10  11  12  13   14  15   16   17  18
                                     12Z  AVG MX 2MIN
DY MAX MIN AVG DEP HDD CDD  WTR  SNW DPTH SPD SPD DIR MIN PSBL S-S WX    SPD DR
================================================================================

 1  88  67  78   2   0  13    T  0.0    0 11.5 21 150   M    M   2        26 150
 2  93  69  81   5   0  16 0.00  0.0    0  8.6 17 170   M    M   1 1      22 170
 3  88  67  78   2   0  13 0.34  0.0    0 10.6 29 330   M    M   5 13     37 340
 4  91  62  77   1   0  12 0.83  0.0    0 10.2 24 300   M    M   2 13     30 290
 5  90  68  79   3   0  14 0.00  0.0    0  9.2 18  50   M    M   0 18     28  30
 6 103  68  86  10   0  21 0.00  0.0    0  5.7 13 140   M    M   2 128    15 150
 7  99  65  82   6   0  17 0.00  0.0    0 10.3 26 170   M    M   0        33 160
 8  96  65  81   5   0  16    T  0.0    0 10.8 25 160   M    M   1 3      31 170
 9  97  66  82   6   0  17    T  0.0    0 10.2 36 350   M    M   1        46 350
10  87  66  77   1   0  12 0.04  0.0    0 12.3 22  40   M    M   2 13     28  30
11  87  66  77   1   0  12 0.08  0.0    0  7.8 15 150   M    M   4 1      19 140
12  94  67  81   5   0  16 0.00  0.0    0  9.1 20 180   M    M   0 1      27 200
13  96  67  82   6   0  17 0.00  0.0    0  8.1 23 360   M    M   0        30 340
14  90  71  81   5   0  16 0.00  0.0    0  8.3 28 330   M    M   0        35 330
15  92  65  79   3   0  14 0.00  0.0    0  9.4 21 150   M    M   0 1      26 140
16  93  67  80   4   0  15 0.00  0.0    0 10.4 21 160   M    M   2 3      26 160
17  87  63  75   0   0  10 0.41  0.0    0 10.1 35 310   M    M   5 138    40 310
18  84  64  74  -1   0   9 0.02  0.0    0 12.5 29  40   M    M   1 138    36  40
19  74  58  66  -9   0   1    T  0.0    0 11.0 28  40   M    M   5 3      33  50
20  83  52  68  -7   0   3 0.00  0.0    0 12.4 26 200   M    M   1        32 200
21  90  60  75   0   0  10 0.00  0.0    0 10.5 23 160   M    M   0 18     30 160
22 101  60  81   6   0  16 0.00  0.0    0  9.2 31 360   M    M   0        40  10
23  78  63  71  -4   0   6 0.00  0.0    0 15.3 35  20   M    M   4 8      43  20
24  90  56  73  -1   0   8 0.00  0.0    0  8.8 18 190   M    M   0        28 160
25  94  58  76   2   0  11 0.00  0.0    0  9.5 17 200   M    M   0 18     23 220
26  96  60  78   4   0  13 0.00  0.0    0  8.6 18 180   M    M   0 18     25 190
================================================================================
SM 2361 1660         0 328  1.72     0.0 260.4          M       38
================================================================================
AV 90.8 63.8                              10.0 FASTST   M    M   1    MAX(MPH)
                                 MISC ---->  # 36 350               # 46  350
================================================================================
NOTES:
# LAST OF SEVERAL OCCURRENCES

COLUMN 17 PEAK WIND IN M.P.H.

PRELIMINARY LOCAL CLIMATOLOGICAL DATA (WS FORM: F-6) , PAGE 2

                                          STATION:  DALHART
                                          MONTH:    AUGUST
                                          YEAR:     2015
                                          LATITUDE:   36  1 N
                                          LONGITUDE: 102 33 W

[TEMPERATURE DATA]      [PRECIPITATION DATA]       SYMBOLS USED IN COLUMN 16

AVERAGE MONTHLY: 77.3   TOTAL FOR MONTH:   1.72    1 = FOG OR MIST
DPTR FM NORMAL:   1.8   DPTR FM NORMAL:   -0.79    2 = FOG REDUCING VISIBILITY
HIGHEST:   103 ON  6    GRTST 24HR  1.30 ON 31- 1      TO 1/4 MILE OR LESS
LOWEST:     52 ON 20                               3 = THUNDER
                        SNOW, ICE PELLETS, HAIL    4 = ICE PELLETS
                        TOTAL MONTH:   0.0 INCH    5 = HAIL
                        GRTST 24HR     0.0         6 = FREEZING RAIN OR DRIZZLE
                        GRTST DEPTH:   0           7 = DUSTSTORM OR SANDSTORM:
                                                       VSBY 1/2 MILE OR LESS
                                                   8 = SMOKE OR HAZE
[NO. OF DAYS WITH]      [WEATHER - DAYS WITH]      9 = BLOWING SNOW
                                                   X = TORNADO
MAX 32 OR BELOW:   0    0.01 INCH OR MORE:   6
MAX 90 OR ABOVE:  17    0.10 INCH OR MORE:   3
MIN 32 OR BELOW:   0    0.50 INCH OR MORE:   1
MIN  0 OR BELOW:   0    1.00 INCH OR MORE:   0

[HDD (BASE 65) ]
TOTAL THIS MO.     0    CLEAR  (SCALE 0-3)  21
DPTR FM NORMAL     0    PTCLDY (SCALE 4-7)   5
TOTAL FM JUL 1     0    CLOUDY (SCALE 8-10)  0
DPTR FM NORMAL    -1

[CDD (BASE 65) ]
TOTAL THIS MO.   328
DPTR FM NORMAL    53    [PRESSURE DATA]
TOTAL FM JAN 1  1149    HIGHEST SLP M ON M
DPTR FM NORMAL   197    LOWEST  SLP 29.65 ON 18

[REMARKS]
