000
CXUS53 KBIS 190830
CF6DIK
PRELIMINARY LOCAL CLIMATOLOGICAL DATA (WS FORM: F-6)

                                          STATION:   DICKINSON ND
                                          MONTH:     FEBRUARY
                                          YEAR:      2018
                                          LATITUDE:   46 47 N
                                          LONGITUDE: 102 48 W

  TEMPERATURE IN F:       :PCPN:    SNOW:  WIND      :SUNSHINE: SKY     :PK WND
================================================================================
1   2   3   4   5  6A  6B    7    8   9   10  11  12  13   14  15   16   17  18
                                     12Z  AVG MX 2MIN
DY MAX MIN AVG DEP HDD CDD  WTR  SNW DPTH SPD SPD DIR MIN PSBL S-S WX    SPD DR
================================================================================

 1   9  -8   1 -17  64   0 0.00    M    M  7.8 16 310   M    M   4        21 310
 2  28   6  17  -1  48   0 0.01    M    M  7.2 15 110   M    M   9 1      18 110
 3  17  -5   6 -12  59   0 0.06    M    M 14.0 21 330   M    M  10 18     26 340
 4   3 -18  -7 -25  72   0    T    M    M 11.1 22 320   M    M   2 8      27 320
 5   5 -16  -5 -23  70   0 0.00    M    M  9.9 20 320   M    M   3        24 320
 6  16 -14   1 -17  64   0    T    M    M 12.8 26 300   M    M   2        31 300
 7  15 -12   2 -17  63   0    T    M    M  6.1 13 250   M    M   6 18     15 250
 8   6  -5   1 -18  64   0 0.04    M    M  8.6 17  30   M    M   9 18     21  40
 9   0 -20 -10 -29  75   0 0.00    M    M 11.4 21 270   M    M   0 8      26 270
10   8 -11  -1 -20  66   0 0.00    M    M 17.4 25 260   M    M   1        30 280
11  13 -21  -4 -24  69   0    T    M    M 10.7 21 280   M    M   3 18     24 280
12   3 -21  -9 -29  74   0    T    M    M  7.5 14 190   M    M   5 18     18 180
13  29  -5  12  -8  53   0 0.00    M    M 18.4 28 260   M    M   0        33 260
14  42  25  34  14  31   0    T    M    M 13.5 21 230   M    M   1 1      25 270
15  31  -7  12  -8  53   0 0.02    M    M 14.0 24 320   M    M   6 18     29 300
16  27  -5  11 -10  54   0 0.00    M    M 13.8 25 240   M    M   2        31 250
17  23   9  16  -5  49   0    T    M    M 12.1 23 290   M    M   4 1      26 290
18  14   4   9 -12  56   0    T    M    M 14.8 25  30   M    M  10 18     30  30
================================================================================
SM  289 -124      1084   0  0.13    M    211.1          M       77
================================================================================
AV 16.1 -6.9                              11.7 FASTST   M    M   4    MAX(MPH)
                                 MISC ---->  # 28 260               # 33  260
================================================================================
NOTES:
# LAST OF SEVERAL OCCURRENCES

COLUMN 17 PEAK WIND IN M.P.H.

PRELIMINARY LOCAL CLIMATOLOGICAL DATA (WS FORM: F-6) , PAGE 2

                                          STATION:  DICKINSON ND
                                          MONTH:    FEBRUARY
                                          YEAR:     2018
                                          LATITUDE:   46 47 N
                                          LONGITUDE: 102 48 W

[TEMPERATURE DATA]      [PRECIPITATION DATA]       SYMBOLS USED IN COLUMN 16

AVERAGE MONTHLY:  4.6   TOTAL FOR MONTH:   0.13    1 = FOG OR MIST
DPTR FM NORMAL: -14.7   DPTR FM NORMAL:   -0.04    2 = FOG REDUCING VISIBILITY
HIGHEST:    42 ON 14    GRTST 24HR  0.06 ON  3- 3      TO 1/4 MILE OR LESS
LOWEST:    -21 ON 12,11                            3 = THUNDER
                        SNOW, ICE PELLETS, HAIL    4 = ICE PELLETS
                        TOTAL MONTH:    M          5 = HAIL
                        GRTST 24HR    M  ON   M    6 = FREEZING RAIN OR DRIZZLE
                        GRTST DEPTH:  M  ON   M    7 = DUSTSTORM OR SANDSTORM:
                                                       VSBY 1/2 MILE OR LESS
                                                   8 = SMOKE OR HAZE
[NO. OF DAYS WITH]      [WEATHER - DAYS WITH]      9 = BLOWING SNOW
                                                   X = TORNADO
MAX 32 OR BELOW:  17    0.01 INCH OR MORE:   4
MAX 90 OR ABOVE:   0    0.10 INCH OR MORE:   0
MIN 32 OR BELOW:  18    0.50 INCH OR MORE:   0
MIN  0 OR BELOW:  14    1.00 INCH OR MORE:   0

[HDD (BASE 65) ]
TOTAL THIS MO.  1084    CLEAR  (SCALE 0-3)   8
DPTR FM NORMAL   261    PTCLDY (SCALE 4-7)   6
TOTAL FM JUL 1  5990    CLOUDY (SCALE 8-10)  4
DPTR FM NORMAL   120

[CDD (BASE 65) ]
TOTAL THIS MO.     0
DPTR FM NORMAL     0    [PRESSURE DATA]
TOTAL FM JAN 1     0    HIGHEST SLP M ON M
DPTR FM NORMAL     0    LOWEST  SLP 29.63 ON 14

[REMARKS]
