000
CXUS53 KDLH 010627
CF6DLH
PRELIMINARY LOCAL CLIMATOLOGICAL DATA (WS FORM: F-6)

                                          STATION:   DULUTH MN
                                          MONTH:     SEPTEMBER
                                          YEAR:      2014
                                          LATITUDE:   46 49 N
                                          LONGITUDE:  92 11 W

  TEMPERATURE IN F:       :PCPN:    SNOW:  WIND      :SUNSHINE: SKY     :PK WND
================================================================================
1   2   3   4   5  6A  6B    7    8   9   10  11  12  13   14  15   16   17  18
                                     12Z  AVG MX 2MIN
DY MAX MIN AVG DEP HDD CDD  WTR  SNW DPTH SPD SPD DIR MIN PSBL S-S WX    SPD DR
================================================================================

 1  73  55  64   3   1   0 0.25  0.0    0  9.6 20 270   M    M   6 1      26 270
 2  76  51  64   3   1   0    T  0.0    0  9.2 23 260   M    M   2        30 240
 3  76  56  66   6   0   1    T  0.0    0  9.0 22 200   M    M   5 1      28 230
 4  76  59  68   8   0   3 0.15  0.0    0 11.2 30  60   M    M   6 13     38 100
 5  67  49  58  -2   7   0 0.00  0.0    0 12.1 23 310   M    M   5        34 300
 6  72  51  62   3   3   0 0.00  0.0    0 10.1 18 260   M    M   2        24 250
 7  77  54  66   7   0   1 0.00  0.0    0 12.0 21 210   M    M   2        26 220
 8  74  55  65   6   0   0 0.00  0.0    0 12.8 23 190   M    M   3        30 190
 9  73  54  64   6   1   0 0.04  0.0    0  6.9 13 250   M    M   7 13      M  M
10  53  44  49  -9  16   0 0.22  0.0    0 13.3 23  10   M    M   9 1      29  10
11  53  39  46 -12  19   0 0.01  0.0    0  6.0 16  20   M    M   7        19  20
12  50  34  42 -15  23   0 0.00  0.0    0  5.8 12 330   M    M   6        18 360
13  56  34  45 -12  20   0 0.00  0.0    0  7.4 17 190   M    M   6 1      23 190
14  59  44  52  -4  13   0 0.01  0.0    0 12.1 25 280   M    M   5        31 280
15  59  40  50  -6  15   0 0.00  0.0    0  9.3 18 300   M    M   3 1      25 330
16  69  44  57   1   8   0 0.00  0.0    0 13.5 24 260   M    M   2        28 270
17  70  45  58   3   7   0 0.00  0.0    0 10.8 21  70   M    M   5        24 100
18  53  42  48  -7  17   0 0.00  0.0    0 12.0 20 110   M    M   9 1      24 100
19  65  52  59   5   6   0 0.02  0.0    0 12.9 24 210   M    M   8 18     34 210
20  70  53  62   8   3   0 0.58  0.0    0 12.2 23 280   M    M   8 12     29 280
21  64  46  55   2  10   0 0.03  0.0    0  9.2 18 340   M    M   4 1      26  10
22  72  44  58   5   7   0 0.00  0.0    0  9.3 20 270   M    M   2 1      25 260
23  73  50  62  10   3   0 0.00  0.0    0  8.0 21 200   M    M   0        26 200
24  68  56  62  10   3   0    T  0.0    0  9.8 20 180   M    M   7        26 180
25  65  53  59   7   6   0 0.00  0.0    0  5.5 12 110   M    M   8 1      14 120
26  76  50  63  12   2   0 0.00  0.0    0  6.6 12 120   M    M   0 12     15 150
27  80  55  68  17   0   3 0.00  0.0    0  7.9 18 200   M    M   1        24 210
28  81  51  66  16   0   1 0.22  0.0    0 10.6 20 220   M    M   2 18     26 230
29  51  44  48  -2  17   0 0.11  0.0    0 10.1 17  90   M    M  10 18     23 100
30  49  42  46  -4  19   0 0.00  0.0    0 14.5 23 100   M    M  10 1      29 100
================================================================================
SM 2000 1446       227   9  1.64     0.0 299.7          M      150
================================================================================
AV 66.7 48.2                              10.0 FASTST   M    M   5    MAX(MPH)
                                 MISC ---->  # 30  60               # 38  100
================================================================================
NOTES:
# LAST OF SEVERAL OCCURRENCES

COLUMN 17 PEAK WIND IN M.P.H.

PRELIMINARY LOCAL CLIMATOLOGICAL DATA (WS FORM: F-6) , PAGE 2

                                          STATION:  DULUTH MN
                                          MONTH:    SEPTEMBER
                                          YEAR:     2014
                                          LATITUDE:   46 49 N
                                          LONGITUDE:  92 11 W

[TEMPERATURE DATA]      [PRECIPITATION DATA]       SYMBOLS USED IN COLUMN 16

AVERAGE MONTHLY: 57.4   TOTAL FOR MONTH:   1.64    1 = FOG OR MIST
DPTR FM NORMAL:   1.8   DPTR FM NORMAL:   -2.47    2 = FOG REDUCING VISIBILITY
HIGHEST:    81 ON 28    GRTST 24HR  0.61 ON 20-21      TO 1/4 MILE OR LESS
LOWEST:     34 ON 13,12                            3 = THUNDER
                        SNOW, ICE PELLETS, HAIL    4 = ICE PELLETS
                        TOTAL MONTH:   0.0 INCH    5 = HAIL
                        GRTST 24HR     0.0         6 = FREEZING RAIN OR DRIZZLE
                        GRTST DEPTH:   0           7 = DUSTSTORM OR SANDSTORM:
                                                       VSBY 1/2 MILE OR LESS
                                                   8 = SMOKE OR HAZE
[NO. OF DAYS WITH]      [WEATHER - DAYS WITH]      9 = BLOWING SNOW
                                                   X = TORNADO
MAX 32 OR BELOW:   0    0.01 INCH OR MORE:  11
MAX 90 OR ABOVE:   0    0.10 INCH OR MORE:   6
MIN 32 OR BELOW:   0    0.50 INCH OR MORE:   1
MIN  0 OR BELOW:   0    1.00 INCH OR MORE:   0

[HDD (BASE 65) ]
TOTAL THIS MO.   227    CLEAR  (SCALE 0-3)  10
DPTR FM NORMAL   -71    PTCLDY (SCALE 4-7)  15
TOTAL FM JUL 1   304    CLOUDY (SCALE 8-10)  5
DPTR FM NORMAL  -143

[CDD (BASE 65) ]
TOTAL THIS MO.     9
DPTR FM NORMAL    -5    [PRESSURE DATA]
TOTAL FM JAN 1   179    HIGHEST SLP M ON M
DPTR FM NORMAL   -25    LOWEST  SLP 29.58 ON 20

[REMARKS]
#FINAL-09-14#
