000
CXUS56 KTFX 231205
CF6DLN
PRELIMINARY LOCAL CLIMATOLOGICAL DATA (WS FORM: F-6)

                                          STATION:   DILLON AIRPORT MT
                                          MONTH:     SEPTEMBER
                                          YEAR:      2014
                                          LATITUDE:   45 15 N
                                          LONGITUDE: 112 33 W

  TEMPERATURE IN F:       :PCPN:    SNOW:  WIND      :SUNSHINE: SKY     :PK WND
================================================================================
1   2   3   4   5  6A  6B    7    8   9   10  11  12  13   14  15   16   17  18
                                     12Z  AVG MX 2MIN
DY MAX MIN AVG DEP HDD CDD  WTR  SNW DPTH SPD SPD DIR MIN PSBL S-S WX    SPD DR
================================================================================

 1  71  42  57  -3   8   0 0.00    M    0  7.4 18 280   M    M   2        23 230
 2  80  43  62   2   3   0 0.00    M    0 11.5 21 240   M    M   0        27 230
 3  69  42  56  -4   9   0 0.00    M    0 10.5 22 290   M    M   0 8      30 280
 4  63  34  49 -10  16   0 0.00    M    0  4.5 10 130   M    M   0 8      14 340
 5  70  32  51  -8  14   0 0.00    M    0  4.8 13 200   M    M   0 8      16  10
 6  77  33  55  -4  10   0 0.00    M    0  6.0 15 190   M    M   0 8      17 230
 7  83  41  62   4   3   0 0.00    M    0  8.7 10 200   M    M   0         M  M
 8  83  49  66   8   0   1 0.00    M    0 11.5 26 240   M    M   1 8      34 220
 9  65  41  53  -5  12   0 0.00    M    0 12.2 28  40   M    M   2 8      34  40
10  63  33  48  -9  17   0 0.00    M    0 11.4 33  40   M    M   7        40  40
11  50  27  39 -18  26   0 0.06    M    1  9.9 20  40   M    M   5 1      24  30
12  70  23  47  -9  18   0 0.00    M    0  6.3 14 170   M    M   0        17 190
13  64  29  47  -9  18   0 0.00    M    0  6.9 17  30   M    M   0        20  20
14  77  32  55  -1  10   0 0.00    M    0  6.9 14  60   M    M   0        17  40
15  81  36  59   4   6   0 0.00    M    0  6.5 21 260   M    M   0 8      25 250
16  80  45  63   8   2   0 0.00    M    0  8.2 18 130   M    M   2 8      22 130
17  83  47  65  11   0   0 0.00    M    0  7.3 17 310   M    M   1 8      23 310
18  73  49  61   7   4   0 0.05    M    0  6.8 18 200   M    M   3 3      22 200
19  76  46  61   7   4   0 0.00    M    0 11.7 23 250   M    M   0        27 250
20  77  41  59   6   6   0 0.00    M    0  5.1 12  60   M    M   0        13  70
21  77  39  58   5   7   0 0.00    M    0  5.2 10 210   M    M   0        13  50
22  66  52  59   7   6   0 0.01    M    0  5.0 14 250   M    M   7 8      17 240
================================================================================
SM 1598  856       199   1  0.12    M    174.3          M       30
================================================================================
AV 72.6 38.9                               7.9 FASTST   M    M   1    MAX(MPH)
                                 MISC ---->  # 33  40               # 40   40
================================================================================
NOTES:
# LAST OF SEVERAL OCCURRENCES

COLUMN 17 PEAK WIND IN M.P.H.

PRELIMINARY LOCAL CLIMATOLOGICAL DATA (WS FORM: F-6) , PAGE 2

                                          STATION:  DILLON AIRPORT MT
                                          MONTH:    SEPTEMBER
                                          YEAR:     2014
                                          LATITUDE:   45 15 N
                                          LONGITUDE: 112 33 W

[TEMPERATURE DATA]      [PRECIPITATION DATA]       SYMBOLS USED IN COLUMN 16

AVERAGE MONTHLY: 55.8   TOTAL FOR MONTH:   0.12    1 = FOG OR MIST
DPTR FM NORMAL:  -0.7   DPTR FM NORMAL:   -0.53    2 = FOG REDUCING VISIBILITY
HIGHEST:    83 ON 17, 8 GRTST 24HR  0.06 ON 11-11      TO 1/4 MILE OR LESS
LOWEST:     23 ON 12                               3 = THUNDER
                        SNOW, ICE PELLETS, HAIL    4 = ICE PELLETS
                        TOTAL MONTH:    M          5 = HAIL
                        GRTST 24HR    M  ON   M    6 = FREEZING RAIN OR DRIZZLE
                        GRTST DEPTH:   1 ON 11     7 = DUSTSTORM OR SANDSTORM:
                                                       VSBY 1/2 MILE OR LESS
                                                   8 = SMOKE OR HAZE
[NO. OF DAYS WITH]      [WEATHER - DAYS WITH]      9 = BLOWING SNOW
                                                   X = TORNADO
MAX 32 OR BELOW:   0    0.01 INCH OR MORE:   3
MAX 90 OR ABOVE:   0    0.10 INCH OR MORE:   0
MIN 32 OR BELOW:   5    0.50 INCH OR MORE:   0
MIN  0 OR BELOW:   0    1.00 INCH OR MORE:   0

[HDD (BASE 65) ]
TOTAL THIS MO.   199    CLEAR  (SCALE 0-3)  19
DPTR FM NORMAL     3    PTCLDY (SCALE 4-7)   3
TOTAL FM JUL 1   291    CLOUDY (SCALE 8-10)  0
DPTR FM NORMAL   -41

[CDD (BASE 65) ]
TOTAL THIS MO.     1
DPTR FM NORMAL    -6    [PRESSURE DATA]
TOTAL FM JAN 1   165    HIGHEST SLP M ON M
DPTR FM NORMAL    10    LOWEST  SLP 29.57 ON  3

[REMARKS]
