000
CXUS56 KTFX 301237
CF6DLN
PRELIMINARY LOCAL CLIMATOLOGICAL DATA (WS FORM: F-6)

                                          STATION:   DILLON AIRPORT MT
                                          MONTH:     JULY
                                          YEAR:      2016
                                          LATITUDE:   45 15 N
                                          LONGITUDE: 112 33 W

  TEMPERATURE IN F:       :PCPN:    SNOW:  WIND      :SUNSHINE: SKY     :PK WND
================================================================================
1   2   3   4   5  6A  6B    7    8   9   10  11  12  13   14  15   16   17  18
                                     12Z  AVG MX 2MIN
DY MAX MIN AVG DEP HDD CDD  WTR  SNW DPTH SPD SPD DIR MIN PSBL S-S WX    SPD DR
================================================================================

 1  88  51  70   7   0   5 0.00    M    0  7.6 14 210   M    M   0 3      18 230
 2  86  55  71   8   0   6 0.00    M    0  8.3 30 210   M    M   1        36 210
 3  81  53  67   3   0   2 0.13    M    0  7.4 43 280   M    M   2 38     55 280
 4  80  47  64   0   1   0 0.00    M    0 12.1 33 260   M    M   0        40 260
 5  78  45  62  -2   3   0 0.00    M    0  6.6 18 250   M    M   0        25 240
 6  73  44  59  -5   6   0 0.00    M    0 10.2 24 240   M    M   2        32 230
 7  78  38  58  -6   7   0 0.00    M    0  8.2 20 230   M    M   0        26 230
 8  86  50  68   3   0   3 0.08    M    0  6.5 37 230   M    M   1 3      48 220
 9  83  51  67   2   0   2 0.03    M    0  7.0 33 170   M    M   2        45 160
10  68  46  57  -8   8   0 0.59    M    0  8.9 28 290   M    M   7 13     38 250
11  64  44  54 -11  11   0 0.01    M    0 13.6 25 250   M    M   7        35 250
12  73  40  57  -9   8   0 0.00    M    0  8.0 36 280   M    M   3 3      49 280
13  73  45  59  -7   6   0 0.00    M    0  6.1 17 290   M    M   2        21 290
14  81  44  63  -3   2   0 0.00    M    0  6.3 13  30   M    M   0        15  10
15  85  44  65  -1   0   0 0.01    M    0  6.2 25 170   M    M   1 3      32 170
16  79  46  63  -3   2   0 0.00    M    0  7.2 15  40   M    M   0        21  40
17  83  46  65  -1   0   0 0.00    M    0  6.8 16  30   M    M   0        20  50
18  90  49  70   4   0   5 0.00    M    0  7.9 26 160   M    M   0 8      32 160
19  93  51  72   5   0   7 0.00    M    0  9.7 29 170   M    M   0        42 150
20  88  53  71   4   0   6 0.00    M    0  5.7 15  20   M    M   0        20  40
21  93  48  71   4   0   6 0.00    M    0  6.9 21 220   M    M   0        26 230
22  88  56  72   5   0   7 0.00    M    0 11.0 29 240   M    M   0 8      38 270
23  82  49  66  -1   0   1 0.00    M    0  7.3 15 360   M    M   0        17 360
24  87  44  66  -1   0   1 0.00    M    0  4.4 13  40   M    M   0 8      14  40
25  90  50  70   3   0   5    T    M    0  6.8 24 340   M    M   0        38 340
26  83  49  66  -1   0   1    T    M    0  7.2 32 310   M    M   0 38     44 310
27  89  47  68   1   0   3 0.04    M    0  7.5 24 120   M    M   1 38     29  30
28  88  50  69   2   0   4 0.00    M    0  5.4 12  40   M    M   0        15  20
29  90  48  69   2   0   4 0.00    M    0  6.8 12 110   M    M   0        17  10
================================================================================
SM 2400 1383        54  68  0.89    M    223.6          M       29
================================================================================
AV 82.8 47.7                               7.7 FASTST   M    M   1    MAX(MPH)
                                 MISC ---->  # 43 280               # 55  280
================================================================================
NOTES:
# LAST OF SEVERAL OCCURRENCES

COLUMN 17 PEAK WIND IN M.P.H.

PRELIMINARY LOCAL CLIMATOLOGICAL DATA (WS FORM: F-6) , PAGE 2

                                          STATION:  DILLON AIRPORT MT
                                          MONTH:    JULY
                                          YEAR:     2016
                                          LATITUDE:   45 15 N
                                          LONGITUDE: 112 33 W

[TEMPERATURE DATA]      [PRECIPITATION DATA]       SYMBOLS USED IN COLUMN 16

AVERAGE MONTHLY: 65.2   TOTAL FOR MONTH:   0.89    1 = FOG OR MIST
DPTR FM NORMAL:  -0.5   DPTR FM NORMAL:   -0.24    2 = FOG REDUCING VISIBILITY
HIGHEST:    93 ON 21,19 GRTST 24HR  0.62 ON  9-10      TO 1/4 MILE OR LESS
LOWEST:     38 ON  7                               3 = THUNDER
                        SNOW, ICE PELLETS, HAIL    4 = ICE PELLETS
                        TOTAL MONTH:    M          5 = HAIL
                        GRTST 24HR    M  ON   M    6 = FREEZING RAIN OR DRIZZLE
                        GRTST DEPTH:   0           7 = DUSTSTORM OR SANDSTORM:
                                                       VSBY 1/2 MILE OR LESS
                                                   8 = SMOKE OR HAZE
[NO. OF DAYS WITH]      [WEATHER - DAYS WITH]      9 = BLOWING SNOW
                                                   X = TORNADO
MAX 32 OR BELOW:   0    0.01 INCH OR MORE:   7
MAX 90 OR ABOVE:   5    0.10 INCH OR MORE:   2
MIN 32 OR BELOW:   0    0.50 INCH OR MORE:   1
MIN  0 OR BELOW:   0    1.00 INCH OR MORE:   0

[HDD (BASE 65) ]
TOTAL THIS MO.    54    CLEAR  (SCALE 0-3)  27
DPTR FM NORMAL     2    PTCLDY (SCALE 4-7)   2
TOTAL FM JUL 1    54    CLOUDY (SCALE 8-10)  0
DPTR FM NORMAL     2

[CDD (BASE 65) ]
TOTAL THIS MO.    68
DPTR FM NORMAL    -7    [PRESSURE DATA]
TOTAL FM JAN 1   109    HIGHEST SLP M ON M
DPTR FM NORMAL    17    LOWEST  SLP 29.59 ON 10

[REMARKS]
