678
CXUS56 KTFX 241205
CF6DLN
PRELIMINARY LOCAL CLIMATOLOGICAL DATA (WS FORM: F-6)

                                          STATION:   DILLON AIRPORT MT
                                          MONTH:     NOVEMBER
                                          YEAR:      2017
                                          LATITUDE:   45 15 N
                                          LONGITUDE: 112 33 W

  TEMPERATURE IN F:       :PCPN:    SNOW:  WIND      :SUNSHINE: SKY     :PK WND
================================================================================
1   2   3   4   5  6A  6B    7    8   9   10  11  12  13   14  15   16   17  18
                                     12Z  AVG MX 2MIN
DY MAX MIN AVG DEP HDD CDD  WTR  SNW DPTH SPD SPD DIR MIN PSBL S-S WX    SPD DR
================================================================================

 1  52  25  39   1  26   0 0.01    M    0 11.5 31 270   M    M   9 1      42 280
 2  30  24  27 -10  38   0 0.03    M    T  7.4 13  50   M    M  10 1      15  50
 3  29  22  26 -11  39   0 0.15    M    1  7.9 14  60   M    M   9 1      20 350
 4  30  14  22 -14  43   0 0.02    M    3  3.6  9 190   M    M   8 1      10  90
 5  32   7  20 -16  45   0 0.00    M    T  4.3 13 200   M    M   4        16 190
 6  18  12  15 -20  50   0 0.04    M    2  6.5 16  50   M    M  10 1      20  50
 7  25   9  17 -18  48   0    T    M    2  4.5 12 170   M    M   4 1      13 190
 8  36  21  29  -5  36   0 0.00    M    T  4.6 13 160   M    M   4        15 220
 9  45  26  36   2  29   0 0.00    M    0  6.0 17 200   M    M   8        22 230
10  49  27  38   5  27   0 0.05    M    0  5.4 16 240   M    M   7 1      23 240
11  45  25  35   2  30   0 0.02    M    0  4.5 15 240   M    M   6 1      18 240
12  41  22  32   0  33   0 0.00    M    0  4.4 12 130   M    M   2        12 130
13  55  27  41   9  24   0 0.00    M    0 11.4 24 170   M    M   1        34 170
14  41  22  32   1  33   0 0.05    M    0 11.4 25 230   M    M   4 1      31 240
15  42  18  30  -1  35   0 0.00    M    0  5.3 14 200   M    M   1        17 210
16  51  30  41  11  24   0 0.00    M    0 11.5 30 240   M    M   3        38 240
17  37  24  31   1  34   0 0.00    M    0 11.8 29 270   M    M   4        34 260
18  38  20  29   0  36   0 0.00    M    0 10.9 22 210   M    M   0        27 210
19  48  21  35   6  30   0 0.00    M    0 10.7 21 220   M    M   0        25 220
20  44  32  38  10  27   0 0.02    M    0 11.4 18 230   M    M   7        24 210
21  44  24  34   6  31   0 0.00    M    0  8.1 16 210   M    M   3 1      19 220
22  58  40  49  22  16   0 0.00    M    0 12.5 25 220   M    M   4        32 220
23  64  37  51  24  14   0 0.02    M    0 15.8 35 230   M    M   1        44 290
================================================================================
SM  954  529       748   0  0.41    M    191.4          M      109
================================================================================
AV 41.5 23.0                               8.3 FASTST   M    M   5    MAX(MPH)
                                 MISC ---->  # 35 230               # 44  290
================================================================================
NOTES:
# LAST OF SEVERAL OCCURRENCES

COLUMN 17 PEAK WIND IN M.P.H.

PRELIMINARY LOCAL CLIMATOLOGICAL DATA (WS FORM: F-6) , PAGE 2

                                          STATION:  DILLON AIRPORT MT
                                          MONTH:    NOVEMBER
                                          YEAR:     2017
                                          LATITUDE:   45 15 N
                                          LONGITUDE: 112 33 W

[TEMPERATURE DATA]      [PRECIPITATION DATA]       SYMBOLS USED IN COLUMN 16

AVERAGE MONTHLY: 32.2   TOTAL FOR MONTH:   0.41    1 = FOG OR MIST
DPTR FM NORMAL:  -0.0   DPTR FM NORMAL:    0.11    2 = FOG REDUCING VISIBILITY
HIGHEST:    64 ON 23    GRTST 24HR  0.15 ON  3- 3      TO 1/4 MILE OR LESS
LOWEST:      7 ON  5                               3 = THUNDER
                        SNOW, ICE PELLETS, HAIL    4 = ICE PELLETS
                        TOTAL MONTH:    M          5 = HAIL
                        GRTST 24HR    M  ON   M    6 = FREEZING RAIN OR DRIZZLE
                        GRTST DEPTH:   3 ON  4     7 = DUSTSTORM OR SANDSTORM:
                                                       VSBY 1/2 MILE OR LESS
                                                   8 = SMOKE OR HAZE
[NO. OF DAYS WITH]      [WEATHER - DAYS WITH]      9 = BLOWING SNOW
                                                   X = TORNADO
MAX 32 OR BELOW:   6    0.01 INCH OR MORE:  10
MAX 90 OR ABOVE:   0    0.10 INCH OR MORE:   1
MIN 32 OR BELOW:  21    0.50 INCH OR MORE:   0
MIN  0 OR BELOW:   0    1.00 INCH OR MORE:   0

[HDD (BASE 65) ]
TOTAL THIS MO.   748    CLEAR  (SCALE 0-3)   6
DPTR FM NORMAL    -5    PTCLDY (SCALE 4-7)  13
TOTAL FM JUL 1  1834    CLOUDY (SCALE 8-10)  4
DPTR FM NORMAL   -35

[CDD (BASE 65) ]
TOTAL THIS MO.     0
DPTR FM NORMAL     0    [PRESSURE DATA]
TOTAL FM JAN 1   290    HIGHEST SLP M ON M
DPTR FM NORMAL   134    LOWEST  SLP 29.50 ON  1

[REMARKS]
