000
CXUS55 KEAX 010736
CF6DMO
PRELIMINARY LOCAL CLIMATOLOGICAL DATA (WS FORM: F-6)

                                          STATION:   SEDALIA MO
                                          MONTH:     JANUARY
                                          YEAR:      2015
                                          LATITUDE:   38 42 N
                                          LONGITUDE:  93  6 W

  TEMPERATURE IN F:       :PCPN:    SNOW:  WIND      :SUNSHINE: SKY     :PK WND
================================================================================
1   2   3   4   5  6A  6B    7    8   9   10  11  12  13   14  15   16   17  18
                                     12Z  AVG MX 2MIN
DY MAX MIN AVG DEP HDD CDD  WTR  SNW DPTH SPD SPD DIR MIN PSBL S-S WX    SPD DR
================================================================================

 1  36  19  28  -4  37   0 0.00    M    M 11.2 21 220   M    M   4        27 220
 2  41  31  36   4  29   0 0.01    M    M  4.7 13 180   M    M  10 128    15 170
 3  40  35  38   6  27   0 0.32    M    M  5.0 14 300   M    M  10 12     18 300
 4  36  12  24  -7  41   0 0.01    M    M 16.1 26 310   M    M   5 1      36 310
 5  31  10  21 -10  44   0 0.00    M    M  7.5 17 150   M    M   2        22 220
 6  32  20  26  -5  39   0    T    M    M 11.1 26 310   M    M   2        33 300
 7  20   2  11 -20  54   0    T    M    M 15.8 29 350   M    M   3 1      37 340
 8  33   2  18 -13  47   0 0.00    M    M 15.7 31 220   M    M   3        40 240
 9  23  10  17 -14  48   0 0.00    M    M 12.2 23 330   M    M   0        30 320
10  39   6  23  -8  42   0 0.00    M    M 11.9 22 200   M    M   1        28 230
11  37  29  33   2  32   0 0.05    M    M  6.9 16 170   M    M   9 18     19 170
12  34  13  24  -7  41   0 0.00    M    M 14.0 24 350   M    M   3 1      27 350
13  28   6  17 -14  48   0 0.00    M    M  5.6 13 120   M    M   0        16  80
14  34  19  27  -4  38   0 0.00    M    M  5.7 10 210   M    M   8        14 230
15  49  23  36   5  29   0 0.00    M    M  7.8 15 250   M    M   0        20 240
16  58  25  42  11  23   0 0.00    M    M 11.6 21 210   M    M   0        28 210
17  55  39  47  16  18   0 0.00    M    M 15.2 25 300   M    M   0        36 220
18  60  32  46  15  19   0 0.00    M    M  8.4 15 220   M    M   0        19 210
19  62  28  45  13  20   0 0.00    M    M  4.7 12 210   M    M   0        14 210
20  50  36  43  11  22   0 0.00    M    M  8.1 13 270   M    M   1        16 260
21  49  31  40   8  25   0 0.00    M    M  9.7 21 310   M    M   1        27 320
22  41  26  34   2  31   0 0.00    M    M  7.2 15  20   M    M   6        19  10
23  43  20  32   0  33   0 0.00    M    M  5.8 15 220   M    M   0 18     20 240
24  56  30  43  11  22   0    T    M    M 10.7 21 260   M    M   1        29 260
25  48  33  41   9  24   0 0.13    M    M 14.9 26 350   M    M  10 1      35 340
26  55  28  42  10  23   0 0.00    M    M  9.8 23 280   M    M   2        31 230
27  53  34  44  12  21   0 0.00    M    M  5.7 12 320   M    M   0        17 300
28  69  36  53  21  12   0 0.00    M    M 15.6 25 180   M    M   0        32 190
29  58  30  44  12  21   0 0.00    M    M 19.1 30 320   M    M   8        37 330
30  41  23  32  -1  33   0 0.00    M    M  3.7 10  90   M    M   0        12 110
31  40  31  36   3  29   0 0.43    M    M  7.6 18 120   M    M   9 1      99 270
================================================================================
SM 1351  719       972   0  0.95    M    309.0          M       98
================================================================================
AV 43.6 23.2                              10.0 FASTST   M    M   3    MAX(MPH)
                                 MISC ---->  # 31 220               # 99  270
================================================================================
NOTES:
# LAST OF SEVERAL OCCURRENCES

COLUMN 17 PEAK WIND IN M.P.H.

PRELIMINARY LOCAL CLIMATOLOGICAL DATA (WS FORM: F-6) , PAGE 2

                                          STATION:  SEDALIA MO
                                          MONTH:    JANUARY
                                          YEAR:     2015
                                          LATITUDE:   38 42 N
                                          LONGITUDE:  93  6 W

[TEMPERATURE DATA]      [PRECIPITATION DATA]       SYMBOLS USED IN COLUMN 16

AVERAGE MONTHLY: 33.4   TOTAL FOR MONTH:   0.95    1 = FOG OR MIST
DPTR FM NORMAL:   1.7   DPTR FM NORMAL:   -0.72    2 = FOG REDUCING VISIBILITY
HIGHEST:    69 ON 28    GRTST 24HR  0.43 ON 31-31      TO 1/4 MILE OR LESS
LOWEST:      2 ON  8, 7                            3 = THUNDER
                        SNOW, ICE PELLETS, HAIL    4 = ICE PELLETS
                        TOTAL MONTH:    M          5 = HAIL
                        GRTST 24HR    M  ON   M    6 = FREEZING RAIN OR DRIZZLE
                        GRTST DEPTH:  M  ON   M    7 = DUSTSTORM OR SANDSTORM:
                                                       VSBY 1/2 MILE OR LESS
                                                   8 = SMOKE OR HAZE
[NO. OF DAYS WITH]      [WEATHER - DAYS WITH]      9 = BLOWING SNOW
                                                   X = TORNADO
MAX 32 OR BELOW:   5    0.01 INCH OR MORE:   6
MAX 90 OR ABOVE:   0    0.10 INCH OR MORE:   3
MIN 32 OR BELOW:  25    0.50 INCH OR MORE:   0
MIN  0 OR BELOW:   0    1.00 INCH OR MORE:   0

[HDD (BASE 65) ]
TOTAL THIS MO.   972    CLEAR  (SCALE 0-3)  19
DPTR FM NORMAL   -62    PTCLDY (SCALE 4-7)   6
TOTAL FM JUL 1  2797    CLOUDY (SCALE 8-10)  6
DPTR FM NORMAL   -18

[CDD (BASE 65) ]
TOTAL THIS MO.     0
DPTR FM NORMAL     0    [PRESSURE DATA]
TOTAL FM JAN 1     0    HIGHEST SLP  0.00 ON M
DPTR FM NORMAL     0    LOWEST  SLP  0.00 ON M

[REMARKS]
#FINAL-01-15#
