000
CXUS54 KEWX 240910
CF6DRT
PRELIMINARY LOCAL CLIMATOLOGICAL DATA (WS FORM: F-6)

                                          STATION:   DEL RIO
                                          MONTH:     MAY
                                          YEAR:      2016
                                          LATITUDE:   29 22 N
                                          LONGITUDE: 100 55 W

  TEMPERATURE IN F:       :PCPN:    SNOW:  WIND      :SUNSHINE: SKY     :PK WND
================================================================================
1   2   3   4   5  6A  6B    7    8   9   10  11  12  13   14  15   16   17  18
                                     12Z  AVG MX 2MIN
DY MAX MIN AVG DEP HDD CDD  WTR  SNW DPTH SPD SPD DIR MIN PSBL S-S WX    SPD DR
================================================================================

 1  83  62  73  -2   0   8 1.08  0.0    0  8.5 28 350   M    M   8 18     33 360
 2  72  56  64 -12   1   0    T  0.0    0 10.0 20 320   M    M   7        27 330
 3  80  52  66 -10   0   1 0.00  0.0    0  5.3 14 160   M    M   1        17 160
 4  88  58  73  -3   0   8 0.00  0.0    0  3.6 12 350   M    M   0        15 100
 5  90  52  71  -5   0   6 0.00  0.0    0  5.7 14 130   M    M   0        23 120
 6  91  57  74  -3   0   9 0.00  0.0    0 11.1 24 140   M    M   0        29 100
 7  88  64  76  -1   0  11 0.00  0.0    0 14.1 24 140   M    M   0        32 130
 8  80  68  74  -3   0   9    T  0.0    0 15.4 28 150   M    M   2        33 150
 9  93  67  80   3   0  15 0.00  0.0    0  8.3 22 130   M    M   0        30 130
10  90  71  81   3   0  16 0.00  0.0    0  7.3 15 160   M    M   3 18     17 130
11  89  70  80   2   0  15 0.00  0.0    0 11.1 22 100   M    M   6 8      33 100
12  85  72  79   1   0  14    T  0.0    0  8.8 16 100   M    M   9 18     22 120
13  91  75  83   5   0  18 0.00  0.0    0  9.2 20 150   M    M   5        28 150
14  85  71  78   0   0  13 0.00  0.0    0  9.7 24 120   M    M   3        33 120
15  73  66  70  -9   0   5 0.14  0.0    0  9.9 17 130   M    M  10 1      22 120
16  87  65  76  -3   0  11 0.05  0.0    0 10.1 20 150   M    M   5 1      25 120
17  88  68  78  -1   0  13    T  0.0    0 11.2 25 170   M    M   2        36 350
18  75  67  71  -8   0   6 0.04  0.0    0  5.2 12  60   M    M   9 1      15  60
19  80  62  71  -9   0   6 0.17  0.0    0  5.8 17  90   M    M   8 1      21  20
20  84  66  75  -5   0  10 0.00  0.0    0 10.6 18 150   M    M   6        25 150
21  91  74  83   3   0  18    T  0.0    0 10.5 18 120   M    M   6 18     25 110
22  84  78  81   1   0  16 0.00  0.0    0 10.4 17 150   M    M   9 18     23 130
23  90  76  83   3   0  18    T  0.0    0 13.1 25 130   M    M   8 18     32 120
================================================================================
SM 1957 1517         1 246  1.48     0.0 214.9          M      107
================================================================================
AV 85.1 66.0                               9.3 FASTST   M    M   5    MAX(MPH)
                                 MISC ---->  # 28 350               # 36  350
================================================================================
NOTES:
# LAST OF SEVERAL OCCURRENCES

COLUMN 17 PEAK WIND IN M.P.H.

PRELIMINARY LOCAL CLIMATOLOGICAL DATA (WS FORM: F-6) , PAGE 2

                                          STATION:  DEL RIO
                                          MONTH:    MAY
                                          YEAR:     2016
                                          LATITUDE:   29 22 N
                                          LONGITUDE: 100 55 W

[TEMPERATURE DATA]      [PRECIPITATION DATA]       SYMBOLS USED IN COLUMN 16

AVERAGE MONTHLY: 75.5   TOTAL FOR MONTH:   1.48    1 = FOG OR MIST
DPTR FM NORMAL:  -2.4   DPTR FM NORMAL:   -0.51    2 = FOG REDUCING VISIBILITY
HIGHEST:    93 ON  9    GRTST 24HR  1.08 ON  1- 1      TO 1/4 MILE OR LESS
LOWEST:     52 ON  5, 3                            3 = THUNDER
                        SNOW, ICE PELLETS, HAIL    4 = ICE PELLETS
                        TOTAL MONTH:   0.0 INCH    5 = HAIL
                        GRTST 24HR     0.0         6 = FREEZING RAIN OR DRIZZLE
                        GRTST DEPTH:   0           7 = DUSTSTORM OR SANDSTORM:
                                                       VSBY 1/2 MILE OR LESS
                                                   8 = SMOKE OR HAZE
[NO. OF DAYS WITH]      [WEATHER - DAYS WITH]      9 = BLOWING SNOW
                                                   X = TORNADO
MAX 32 OR BELOW:   0    0.01 INCH OR MORE:   5
MAX 90 OR ABOVE:   7    0.10 INCH OR MORE:   3
MIN 32 OR BELOW:   0    0.50 INCH OR MORE:   1
MIN  0 OR BELOW:   0    1.00 INCH OR MORE:   1

[HDD (BASE 65) ]
TOTAL THIS MO.     1    CLEAR  (SCALE 0-3)   9
DPTR FM NORMAL     1    PTCLDY (SCALE 4-7)  10
TOTAL FM JUL 1  1050    CLOUDY (SCALE 8-10)  4
DPTR FM NORMAL  -325

[CDD (BASE 65) ]
TOTAL THIS MO.   246
DPTR FM NORMAL   -53    [PRESSURE DATA]
TOTAL FM JAN 1   601    HIGHEST SLP M ON M
DPTR FM NORMAL   -27    LOWEST  SLP 29.67 ON  8

[REMARKS]
