000
CXUS53 KDMX 230920
CF6DSM
PRELIMINARY LOCAL CLIMATOLOGICAL DATA (WS FORM: F-6)

                                          STATION:   DES MOINES IA
                                          MONTH:     JANUARY
                                          YEAR:      2017
                                          LATITUDE:   41 31 N
                                          LONGITUDE:  93 39 W

  TEMPERATURE IN F:       :PCPN:    SNOW:  WIND      :SUNSHINE: SKY     :PK WND
================================================================================
1   2   3   4   5  6A  6B    7    8   9   10  11  12  13   14  15   16   17  18
                                     12Z  AVG MX 2MIN
DY MAX MIN AVG DEP HDD CDD  WTR  SNW DPTH SPD SPD DIR MIN PSBL S-S WX    SPD DR
================================================================================

 1  38  19  29   6  36   0 0.00  0.0    0  7.6 15 120   M    M   6        23 120
 2  38  34  36  13  29   0 0.01  0.0    0  8.1 15 120   M    M  10 18     20 110
 3  35  10  23   0  42   0    T    T    0 18.8 31 320   M    M   6 1      36 330
 4  15   5  10 -13  55   0    T  0.1    0 12.9 24 330   M    M   7        30 310
 5  12   4   8 -15  57   0    T    T    T 11.6 21 300   M    M   6        28 320
 6  16  -3   7 -16  58   0    T    T    T  8.1 16 320   M    M   3        20 310
 7  23   8  16  -6  49   0 0.00  0.0    0  6.2 15 330   M    M   4        20 320
 8  25   2  14  -8  51   0 0.00  0.0    0 10.7 22 150   M    M   6        27 150
 9  33  14  24   2  41   0 0.00  0.0    0  9.4 22 150   M    M   8        26 150
10  44  24  34  12  31   0 0.47    T    0 14.0 37 320   M    M   9 148    45 310
11  36  14  25   3  40   0    T    T    0 12.9 24  10   M    M   8        33  10
12  23  13  18  -4  47   0    T    T    0 10.0 20 320   M    M   8        24 320
13  25  12  19  -3  46   0 0.00  0.0    0  9.5 17  40   M    M  10        21  40
14  35  22  29   7  36   0 0.00  0.0    0  2.9  9 310   M    M   8        14 360
15  35  26  31   9  34   0 0.10  0.0    0  5.4 12 150   M    M  10 16     20 120
16  34  31  33  11  32   0 0.69  0.0    T  6.8 13  90   M    M  10 126    20 100
17  37  32  35  13  30   0    T  0.0    T 10.5 17 300   M    M  10 12     21 310
18  49  28  39  17  26   0 0.00  0.0    0 10.5 18 190   M    M   6 12     22 230
19  40  32  36  14  29   0 0.04  0.0    0  5.2 14 190   M    M  10 12     17 190
20  43  36  40  18  25   0 0.06  0.0    0  5.6 12  70   M    M  10 12     17 110
21  47  30  39  17  26   0 0.15  0.0    0  6.9 18 250   M    M   8 12     23 240
22  39  29  34  12  31   0    T  0.0    0  9.1 18 330   M    M  10 12     24 330
================================================================================
SM  722  422       851   0  1.52     0.1 202.7          M      173
================================================================================
AV 32.8 19.2                               9.2 FASTST   M    M   8    MAX(MPH)
                                 MISC ---->  # 37 320               # 45  310
================================================================================
NOTES:
# LAST OF SEVERAL OCCURRENCES

COLUMN 17 PEAK WIND IN M.P.H.

PRELIMINARY LOCAL CLIMATOLOGICAL DATA (WS FORM: F-6) , PAGE 2

                                          STATION:  DES MOINES IA
                                          MONTH:    JANUARY
                                          YEAR:     2017
                                          LATITUDE:   41 31 N
                                          LONGITUDE:  93 39 W

[TEMPERATURE DATA]      [PRECIPITATION DATA]       SYMBOLS USED IN COLUMN 16

AVERAGE MONTHLY: 26.0   TOTAL FOR MONTH:   1.52    1 = FOG OR MIST
DPTR FM NORMAL:   3.7   DPTR FM NORMAL:    0.83    2 = FOG REDUCING VISIBILITY
HIGHEST:    49 ON 18    GRTST 24HR  0.79 ON 15-16      TO 1/4 MILE OR LESS
LOWEST:     -3 ON  6                               3 = THUNDER
                        SNOW, ICE PELLETS, HAIL    4 = ICE PELLETS
                        TOTAL MONTH:   0.1 INCH    5 = HAIL
                        GRTST 24HR   0.1 ON   M    6 = FREEZING RAIN OR DRIZZLE
                        GRTST DEPTH:   0           7 = DUSTSTORM OR SANDSTORM:
                                                       VSBY 1/2 MILE OR LESS
                                                   8 = SMOKE OR HAZE
[NO. OF DAYS WITH]      [WEATHER - DAYS WITH]      9 = BLOWING SNOW
                                                   X = TORNADO
MAX 32 OR BELOW:   7    0.01 INCH OR MORE:   7
MAX 90 OR ABOVE:   0    0.10 INCH OR MORE:   4
MIN 32 OR BELOW:  20    0.50 INCH OR MORE:   1
MIN  0 OR BELOW:   1    1.00 INCH OR MORE:   0

[HDD (BASE 65) ]
TOTAL THIS MO.   851    CLEAR  (SCALE 0-3)   0
DPTR FM NORMAL   -87    PTCLDY (SCALE 4-7)  12
TOTAL FM JUL 1  2694    CLOUDY (SCALE 8-10) 10
DPTR FM NORMAL  -711

[CDD (BASE 65) ]
TOTAL THIS MO.     0
DPTR FM NORMAL     0    [PRESSURE DATA]
TOTAL FM JAN 1     0    HIGHEST SLP M ON M
DPTR FM NORMAL     0    LOWEST  SLP 29.31 ON 10

[REMARKS]
