000
CXUS53 KDTX 220800
CF6DTW
PRELIMINARY LOCAL CLIMATOLOGICAL DATA (WS FORM: F-6)

                                          STATION:   DETROIT MI
                                          MONTH:     JUNE
                                          YEAR:      2017
                                          LATITUDE:   42 13 N
                                          LONGITUDE:  83 20 W

  TEMPERATURE IN F:       :PCPN:    SNOW:  WIND      :SUNSHINE: SKY     :PK WND
================================================================================
1   2   3   4   5  6A  6B    7    8   9   10  11  12  13   14  15   16   17  18
                                     12Z  AVG MX 2MIN
DY MAX MIN AVG DEP HDD CDD  WTR  SNW DPTH SPD SPD DIR MIN PSBL S-S WX    SPD DR
================================================================================

 1  75  51  63  -2   2   0 0.00  0.0    0  7.0 18 300   M    M   3        23 300
 2  81  54  68   3   0   3 0.00  0.0    0  6.6 20 300   M    M   4        24 310
 3  77  55  66   0   0   1 0.00  0.0    0  4.6 13 170   M    M   7        16 170
 4  87  65  76  10   0  11 0.02  0.0    0  7.6 20 290   M    M   9        26 280
 5  71  56  64  -2   1   0    T  0.0    0 10.3 20  10   M    M   7        25 360
 6  69  52  61  -6   4   0 0.00  0.0    0 11.5 23  10   M    M   6        30  10
 7  74  53  64  -3   1   0 0.00  0.0    0 10.0 24  30   M    M   3        29  30
 8  76  51  64  -3   1   0 0.00  0.0    0  3.9 15 160   M    M   4        21 130
 9  78  56  67  -1   0   2 0.02  0.0    0  5.2 13 180   M    M   6        16 160
10  88  60  74   6   0   9 0.00  0.0    0 11.5 26 230   M    M   5        33 220
11  91  69  80  12   0  15 0.00  0.0    0 14.2 24 210   M    M   2        30 220
12  92  67  80  11   0  15 0.00  0.0    0 11.4 25 220   M    M   4        32 220
13  92  73  83  14   0  18 0.00  0.0    0  8.2 18  40   M    M   8        23  30
14  85  69  77   8   0  12    T  0.0    0  6.7 14 160   M    M   9        17 140
15  86  67  77   7   0  12 0.26  0.0    0  7.6 24 230   M    M   8 13     29 200
16  89  65  77   7   0  12 0.03  0.0    0  6.5 21 240   M    M   6        25 270
17  89  68  79   9   0  14 0.01  0.0    0 12.5 29 200   M    M   7 3      35 200
18  86  71  79   9   0  14 0.05  0.0    0 15.7 23 240   M    M   7 3      37 210
19  80  61  71   0   0   6 0.05  0.0    0 10.2 26 290   M    M   6 3      33 280
20  80  57  69  -2   0   4 0.01  0.0    0 11.4 28 320   M    M   6        34 320
21  78  56  67  -4   0   2 0.00  0.0    0  4.4 15 200   M    M   5 1      18 210
================================================================================
SM 1724 1276         9 150  0.45     0.0 187.0          M      122
================================================================================
AV 82.1 60.8                               8.9 FASTST   M    M   6    MAX(MPH)
                                 MISC ---->  # 29 200               # 37  210
================================================================================
NOTES:
# LAST OF SEVERAL OCCURRENCES

COLUMN 17 PEAK WIND IN M.P.H.

PRELIMINARY LOCAL CLIMATOLOGICAL DATA (WS FORM: F-6) , PAGE 2

                                          STATION:  DETROIT MI
                                          MONTH:    JUNE
                                          YEAR:     2017
                                          LATITUDE:   42 13 N
                                          LONGITUDE:  83 20 W

[TEMPERATURE DATA]      [PRECIPITATION DATA]       SYMBOLS USED IN COLUMN 16

AVERAGE MONTHLY: 71.4   TOTAL FOR MONTH:   0.45    1 = FOG OR MIST
DPTR FM NORMAL:   3.2   DPTR FM NORMAL:   -2.08    2 = FOG REDUCING VISIBILITY
HIGHEST:    92 ON 13,12 GRTST 24HR  0.26 ON 15-15      TO 1/4 MILE OR LESS
LOWEST:     51 ON  8, 1                            3 = THUNDER
                        SNOW, ICE PELLETS, HAIL    4 = ICE PELLETS
                        TOTAL MONTH:   0.0 INCH    5 = HAIL
                        GRTST 24HR     0.0         6 = FREEZING RAIN OR DRIZZLE
                        GRTST DEPTH:   0           7 = DUSTSTORM OR SANDSTORM:
                                                       VSBY 1/2 MILE OR LESS
                                                   8 = SMOKE OR HAZE
[NO. OF DAYS WITH]      [WEATHER - DAYS WITH]      9 = BLOWING SNOW
                                                   X = TORNADO
MAX 32 OR BELOW:   0    0.01 INCH OR MORE:   8
MAX 90 OR ABOVE:   3    0.10 INCH OR MORE:   1
MIN 32 OR BELOW:   0    0.50 INCH OR MORE:   0
MIN  0 OR BELOW:   0    1.00 INCH OR MORE:   0

[HDD (BASE 65) ]
TOTAL THIS MO.     9    CLEAR  (SCALE 0-3)   3
DPTR FM NORMAL   -24    PTCLDY (SCALE 4-7)  16
TOTAL FM JUL 1  5155    CLOUDY (SCALE 8-10)  2
DPTR FM NORMAL  -980

[CDD (BASE 65) ]
TOTAL THIS MO.   150
DPTR FM NORMAL    51    [PRESSURE DATA]
TOTAL FM JAN 1   196    HIGHEST SLP M ON M
DPTR FM NORMAL    49    LOWEST  SLP 29.59 ON 17

[REMARKS]
