000
CXUS53 KFGF 290915
CF6DVL
PRELIMINARY LOCAL CLIMATOLOGICAL DATA (WS FORM: F-6)

                                          STATION:   DEVIL`S LAKE
                                          MONTH:     DECEMBER
                                          YEAR:      2014
                                          LATITUDE:   48  7 N
                                          LONGITUDE:  98 54 W

  TEMPERATURE IN F:       :PCPN:    SNOW:  WIND      :SUNSHINE: SKY     :PK WND
================================================================================
1   2   3   4   5  6A  6B    7    8   9   10  11  12  13   14  15   16   17  18
                                     12Z  AVG MX 2MIN
DY MAX MIN AVG DEP HDD CDD  WTR  SNW DPTH SPD SPD DIR MIN PSBL S-S WX    SPD DR
================================================================================

 1   7 -13  -3   M  68   0 0.00  0.0    0 13.9 22 170   M    M   0        28 170
 2  16   0   8   M  57   0 0.00  0.0    0  9.4 18 290   M    M   1        23 290
 3  16   1   9   M  56   0 0.00  0.0    0 10.4 23 300   M    M   0        28 290
 4  21   7  14   M  51   0 0.00  0.0    0  5.0  9 180   M    M   0         M  M
 5  23   3  13   M  52   0 0.00  0.0    0  5.1 10 340   M    M   1         M  M
 6  25   1  13   M  52   0 0.00  0.0    0  9.4 20 160   M    M   5        25 160
 7  36  25  31   M  34   0 0.00  0.0    0 13.6 24 310   M    M   5        30 310
 8  25   7  16   M  49   0 0.00  0.0    0 14.9 24 330   M    M   8        29 300
 9  25   7  16   M  49   0 0.00  0.0    0 10.9 20 170   M    M   3        22 170
10  30  21  26   M  39   0 0.00  0.0    0 14.0 18 180   M    M   5        24 170
11  32  21  27   M  38   0 0.00  0.0    0 12.7 20 160   M    M   7        24 160
12  39  28  34   M  31   0 0.00  0.0    0 11.5 17 190   M    M   1        21 180
13  36  21  29   M  36   0 0.00  0.0    0  6.2 10 140   M    M   3         M  M
14  34  28  31   M  34   0 0.00  0.0    0 11.6 18 360   M    M  10        23 360
15  28   9  19   M  46   0 0.00  0.0    0 19.5 29 360   M    M   9        36 360
16  14   1   8   M  57   0 0.00  0.0    0  8.8 13 350   M    M   0         M  M
17  16  -2   7   M  58   0 0.00  0.0    0  2.3  6 120   M    M   0         M  M
18  21   3  12   M  53   0 0.00  0.0    0  9.2 13 160   M    M   7         M  M
19  28  21  25   M  40   0 0.00  0.0    0  6.8 13 160   M    M  10         M  M
20  27  21  24   M  41   0 0.00  0.0    0  5.5 12 180   M    M  10         M  M
21  30  16  23   M  42   0 0.00  0.0    0  9.1 15 150   M    M   7        17 140
22  41  30  36   M  29   0 0.00  0.0    0  9.1 14  40   M    M  10        18  20
23  32  25  29   M  36   0 0.00  0.0    0 15.3 20  10   M    M  10        23 360
24  30  21  26   M  39   0 0.00  0.0    0  9.9 17 180   M    M   7         M  M
25  27  16  22   M  43   0 0.00  0.0    0  8.9 13 330   M    M   9         M  M
26  21  -6   8   M  57   0 0.00  0.0    0  9.2 16 330   M    M   5         M  M
27  21  -4   9   M  56   0 0.00  0.0    0  7.3 17  30   M    M  10         M  M
28   5 -11  -3   M  68   0 0.00  0.0    0  6.1 12  60   M    M   5         M  M
================================================================================
SM  706  297      1311   0  0.00     0.0 275.6          M      148
================================================================================
AV 25.2 10.6                               9.8 FASTST   M    M   5    MAX(MPH)
                                 MISC ---->    29   M                 36    M
================================================================================
NOTES:
# LAST OF SEVERAL OCCURRENCES

COLUMN 17 PEAK WIND IN M.P.H.

PRELIMINARY LOCAL CLIMATOLOGICAL DATA (WS FORM: F-6) , PAGE 2

                                          STATION:  DEVIL`S LAKE
                                          MONTH:    DECEMBER
                                          YEAR:     2014
                                          LATITUDE:   48  7 N
                                          LONGITUDE:  98 54 W

[TEMPERATURE DATA]      [PRECIPITATION DATA]       SYMBOLS USED IN COLUMN 16

AVERAGE MONTHLY: 17.9   TOTAL FOR MONTH:   0.00    1 = FOG OR MIST
DPTR FM NORMAL:     M   DPTR FM NORMAL:       M    2 = FOG REDUCING VISIBILITY
HIGHEST:    41 ON 22    GRTST 24HR  0.00 ON 28-28      TO 1/4 MILE OR LESS
LOWEST:    -13 ON  1                               3 = THUNDER
                        SNOW, ICE PELLETS, HAIL    4 = ICE PELLETS
                        TOTAL MONTH:   0.0 INCH    5 = HAIL
                        GRTST 24HR     0.0         6 = FREEZING RAIN OR DRIZZLE
                        GRTST DEPTH:   0           7 = DUSTSTORM OR SANDSTORM:
                                                       VSBY 1/2 MILE OR LESS
                                                   8 = SMOKE OR HAZE
[NO. OF DAYS WITH]      [WEATHER - DAYS WITH]      9 = BLOWING SNOW
                                                   X = TORNADO
MAX 32 OR BELOW:  23    0.01 INCH OR MORE:   0
MAX 90 OR ABOVE:   0    0.10 INCH OR MORE:   0
MIN 32 OR BELOW:  28    0.50 INCH OR MORE:   0
MIN  0 OR BELOW:   6    1.00 INCH OR MORE:   0

[HDD (BASE 65) ]
TOTAL THIS MO.  1311    CLEAR  (SCALE 0-3)   8
DPTR FM NORMAL     M    PTCLDY (SCALE 4-7)  11
TOTAL FM JUL 1  3488    CLOUDY (SCALE 8-10)  9
DPTR FM NORMAL     M

[CDD (BASE 65) ]
TOTAL THIS MO.     0
DPTR FM NORMAL     M    [PRESSURE DATA]
TOTAL FM JAN 1   339    HIGHEST SLP M ON M
DPTR FM NORMAL     M    LOWEST  SLP M ON M

[REMARKS]
