000
CXUS55 KPSR 281005
CF6DVT
PRELIMINARY LOCAL CLIMATOLOGICAL DATA (WS FORM: F-6)

                                          STATION:   DEER VLY/PHOENIX AZ
                                          MONTH:     JULY
                                          YEAR:      2015
                                          LATITUDE:   33 41 N
                                          LONGITUDE: 112  4 W

  TEMPERATURE IN F:       :PCPN:    SNOW:  WIND      :SUNSHINE: SKY     :PK WND
================================================================================
1   2   3   4   5  6A  6B    7    8   9   10  11  12  13   14  15   16   17  18
                                     12Z  AVG MX 2MIN
DY MAX MIN AVG DEP HDD CDD  WTR  SNW DPTH SPD SPD DIR MIN PSBL S-S WX    SPD DR
================================================================================

 1 103  82  93   2   0  28 0.00  0.0    0 10.1 24 230   M    M   0        31 230
 2 105  83  94   3   0  29 0.00  0.0    0  9.1 20 220   M    M   0 3      26 230
 3  96  79  88  -3   0  23    T  0.0    0  6.6 25  20   M    M   1 3      32  20
 4 104  81  93   2   0  28 0.00  0.0    0  8.7 21 220   M    M   0        28 230
 5 101  82  92   1   0  27 0.00  0.0    0  6.7 25 170   M    M   1        31 170
 6 102  77  90  -2   0  25    T  0.0    0  4.7 18 340   M    M   1 3      25 250
 7 104  80  92   0   0  27 0.00  0.0    0  5.5 16 240   M    M   0        21 240
 8 105  79  92   0   0  27 0.00  0.0    0  8.2 24 240   M    M   1        30 230
 9  99  74  87  -5   0  22 0.00  0.0    0  8.9 23 240   M    M   0 8      29 240
10  99  70  85  -7   0  20 0.00  0.0    0  8.1 20 160   M    M   1        26 170
11 101  80  91  -1   0  26 0.00  0.0    0  6.4 20 150   M    M   2        26 190
12 102  75  89  -3   0  24 0.00  0.0    0  4.1 20 250   M    M   0        23 250
13 106  83  95   3   0  30 0.00  0.0    0  7.0 21 130   M    M   0        25 130
14 105  86  96   4   0  31 0.00  0.0    0  8.0 17 250   M    M   0        23 240
15 102  85  94   2   0  29 0.00  0.0    0  8.1 17 170   M    M   1        22 210
16 105  84  95   3   0  30 0.00  0.0    0  6.5 16 230   M    M   0        23 290
17 100  83  92   0   0  27    T  0.0    0  7.6 22 260   M    M   1        24 270
18  98  74  86  -6   0  21    M  0.0    0  7.1 24 230   M    M   2 8      30 230
19  95  75  85  -7   0  20    M  0.0    0  4.5 16 250   M    M   3        21 250
20  99  82  91  -1   0  26 0.00  0.0    0  6.3 17 230   M    M   0        21 270
21 103  80  92   0   0  27 0.00  0.0    0  4.9 17 240   M    M   0        28 180
22 102  82  92   0   0  27 0.00  0.0    0  6.2 16 230   M    M   0        21 220
23 101  80  91  -1   0  26 0.00  0.0    0  5.6 15 260   M    M   1        16 150
24 101  84  93   1   0  28 0.00  0.0    0  5.8 17 270   M    M   0        23 270
25 107  81  94   2   0  29 0.00  0.0    0  4.7 17 250   M    M   0        31 270
26 108  79  94   2   0  29 0.00  0.0    0  7.6 20 220   M    M   0        28 210
27 103  79  91  -1   0  26 0.00  0.0    0  5.4 15 240   M    M   0        23 240
================================================================================
SM 2756 2159         0 712    T      0.0 182.4          M       15
================================================================================
AV102.1 80.0                               6.8 FASTST   M    M   1    MAX(MPH)
                                 MISC ---->  # 25  20               # 32   20
================================================================================
NOTES:
# LAST OF SEVERAL OCCURRENCES

COLUMN 17 PEAK WIND IN M.P.H.

PRELIMINARY LOCAL CLIMATOLOGICAL DATA (WS FORM: F-6) , PAGE 2

                                          STATION:  DEER VLY/PHOENIX AZ
                                          MONTH:    JULY
                                          YEAR:     2015
                                          LATITUDE:   33 41 N
                                          LONGITUDE: 112  4 W

[TEMPERATURE DATA]      [PRECIPITATION DATA]       SYMBOLS USED IN COLUMN 16

AVERAGE MONTHLY: 91.0   TOTAL FOR MONTH:      T    1 = FOG OR MIST
DPTR FM NORMAL:  -0.8   DPTR FM NORMAL:   -1.02    2 = FOG REDUCING VISIBILITY
HIGHEST:   108 ON 26    GRTST 24HR    T  ON 17-17      TO 1/4 MILE OR LESS
LOWEST:     70 ON 10                               3 = THUNDER
                        SNOW, ICE PELLETS, HAIL    4 = ICE PELLETS
                        TOTAL MONTH:   0.0 INCH    5 = HAIL
                        GRTST 24HR     0.0         6 = FREEZING RAIN OR DRIZZLE
                        GRTST DEPTH:   0           7 = DUSTSTORM OR SANDSTORM:
                                                       VSBY 1/2 MILE OR LESS
                                                   8 = SMOKE OR HAZE
[NO. OF DAYS WITH]      [WEATHER - DAYS WITH]      9 = BLOWING SNOW
                                                   X = TORNADO
MAX 32 OR BELOW:   0    0.01 INCH OR MORE:   0
MAX 90 OR ABOVE:  27    0.10 INCH OR MORE:   0
MIN 32 OR BELOW:   0    0.50 INCH OR MORE:   0
MIN  0 OR BELOW:   0    1.00 INCH OR MORE:   0

[HDD (BASE 65) ]
TOTAL THIS MO.     0    CLEAR  (SCALE 0-3)  27
DPTR FM NORMAL     0    PTCLDY (SCALE 4-7)   0
TOTAL FM JUL 1     0    CLOUDY (SCALE 8-10)  0
DPTR FM NORMAL     0

[CDD (BASE 65) ]
TOTAL THIS MO.   712
DPTR FM NORMAL   -12    [PRESSURE DATA]
TOTAL FM JAN 1  2074    HIGHEST SLP M ON M
DPTR FM NORMAL    59    LOWEST  SLP 29.55 ON  8

[REMARKS]
