000
CXUS54 KMAF 231100
CF6E38
PRELIMINARY LOCAL CLIMATOLOGICAL DATA (WS FORM: F-6)

                                          STATION:   Alpine-Casparis Municipal
                                          MONTH:     JUNE
                                          YEAR:      2017
                                          LATITUDE:   30 23 N
                                          LONGITUDE: 103 41 W

  TEMPERATURE IN F:       :PCPN:    SNOW:  WIND      :SUNSHINE: SKY     :PK WND
================================================================================
1   2   3   4   5  6A  6B    7    8   9   10  11  12  13   14  15   16   17  18
                                     12Z  AVG MX 2MIN
DY MAX MIN AVG DEP HDD CDD  WTR  SNW DPTH SPD SPD DIR MIN PSBL S-S WX    SPD DR
================================================================================

 1  85  58  72   M   0   7 0.14  0.0    0  7.3 23 350   M    M   3 3      30 350
 2  83  56  70   M   0   5 0.28  0.0    0  6.4 17  20   M    M   3 3      29 290
 3  78  56  67   M   0   2 0.02  0.0    0  4.4 15  70   M    M   1 3      21  70
 4  87  55  71   M   0   6 0.00  0.0    0  4.9  9  70   M    M   0        16  70
 5  89  57  73   M   0   8 0.02  0.0    0  6.0 20  10   M    M   1        41  10
 6  87  60  74   M   0   9 0.00  0.0    0  5.4 10  60   M    M   1        18 100
 7  88  64  76   M   0  11 0.00  0.0    0  5.5 18 360   M    M   2        25 360
 8  85  63  74   M   0   9 0.12  0.0    0  6.5 12 120   M    M   2 3      18 340
 9  92  60  76   M   0  11 0.37  0.0    0  7.5 21 300   M    M   2 3      32 350
10  98  67  83   M   0  18 0.00  0.0    0  9.1 20 160   M    M   0        24 160
11  99  71  85   M   0  20 0.00  0.0    0  7.5 15 130   M    M   0        23 230
12 100  69  85   M   0  20 0.00  0.0    0  7.6 18 170   M    M   1        22 170
13  97  69  83   M   0  18 0.00  0.0    0  7.1 15 190   M    M   0        20 230
14 100  67  84   M   0  19 0.00  0.0    0  8.4 20 170   M    M   1 3      28  40
15 100  69  85   M   0  20 0.00  0.0    0  8.9 17 210   M    M   1        21 210
16 105  73  89   M   0  24 0.00  0.0    0  9.2 18 290   M    M   0        30 250
17 104  69  87   M   0  22 0.00  0.0    0 11.4 22 250   M    M   0        28 260
18  95  70  83   M   0  18 0.00  0.0    0 10.7 21  10   M    M   0        27  10
19  92  64  78   M   0  13 0.00  0.0    0  5.6 14  50   M    M   2        23  60
20  94  62  78   M   0  13 0.00  0.0    0  6.9 13  90   M    M   1        21  80
21  96  64  80   M   0  15 0.00  0.0    0  5.5  9 130   M    M   0        10  80
22 101  66  84   M   0  19 0.01  0.0    0  6.0 18 160   M    M   1 3      25 160
================================================================================
SM 2055 1409         0 307  0.96     0.0 157.8          M       22
================================================================================
AV 93.4 64.1                               7.2 FASTST   M    M   1    MAX(MPH)
                                 MISC ---->  # 23 350               # 41   10
================================================================================
NOTES:
# LAST OF SEVERAL OCCURRENCES

COLUMN 17 PEAK WIND IN M.P.H.

PRELIMINARY LOCAL CLIMATOLOGICAL DATA (WS FORM: F-6) , PAGE 2

                                          STATION:  Alpine-Casparis Municipal
                                          MONTH:    JUNE
                                          YEAR:     2017
                                          LATITUDE:   30 23 N
                                          LONGITUDE: 103 41 W

[TEMPERATURE DATA]      [PRECIPITATION DATA]       SYMBOLS USED IN COLUMN 16

AVERAGE MONTHLY: 78.7   TOTAL FOR MONTH:   0.96    1 = FOG OR MIST
DPTR FM NORMAL:     M   DPTR FM NORMAL:       M    2 = FOG REDUCING VISIBILITY
HIGHEST:   105 ON 16    GRTST 24HR  0.37 ON  9- 9      TO 1/4 MILE OR LESS
LOWEST:     55 ON  4                               3 = THUNDER
                        SNOW, ICE PELLETS, HAIL    4 = ICE PELLETS
                        TOTAL MONTH:   0.0 INCH    5 = HAIL
                        GRTST 24HR     0.0         6 = FREEZING RAIN OR DRIZZLE
                        GRTST DEPTH:   0           7 = DUSTSTORM OR SANDSTORM:
                                                       VSBY 1/2 MILE OR LESS
                                                   8 = SMOKE OR HAZE
[NO. OF DAYS WITH]      [WEATHER - DAYS WITH]      9 = BLOWING SNOW
                                                   X = TORNADO
MAX 32 OR BELOW:   0    0.01 INCH OR MORE:   7
MAX 90 OR ABOVE:  14    0.10 INCH OR MORE:   4
MIN 32 OR BELOW:   0    0.50 INCH OR MORE:   0
MIN  0 OR BELOW:   0    1.00 INCH OR MORE:   0

[HDD (BASE 65) ]
TOTAL THIS MO.     0    CLEAR  (SCALE 0-3)  22
DPTR FM NORMAL     M    PTCLDY (SCALE 4-7)   0
TOTAL FM JUL 1  1778    CLOUDY (SCALE 8-10)  0
DPTR FM NORMAL     M

[CDD (BASE 65) ]
TOTAL THIS MO.   307
DPTR FM NORMAL     M    [PRESSURE DATA]
TOTAL FM JAN 1   688    HIGHEST SLP M ON M
DPTR FM NORMAL     M    LOWEST  SLP M ON M

[REMARKS]
