000
CXUS53 KGID 220730
CF6EAR
PRELIMINARY LOCAL CLIMATOLOGICAL DATA (WS FORM: F-6)

                                          STATION:   KEARNEY
                                          MONTH:     JANUARY
                                          YEAR:      2017
                                          LATITUDE:   40 43 N
                                          LONGITUDE:  99  0 W

  TEMPERATURE IN F:       :PCPN:    SNOW:  WIND      :SUNSHINE: SKY     :PK WND
================================================================================
1   2   3   4   5  6A  6B    7    8   9   10  11  12  13   14  15   16   17  18
                                     12Z  AVG MX 2MIN
DY MAX MIN AVG DEP HDD CDD  WTR  SNW DPTH SPD SPD DIR MIN PSBL S-S WX    SPD DR
================================================================================

 1  39  19  29   5  36   0 0.00    M    M  9.5 16 170   M    M   7        21 170
 2  36  18  27   3  38   0 0.00    M    M 12.8 25 350   M    M  10        32 340
 3  21   7  14 -10  51   0 0.00    M    M 16.1 25 350   M    M   2        31 350
 4  10   0   5 -19  60   0    M    M    M  6.0 14 340   M    M   9        17 350
 5  10 -11   0 -24  65   0 0.00    M    M  7.8 14 330   M    M   5         M  M
 6  12 -17  -2 -26  67   0 0.00    M    M  5.5 10 260   M    M   0         M  M
 7  18   0   9 -15  56   0 0.00    M    M  4.2 10  10   M    M   0         M  M
 8  30   0  15  -9  50   0 0.00    M    M 10.9 21 200   M    M   1        23 150
 9  37  16  27   3  38   0 0.00    M    M  3.9 14 200   M    M   2         M  M
10  43  27  35  11  30   0 0.02    M    M 12.3 27 330   M    M   3        35 330
11  39  10  25   1  40   0    M    M    0 16.6 27  10   M    M   4        36 360
12  21   7  14 -10  51   0    M    M    M  5.0 15 350   M    M   2         M  M
13  27  12  20  -4  45   0 0.00    M    M  5.1 12  90   M    M   2         M  M
14  36  16  26   2  39   0 0.00    M    M  0.4  6  20   M    M   3         M  M
15  30  25  28   4  37   0    M    M    M  0.7  6  30   M    M  10         M  M
16  34  28  31   6  34   0    M    M    M  6.1 15  20   M    M   9         M  M
17  43  21  32   7  33   0 0.00    M    M  2.6 10 210   M    M   0         M  M
18  46  27  37  12  28   0 0.00    M    M  9.8 21 200   M    M   1         M  M
19  43  34  39  14  26   0 0.00    M    M  6.9 14 170   M    M  10         M  M
20  41  36  39  14  26   0    T    M    M  3.1  8 160   M    M  10         M  M
21   M  30   M   M   M   M 0.00    M    M  5.7  9 240   M    M   2         M  M
================================================================================
SM  616  305       850   0  0.02    M    151.0          M       92
================================================================================
AV 30.8 14.5                               7.2 FASTST   M    M   4    MAX(MPH)
                                 MISC ---->  # 27 330                 36    M
================================================================================
NOTES:
# LAST OF SEVERAL OCCURRENCES

COLUMN 17 PEAK WIND IN M.P.H.

PRELIMINARY LOCAL CLIMATOLOGICAL DATA (WS FORM: F-6) , PAGE 2

                                          STATION:  KEARNEY
                                          MONTH:    JANUARY
                                          YEAR:     2017
                                          LATITUDE:   40 43 N
                                          LONGITUDE:  99  0 W

[TEMPERATURE DATA]      [PRECIPITATION DATA]       SYMBOLS USED IN COLUMN 16

AVERAGE MONTHLY: 22.7   TOTAL FOR MONTH:   0.02    1 = FOG OR MIST
DPTR FM NORMAL:  -1.6   DPTR FM NORMAL:   -0.30    2 = FOG REDUCING VISIBILITY
HIGHEST:    46 ON 18    GRTST 24HR  0.02 ON 10-10      TO 1/4 MILE OR LESS
LOWEST:    -17 ON  6                               3 = THUNDER
                        SNOW, ICE PELLETS, HAIL    4 = ICE PELLETS
                        TOTAL MONTH:    M          5 = HAIL
                        GRTST 24HR    M  ON   M    6 = FREEZING RAIN OR DRIZZLE
                        GRTST DEPTH:   0           7 = DUSTSTORM OR SANDSTORM:
                                                       VSBY 1/2 MILE OR LESS
                                                   8 = SMOKE OR HAZE
[NO. OF DAYS WITH]      [WEATHER - DAYS WITH]      9 = BLOWING SNOW
                                                   X = TORNADO
MAX 32 OR BELOW:   9    0.01 INCH OR MORE:   1
MAX 90 OR ABOVE:   0    0.10 INCH OR MORE:   0
MIN 32 OR BELOW:  19    0.50 INCH OR MORE:   0
MIN  0 OR BELOW:   5    1.00 INCH OR MORE:   0

[HDD (BASE 65) ]
TOTAL THIS MO.   850    CLEAR  (SCALE 0-3)  11
DPTR FM NORMAL    -3    PTCLDY (SCALE 4-7)   4
TOTAL FM JUL 1  2927    CLOUDY (SCALE 8-10)  6
DPTR FM NORMAL  -569

[CDD (BASE 65) ]
TOTAL THIS MO.     0
DPTR FM NORMAL     0    [PRESSURE DATA]
TOTAL FM JAN 1     0    HIGHEST SLP M ON M
DPTR FM NORMAL     0    LOWEST  SLP M ON M

[REMARKS]
