000
CXUS53 KGID 271527
CF6EAR
PRELIMINARY LOCAL CLIMATOLOGICAL DATA (WS FORM: F-6)

                                          STATION:   KEARNEY
                                          MONTH:     AUGUST
                                          YEAR:      2015
                                          LATITUDE:   40 43 N
                                          LONGITUDE:  99  0 W

  TEMPERATURE IN F:       :PCPN:    SNOW:  WIND      :SUNSHINE: SKY     :PK WND
================================================================================
1   2   3   4   5  6A  6B    7    8   9   10  11  12  13   14  15   16   17  18
                                     12Z  AVG MX 2MIN
DY MAX MIN AVG DEP HDD CDD  WTR  SNW DPTH SPD SPD DIR MIN PSBL S-S WX    SPD DR
================================================================================

 1  86  63  75   1   0  10 0.00    M    M  8.9 17  60   M    M   0        28  30
 2  93  63  78   4   0  13 0.00    M    M  7.9 14 200   M    M   0         M  M
 3  84  63  74   0   0   9 0.00    M    M  9.6 16 100   M    M   0        22  60
 4  81  63  72  -2   0   7 0.72    M    M 11.0 18  80   M    M   7 3      24 100
 5  82  61  72  -2   0   7 0.00    M    M  5.2 10 160   M    M   2         M  M
 6  81  66  74   0   0   9 0.03    M    M  9.7 24 180   M    M   2 3      32 180
 7  90  64  77   3   0  12 1.03    M    M  6.6 13 100   M    M   1 3      27 120
 8  82  64  73  -1   0   8 0.23    M    M  4.9 13 110   M    M   4 3       M  M
 9  88  70  79   5   0  14 0.00    M    M  3.3  8  40   M    M   4         M  M
10  81  64  73  -1   0   8 0.00    M    M  7.2 14  20   M    M   3        18  30
11  81  57  69  -5   0   4 0.00    M    M  4.1  9 150   M    M   1         M  M
12  84  61  73   0   0   8 0.00    M    M  9.5 16 170   M    M   0        21 160
13  86  63  75   2   0  10 0.03    M    M 12.2 28 180   M    M   1        31 180
14  88  63  76   3   0  11 0.00    M    M  7.0 13 170   M    M   0         M  M
15  90  64  77   4   0  12 0.00    M    M 12.7 21 170   M    M   0        24 170
16  81  66  74   1   0   9 0.33    M    M  8.1 15 180   M    M   4 3      22 180
17  70  63  67  -6   0   2 0.00    M    M 10.2 16  10   M    M  10         M  M
18  72  54  63 -10   2   0 0.00    M    M 11.5 21 340   M    M   7        25 340
19  75  50  63  -9   2   0 0.00    M    M  9.5 16 290   M    M   1        21 330
20  84  50  67  -5   0   2 0.00    M    M 11.5 20 170   M    M   0        25 170
21  88  59  74   2   0   9 0.00    M    M 16.2 25 160   M    M   0        31 160
22  84  59  72   0   0   7 0.00    M    M 16.3 24 190   M    M   4        30 360
23  73  50  62 -10   3   0 0.00    M    M 10.5 18 340   M    M   0        24 340
24  81  46  64  -8   1   0 0.00    M    M  3.8  8 170   M    M   0         M  M
25  82  50  66  -5   0   1 0.00    M    M  4.7  8  90   M    M   0         M  M
26  90  55  73   2   0   8 0.00    M    M  9.3 16 140   M    M   0        22 160
================================================================================
SM 2157 1551         8 180  2.37    M    231.4          M       51
================================================================================
AV 83.0 59.7                               8.9 FASTST   M    M   2    MAX(MPH)
                                 MISC ---->    28   M                 32    M
================================================================================
NOTES:
# LAST OF SEVERAL OCCURRENCES

COLUMN 17 PEAK WIND IN M.P.H.

PRELIMINARY LOCAL CLIMATOLOGICAL DATA (WS FORM: F-6) , PAGE 2

                                          STATION:  KEARNEY
                                          MONTH:    AUGUST
                                          YEAR:     2015
                                          LATITUDE:   40 43 N
                                          LONGITUDE:  99  0 W

[TEMPERATURE DATA]      [PRECIPITATION DATA]       SYMBOLS USED IN COLUMN 16

AVERAGE MONTHLY: 71.3   TOTAL FOR MONTH:   2.37    1 = FOG OR MIST
DPTR FM NORMAL:  -1.7   DPTR FM NORMAL:   -0.31    2 = FOG REDUCING VISIBILITY
HIGHEST:    93 ON  2    GRTST 24HR  1.03 ON  7- 7      TO 1/4 MILE OR LESS
LOWEST:     46 ON 24                               3 = THUNDER
                        SNOW, ICE PELLETS, HAIL    4 = ICE PELLETS
                        TOTAL MONTH:    M          5 = HAIL
                        GRTST 24HR    M  ON   M    6 = FREEZING RAIN OR DRIZZLE
                        GRTST DEPTH:  M  ON   M    7 = DUSTSTORM OR SANDSTORM:
                                                       VSBY 1/2 MILE OR LESS
                                                   8 = SMOKE OR HAZE
[NO. OF DAYS WITH]      [WEATHER - DAYS WITH]      9 = BLOWING SNOW
                                                   X = TORNADO
MAX 32 OR BELOW:   0    0.01 INCH OR MORE:   6
MAX 90 OR ABOVE:   4    0.10 INCH OR MORE:   4
MIN 32 OR BELOW:   0    0.50 INCH OR MORE:   2
MIN  0 OR BELOW:   0    1.00 INCH OR MORE:   1

[HDD (BASE 65) ]
TOTAL THIS MO.     8    CLEAR  (SCALE 0-3)  18
DPTR FM NORMAL     5    PTCLDY (SCALE 4-7)   7
TOTAL FM JUL 1    12    CLOUDY (SCALE 8-10)  1
DPTR FM NORMAL     4

[CDD (BASE 65) ]
TOTAL THIS MO.   180
DPTR FM NORMAL   -36    [PRESSURE DATA]
TOTAL FM JAN 1   735    HIGHEST SLP M ON M
DPTR FM NORMAL   -11    LOWEST  SLP M ON M

[REMARKS]
