000
CXUS53 KGID 240730
CF6EAR
PRELIMINARY LOCAL CLIMATOLOGICAL DATA (WS FORM: F-6)

                                          STATION:   KEARNEY
                                          MONTH:     OCTOBER
                                          YEAR:      2014
                                          LATITUDE:   40 43 N
                                          LONGITUDE:  99  0 W

  TEMPERATURE IN F:       :PCPN:    SNOW:  WIND      :SUNSHINE: SKY     :PK WND
================================================================================
1   2   3   4   5  6A  6B    7    8   9   10  11  12  13   14  15   16   17  18
                                     12Z  AVG MX 2MIN
DY MAX MIN AVG DEP HDD CDD  WTR  SNW DPTH SPD SPD DIR MIN PSBL S-S WX    SPD DR
================================================================================

 1  77  55  66   9   0   1 0.00    M    M  4.7 13  40   M    M   5 3       M  M
 2  68  46  57   1   8   0 0.51    M    M 14.0 21 320   M    M   5 3      28 340
 3  55  37  46 -10  19   0 0.14    M    M 18.3 29 310   M    M   2        37 310
 4  63  34  49  -7  16   0 0.00    M    M  6.0  9 190   M    M   2         M  M
 5  72  46  59   4   6   0 0.00    M    M 11.2 20 270   M    M   2        31 260
 6  75  46  61   6   4   0 0.00    M    M  9.4 18 270   M    M   1        24 270
 7  75  50  63   9   2   0 0.00    M    M  7.6 17 310   M    M   1        24 260
 8  72  45  59   5   6   0 0.00    M    M  6.8 13 120   M    M   5         M  M
 9  66  48  57   3   8   0 0.00    M    M 10.8 16  40   M    M   4        21  40
10  55  37  46  -7  19   0 0.00    M    M  7.6 16  20   M    M   2        20  20
11  63  30  47  -6  18   0 0.00    M    M  8.2 15 140   M    M   0        18 170
12  55  43  49  -3  16   0 0.14    M    M 10.7 18 300   M    M   5        24 300
13  64  45  55   3  10   0 0.00    M    M 20.0 33 320   M    M   4        40 320
14  66  37  52   0  13   0 0.00    M    M  9.9 18 330   M    M   0        21 330
15  73  34  54   3  11   0 0.00    M    M  7.9 16 160   M    M   0        21 150
16  75  43  59   8   6   0 0.00    M    M 10.3 24 320   M    M   0        35 310
17  64  37  51   1  14   0 0.00    M    M 10.5 18 330   M    M   0        23 330
18  63  30  47  -3  18   0 0.00    M    M  6.6 12 190   M    M   0         M  M
19  72  43  58   8   7   0 0.00    M    M  9.2 16 200   M    M   0         M  M
20  75  43  59  10   6   0 0.00    M    M  5.5  9  40   M    M   0         M  M
21  75  39  57   8   8   0 0.00    M    M 11.1 23 150   M    M   0        28 140
22  66  50  58   9   7   0 0.10    M    M  8.5 16 180   M    M   5        20 130
23  66  45  56   8   9   0 0.00    M    M  6.7 13 180   M    M   5         M  M
================================================================================
SM 1555  963       231   1  0.89    M    221.5          M       48
================================================================================
AV 67.6 41.9                               9.6 FASTST   M    M   2    MAX(MPH)
                                 MISC ---->    33   M                 40    M
================================================================================
NOTES:
# LAST OF SEVERAL OCCURRENCES

COLUMN 17 PEAK WIND IN M.P.H.

PRELIMINARY LOCAL CLIMATOLOGICAL DATA (WS FORM: F-6) , PAGE 2

                                          STATION:  KEARNEY
                                          MONTH:    OCTOBER
                                          YEAR:     2014
                                          LATITUDE:   40 43 N
                                          LONGITUDE:  99  0 W

[TEMPERATURE DATA]      [PRECIPITATION DATA]       SYMBOLS USED IN COLUMN 16

AVERAGE MONTHLY: 54.7   TOTAL FOR MONTH:   0.89    1 = FOG OR MIST
DPTR FM NORMAL:   2.3   DPTR FM NORMAL:   -0.73    2 = FOG REDUCING VISIBILITY
HIGHEST:    77 ON  1    GRTST 24HR  0.51 ON  2- 2      TO 1/4 MILE OR LESS
LOWEST:     30 ON 18,11                            3 = THUNDER
                        SNOW, ICE PELLETS, HAIL    4 = ICE PELLETS
                        TOTAL MONTH:    M          5 = HAIL
                        GRTST 24HR    M  ON   M    6 = FREEZING RAIN OR DRIZZLE
                        GRTST DEPTH:  M  ON   M    7 = DUSTSTORM OR SANDSTORM:
                                                       VSBY 1/2 MILE OR LESS
                                                   8 = SMOKE OR HAZE
[NO. OF DAYS WITH]      [WEATHER - DAYS WITH]      9 = BLOWING SNOW
                                                   X = TORNADO
MAX 32 OR BELOW:   0    0.01 INCH OR MORE:   4
MAX 90 OR ABOVE:   0    0.10 INCH OR MORE:   4
MIN 32 OR BELOW:   2    0.50 INCH OR MORE:   1
MIN  0 OR BELOW:   0    1.00 INCH OR MORE:   0

[HDD (BASE 65) ]
TOTAL THIS MO.   231    CLEAR  (SCALE 0-3)  15
DPTR FM NORMAL   -64    PTCLDY (SCALE 4-7)   8
TOTAL FM JUL 1   361    CLOUDY (SCALE 8-10)  0
DPTR FM NORMAL   -83

[CDD (BASE 65) ]
TOTAL THIS MO.     1
DPTR FM NORMAL    -3    [PRESSURE DATA]
TOTAL FM JAN 1   913    HIGHEST SLP M ON M
DPTR FM NORMAL    44    LOWEST  SLP M ON M

[REMARKS]
