000
CXUS56 KOTX 010900
CF6EAT
PRELIMINARY LOCAL CLIMATOLOGICAL DATA (WS FORM: F-6)

                                          STATION:   WENATCHEE WA PANGBORN FIELD
                                          MONTH:     JULY
                                          YEAR:      2015
                                          LATITUDE:   47 23 N
                                          LONGITUDE: 120 12 W

  TEMPERATURE IN F:       :PCPN:    SNOW:  WIND      :SUNSHINE: SKY     :PK WND
================================================================================
1   2   3   4   5  6A  6B    7    8   9   10  11  12  13   14  15   16   17  18
                                     12Z  AVG MX 2MIN
DY MAX MIN AVG DEP HDD CDD  WTR  SNW DPTH SPD SPD DIR MIN PSBL S-S WX    SPD DR
================================================================================

 1 100  73  87  17   0  22 0.00    M    M  6.9 16  30   M    M   0        22  30
 2 103  73  88  17   0  23 0.00    M    M  7.0 20 290   M    M   0        23 290
 3 106  74  90  19   0  25 0.00    M    M 10.3 21 300   0    0   0         M  M
 4 105  78  92  21   0  27 0.00    M    M  9.9 22 310   M    M   0        28  30
 5  99  73  86  14   0  21 0.00    M    M  7.5 14 140   M    M   0        20 130
 6  97  69  83  11   0  18 0.00    M    M  7.2 20 280   M    M   0        23 240
 7 100  74  87  15   0  22 0.14    M    M 10.6 28 290   M    M   1        36  20
 8 100  68  84  11   0  19 0.00    M    M  5.5 13 270   M    M   0 8      19 320
 9 103  76  90  17   0  25 0.00    M    M  7.0 18 300   M    M   0        22 300
10  97  74  86  13   0  21 0.00    M    M 14.8 22 320   M    M   1 3      28 320
11  87  68  78   5   0  13 0.00    M    M 16.8 29 310   M    M   1        46 330
12  86  65  76   2   0  11 0.10    M    M  8.4 20 360   M    M   4        23 310
13  87  64  76   2   0  11    T    M    M  9.6 21 300   M    M   3        24 300
14  89  64  77   3   0  12 0.00    M    M  8.9 18 310   M    M   0        23 300
15  91  65  78   4   0  13 0.00    M    M 16.6 30 310   M    M   0 8      35 320
16  84  66  75   0   0  10 0.00    M    M 16.6 28 300   M    M   0        36 300
17  90  63  77   2   0  12 0.00    M    M 10.0 20  20   M    M   0        26  20
18  95  65  80   5   0  15 0.00    M    M  7.6 14 250   M    M   0        17 110
19 100  72  86  11   0  21 0.00    M    M  8.2 16 310   M    M   0        20 310
20 100  74  87  11   0  22 0.00    M    M 13.1 25 300   M    M   0        31 300
21  89  66  78   2   0  13 0.00    M    M 15.3 31 290   M    M   0        37 280
22  84  62  73  -3   0   8 0.00    M    M 10.7 21 290   M    M   0        25 330
23  88  62  75  -1   0  10 0.00    M    M 10.3 23 300   M    M   0        30 300
24  89  66  78   2   0  13 0.00    M    M 12.4 22 300   M    M   0        30 330
25  77  61  69  -7   0   4 0.00    M    M 11.4 22 290   M    M   2        28 290
26  79  59  69  -7   0   4 0.00    M    M 12.6 26 300   M    M   2        32 320
27  82  57  70  -6   0   5 0.00    M    M 15.8 30 310   M    M   2        37 320
28  86  60  73  -3   0   8 0.00    M    M  8.2 15 130   M    M   0        21 130
29  93  63  78   2   0  13 0.00    M    M  7.6 16 140   M    M   0        20 130
30  99  65  82   6   0  17 0.00    M    M  7.5 15 140   M    M   0        19 300
31 104  69  87  11   0  22 0.00    M    M  8.4 15 310   M    M   0        18 320
================================================================================
SM 2889 2088         0 480  0.24    M    322.7            0     16
================================================================================
AV 93.2 67.4                              10.4 FASTST    0   0   1    MAX(MPH)
                                 MISC ---->  # 31 290               # 46  330
================================================================================
NOTES:
# LAST OF SEVERAL OCCURRENCES

COLUMN 17 PEAK WIND IN M.P.H.

PRELIMINARY LOCAL CLIMATOLOGICAL DATA (WS FORM: F-6) , PAGE 2

                                          STATION:  WENATCHEE WA PANGBORN FIELD
                                          MONTH:    JULY
                                          YEAR:     2015
                                          LATITUDE:   47 23 N
                                          LONGITUDE: 120 12 W

[TEMPERATURE DATA]      [PRECIPITATION DATA]       SYMBOLS USED IN COLUMN 16

AVERAGE MONTHLY: 80.3   TOTAL FOR MONTH:   0.24    1 = FOG OR MIST
DPTR FM NORMAL:   6.1   DPTR FM NORMAL:   -0.03    2 = FOG REDUCING VISIBILITY
HIGHEST:   106 ON  3    GRTST 24HR  0.14 ON  7- 7      TO 1/4 MILE OR LESS
LOWEST:     57 ON 27                               3 = THUNDER
                        SNOW, ICE PELLETS, HAIL    4 = ICE PELLETS
                        TOTAL MONTH:    M          5 = HAIL
                        GRTST 24HR    M  ON   M    6 = FREEZING RAIN OR DRIZZLE
                        GRTST DEPTH:  M  ON   M    7 = DUSTSTORM OR SANDSTORM:
                                                       VSBY 1/2 MILE OR LESS
                                                   8 = SMOKE OR HAZE
[NO. OF DAYS WITH]      [WEATHER - DAYS WITH]      9 = BLOWING SNOW
                                                   X = TORNADO
MAX 32 OR BELOW:   0    0.01 INCH OR MORE:   2
MAX 90 OR ABOVE:  18    0.10 INCH OR MORE:   2
MIN 32 OR BELOW:   0    0.50 INCH OR MORE:   0
MIN  0 OR BELOW:   0    1.00 INCH OR MORE:   0

[HDD (BASE 65) ]
TOTAL THIS MO.     0    CLEAR  (SCALE 0-3)  30
DPTR FM NORMAL    -7    PTCLDY (SCALE 4-7)   1
TOTAL FM JUL 1     0    CLOUDY (SCALE 8-10)  0
DPTR FM NORMAL    -7

[CDD (BASE 65) ]
TOTAL THIS MO.   480
DPTR FM NORMAL   211    [PRESSURE DATA]
TOTAL FM JAN 1   962    HIGHEST SLP  0.00 ON  3
DPTR FM NORMAL   254    LOWEST  SLP  0.00 ON M

[REMARKS]
#FINAL-07-15#
