000
CXUS55 KEAX 220736
CF6EAX
PRELIMINARY LOCAL CLIMATOLOGICAL DATA (WS FORM: F-6)

                                          STATION:   Pleasant Hill NWS MO
                                          MONTH:     MAY
                                          YEAR:      2015
                                          LATITUDE:   38 48 N
                                          LONGITUDE:  94 16 W

  TEMPERATURE IN F:       :PCPN:    SNOW:  WIND      :SUNSHINE: SKY     :PK WND
================================================================================
1   2   3   4   5  6A  6B    7    8   9   10  11  12  13   14  15   16   17  18
                                     12Z  AVG MX 2MIN
DY MAX MIN AVG DEP HDD CDD  WTR  SNW DPTH SPD SPD DIR MIN PSBL S-S WX    SPD DR
================================================================================

 1  73  46  60   1   5   0 0.00  0.0    0   M   M   M   0    0   0         0   0
 2  71  51  61   1   4   0 0.04  0.0    0   M   M   M   0    0   0         0   0
 3  81  59  70  10   0   5    T  0.0    0   M   M   M   0    0   0         0   0
 4  82  61  72  12   0   7 0.10  0.0    0   M   M   M   0    0   0         0   0
 5  81  58  70   9   0   5 0.01  0.0    0   M   M   M   0    0   0         0   0
 6  76  64  70   9   0   5 0.02  0.0    0   M   M   M   0    0   0         0   0
 7  77  61  69   8   0   4 0.47  0.0    M   M   M   M   0    0   0         0   0
 8  76   M   M   M   M   M 0.62  0.0    0   M   M   M   0    0   0         0   0
 9  75  61  68   6   0   3 0.35  0.0    0   M   M   M   0    0   0 13      0   0
10  74  58  66   4   0   1 0.49  0.0    0   M   M   M   0    0   0         0   0
11  62  46  54  -9  11   0 0.00  0.0    0   M   M   M   0    0   0         0   0
12  70  43  57  -6   8   0 0.00  0.0    0   M   M   M   0    0   0         0   0
13  72  48  60  -3   5   0    T  0.0    0   M   M   M   0    0   0         0   0
14  74  55  65   1   0   0 0.51  0.0    0   M   M   M   0    0   0         0   0
15  78  64  71   7   0   6    T  0.0    0   M   M   M   0    0   0         0   0
16  82  61  72   8   0   7 1.03  0.0    0   M   M   M   0    0   0         0   0
17  79  55  67   3   0   2 0.51    M    M   M   M   M   0    0   0         0   0
18  69  52  61  -4   4   0 0.00  0.0    M   M   M   M   0    0   0         0   0
19  60  44  52 -13  13   0    T  0.0    0   M   M   M   0    0   0         0   0
20  53  47  50 -16  15   0 0.99  0.0    0   M   M   M   0    0   0         0   0
21  67  46  57  -9   8   0    T  0.0    0   M   M   M   0    0   0         0   0
================================================================================
SM 1532 1080        73  45  5.14     0.0     M            0      0
================================================================================
AV 73.0 54.0                                 M FASTST    0   0   0    MAX(MPH)
                                 MISC ---->     M   M               #  0    0
================================================================================
NOTES:
# LAST OF SEVERAL OCCURRENCES

COLUMN 17 PEAK WIND IN M.P.H.

PRELIMINARY LOCAL CLIMATOLOGICAL DATA (WS FORM: F-6) , PAGE 2

                                          STATION:  Pleasant Hill NWS MO
                                          MONTH:    MAY
                                          YEAR:     2015
                                          LATITUDE:   38 48 N
                                          LONGITUDE:  94 16 W

[TEMPERATURE DATA]      [PRECIPITATION DATA]       SYMBOLS USED IN COLUMN 16

AVERAGE MONTHLY: 63.5   TOTAL FOR MONTH:   5.14    1 = FOG OR MIST
DPTR FM NORMAL:   0.9   DPTR FM NORMAL:    1.59    2 = FOG REDUCING VISIBILITY
HIGHEST:    82 ON 16, 4 GRTST 24HR  1.03 ON 16-16      TO 1/4 MILE OR LESS
LOWEST:     43 ON 12                               3 = THUNDER
                        SNOW, ICE PELLETS, HAIL    4 = ICE PELLETS
                        TOTAL MONTH:   0.0 INCH    5 = HAIL
                        GRTST 24HR     0.0         6 = FREEZING RAIN OR DRIZZLE
                        GRTST DEPTH:   0           7 = DUSTSTORM OR SANDSTORM:
                                                       VSBY 1/2 MILE OR LESS
                                                   8 = SMOKE OR HAZE
[NO. OF DAYS WITH]      [WEATHER - DAYS WITH]      9 = BLOWING SNOW
                                                   X = TORNADO
MAX 32 OR BELOW:   0    0.01 INCH OR MORE:  12
MAX 90 OR ABOVE:   0    0.10 INCH OR MORE:   9
MIN 32 OR BELOW:   0    0.50 INCH OR MORE:   5
MIN  0 OR BELOW:   0    1.00 INCH OR MORE:   1

[HDD (BASE 65) ]
TOTAL THIS MO.    73    CLEAR  (SCALE 0-3)  21
DPTR FM NORMAL   -20    PTCLDY (SCALE 4-7)   0
TOTAL FM JUL 1  5084    CLOUDY (SCALE 8-10)  0
DPTR FM NORMAL   -47

[CDD (BASE 65) ]
TOTAL THIS MO.    45
DPTR FM NORMAL     5    [PRESSURE DATA]
TOTAL FM JAN 1    49    HIGHEST SLP  0.00 ON M
DPTR FM NORMAL    -5    LOWEST  SLP  0.00 ON M

[REMARKS]
