000
CXUS55 KEAX 260736
CF6EAX
PRELIMINARY LOCAL CLIMATOLOGICAL DATA (WS FORM: F-6)

                                          STATION:   Pleasant Hill NWS MO
                                          MONTH:     MAY
                                          YEAR:      2016
                                          LATITUDE:   38 48 N
                                          LONGITUDE:  94 16 W

  TEMPERATURE IN F:       :PCPN:    SNOW:  WIND      :SUNSHINE: SKY     :PK WND
================================================================================
1   2   3   4   5  6A  6B    7    8   9   10  11  12  13   14  15   16   17  18
                                     12Z  AVG MX 2MIN
DY MAX MIN AVG DEP HDD CDD  WTR  SNW DPTH SPD SPD DIR MIN PSBL S-S WX    SPD DR
================================================================================

 1  62  47  55  -4  10   0    T  0.0    0   M   M   M   0    0   0         0   0
 2  54  45  50 -10  15   0    T  0.0    0   M   M   M   0    0   0         0   0
 3  70  42  56  -4   9   0 0.00  0.0    0   M   M   M   0    0   0         0   0
 4  70  50  60   0   5   0 0.00  0.0    0   M   M   M   0    0   0         0   0
 5  72  47  60  -1   5   0 0.00  0.0    0   M   M   M   0    0   0         0   0
 6  80  49  65   4   0   0 0.00  0.0    0   M   M   M   0    0   0         0   0
 7  85  58  72  11   0   7 0.00  0.0    0   M   M   M   0    0   0         0   0
 8  73  58  66   4   0   1 1.62  0.0    0   M   M   M   0    0   0 3       0   0
 9  73  57  65   3   0   0 0.16  0.0    0   M   M   M   0    0   0 3       0   0
10  81  56  69   7   0   4 0.00  0.0    0   M   M   M   0    0   0         0   0
11  79  59  69   6   0   4 0.11  0.0    0   M   M   M   0    0   0 3       0   0
12  71  53  62  -1   3   0 0.00  0.0    0   M   M   M   0    0   0         0   0
13  79  46  63   0   2   0 0.06  0.0    0   M   M   M   0    0   0         0   0
14  59  42  51 -13  14   0 0.00  0.0    0   M   M   M   0    0   0         0   0
15  67  41  54 -10  11   0 0.06  0.0    0   M   M   M   0    0   0         0   0
16  52  48  50 -14  15   0 0.70  0.0    0   M   M   M   0    0   0         0   0
17  58  45  52 -12  13   0 0.40  0.0    0   M   M   M   0    0   0         0   0
18  68  44  56  -9   9   0 0.00  0.0    0   M   M   M   0    0   0         0   0
19  68  47  58  -7   7   0 0.02  0.0    0   M   M   M   0    0   0         0   0
20  68  52  60  -6   5   0 0.04  0.0    0   M   M   M   0    0   0         0   0
21  75  50  63  -3   2   0 0.01  0.0    0   M   M   M   0    0   0         0   0
22  80  55  68   2   0   3 0.00  0.0    0   M   M   M   0    0   0         0   0
23  76  59  68   2   0   3 0.00  0.0    0   M   M   M   0    0   0         0   0
24  79  60  70   3   0   5 0.18  0.0    0   M   M   M   0    0   0         0   0
25  83  62  73   6   0   8 0.09  0.0    0   M   M   M   0    0   0 3       0   0
================================================================================
SM 1782 1272       125  35  3.45     0.0     M            0      0
================================================================================
AV 71.3 50.9                                 M FASTST    0   0   0    MAX(MPH)
                                 MISC ---->     M   M               #  0    0
================================================================================
NOTES:
# LAST OF SEVERAL OCCURRENCES

COLUMN 17 PEAK WIND IN M.P.H.

PRELIMINARY LOCAL CLIMATOLOGICAL DATA (WS FORM: F-6) , PAGE 2

                                          STATION:  Pleasant Hill NWS MO
                                          MONTH:    MAY
                                          YEAR:     2016
                                          LATITUDE:   38 48 N
                                          LONGITUDE:  94 16 W

[TEMPERATURE DATA]      [PRECIPITATION DATA]       SYMBOLS USED IN COLUMN 16

AVERAGE MONTHLY: 61.1   TOTAL FOR MONTH:   3.45    1 = FOG OR MIST
DPTR FM NORMAL:  -2.2   DPTR FM NORMAL:   -0.80    2 = FOG REDUCING VISIBILITY
HIGHEST:    85 ON  7    GRTST 24HR  1.62 ON  8- 8      TO 1/4 MILE OR LESS
LOWEST:     41 ON 15                               3 = THUNDER
                        SNOW, ICE PELLETS, HAIL    4 = ICE PELLETS
                        TOTAL MONTH:   0.0 INCH    5 = HAIL
                        GRTST 24HR     0.0         6 = FREEZING RAIN OR DRIZZLE
                        GRTST DEPTH:   0           7 = DUSTSTORM OR SANDSTORM:
                                                       VSBY 1/2 MILE OR LESS
                                                   8 = SMOKE OR HAZE
[NO. OF DAYS WITH]      [WEATHER - DAYS WITH]      9 = BLOWING SNOW
                                                   X = TORNADO
MAX 32 OR BELOW:   0    0.01 INCH OR MORE:  12
MAX 90 OR ABOVE:   0    0.10 INCH OR MORE:   6
MIN 32 OR BELOW:   0    0.50 INCH OR MORE:   2
MIN  0 OR BELOW:   0    1.00 INCH OR MORE:   1

[HDD (BASE 65) ]
TOTAL THIS MO.   125    CLEAR  (SCALE 0-3)  25
DPTR FM NORMAL    24    PTCLDY (SCALE 4-7)   0
TOTAL FM JUL 1  4042    CLOUDY (SCALE 8-10)  0
DPTR FM NORMAL -1097

[CDD (BASE 65) ]
TOTAL THIS MO.    35
DPTR FM NORMAL   -20    [PRESSURE DATA]
TOTAL FM JAN 1    46    HIGHEST SLP  0.00 ON M
DPTR FM NORMAL   -23    LOWEST  SLP  0.00 ON M

[REMARKS]
