000
CXUS55 KEAX 170736
CF6EAX
PRELIMINARY LOCAL CLIMATOLOGICAL DATA (WS FORM: F-6)

                                          STATION:   Pleasant Hill NWS MO
                                          MONTH:     JANUARY
                                          YEAR:      2018
                                          LATITUDE:   38 48 N
                                          LONGITUDE:  94 16 W

  TEMPERATURE IN F:       :PCPN:    SNOW:  WIND      :SUNSHINE: SKY     :PK WND
================================================================================
1   2   3   4   5  6A  6B    7    8   9   10  11  12  13   14  15   16   17  18
                                     12Z  AVG MX 2MIN
DY MAX MIN AVG DEP HDD CDD  WTR  SNW DPTH SPD SPD DIR MIN PSBL S-S WX    SPD DR
================================================================================

 1  10  -9   1 -28  64   0 0.00  0.0    0   M   M   M   0    0   0         0   0
 2  23  -3  10 -19  55   0 0.00  0.0    0   M   M   M   0    0   0         0   0
 3  28  11  20  -8  45   0 0.00  0.0    0   M   M   M   0    0   0         0   0
 4  25   4  15 -13  50   0 0.00  0.0    0   M   M   M   0    0   0         0   0
 5  29  12  21  -7  44   0 0.00  0.0    0   M   M   M   0    0   0         0   0
 6  34  11  23  -5  42   0 0.00  0.0    0   M   M   M   0    0   0         0   0
 7  34  26  30   2  35   0 0.39  0.0    0   M   M   M   0    0   0         0   0
 8  48  26  37   9  28   0 0.00  0.0    0   M   M   M   0    0   0         0   0
 9  38  29  34   6  31   0 0.00  0.0    0   M   M   M   0    0   0         0   0
10  57  37  47  19  18   0    T  0.0    0   M   M   M   0    0   0         0   0
11  52  12  32   4  33   0 0.40    T    0   M   M   M   0    0   0         0   0
12  22   6  14 -14  51   0 0.00  0.0    0   M   M   M   0    0   0         0   0
13  20  12  16 -12  49   0 0.00  0.0    0   M   M   M   0    0   0         0   0
14  31  16  24  -4  41   0 0.15  1.9    2   M   M   M   0    0   0 1246    0   0
15  32   0  16 -12  49   0 0.00  0.0    2   M   M   M   0    0   0         0   0
16  12  -4   4 -24  61   0 0.00  0.0    2   M   M   M   0    0   0         0   0
================================================================================
SM  495  186       696   0  0.94     1.9     M            0      0
================================================================================
AV 30.9 11.6                                 M FASTST    0   0   0    MAX(MPH)
                                 MISC ---->     M   M               #  0    0
================================================================================
NOTES:
# LAST OF SEVERAL OCCURRENCES

COLUMN 17 PEAK WIND IN M.P.H.

PRELIMINARY LOCAL CLIMATOLOGICAL DATA (WS FORM: F-6) , PAGE 2

                                          STATION:  Pleasant Hill NWS MO
                                          MONTH:    JANUARY
                                          YEAR:     2018
                                          LATITUDE:   38 48 N
                                          LONGITUDE:  94 16 W

[TEMPERATURE DATA]      [PRECIPITATION DATA]       SYMBOLS USED IN COLUMN 16

AVERAGE MONTHLY: 21.3   TOTAL FOR MONTH:   0.94    1 = FOG OR MIST
DPTR FM NORMAL:  -6.8   DPTR FM NORMAL:    0.32    2 = FOG REDUCING VISIBILITY
HIGHEST:    57 ON 10    GRTST 24HR  0.40 ON 11-11      TO 1/4 MILE OR LESS
LOWEST:     -9 ON  1                               3 = THUNDER
                        SNOW, ICE PELLETS, HAIL    4 = ICE PELLETS
                        TOTAL MONTH:   1.9 INCHES  5 = HAIL
                        GRTST 24HR   1.9 ON 14-14  6 = FREEZING RAIN OR DRIZZLE
                        GRTST DEPTH:   2 ON 16,15  7 = DUSTSTORM OR SANDSTORM:
                                                       VSBY 1/2 MILE OR LESS
                                                   8 = SMOKE OR HAZE
[NO. OF DAYS WITH]      [WEATHER - DAYS WITH]      9 = BLOWING SNOW
                                                   X = TORNADO
MAX 32 OR BELOW:  10    0.01 INCH OR MORE:   3
MAX 90 OR ABOVE:   0    0.10 INCH OR MORE:   3
MIN 32 OR BELOW:  15    0.50 INCH OR MORE:   0
MIN  0 OR BELOW:   4    1.00 INCH OR MORE:   0

[HDD (BASE 65) ]
TOTAL THIS MO.   696    CLEAR  (SCALE 0-3)  16
DPTR FM NORMAL   107    PTCLDY (SCALE 4-7)   0
TOTAL FM JUL 1  2480    CLOUDY (SCALE 8-10)  0
DPTR FM NORMAL  -123

[CDD (BASE 65) ]
TOTAL THIS MO.     0
DPTR FM NORMAL     0    [PRESSURE DATA]
TOTAL FM JAN 1     0    HIGHEST SLP  0.00 ON M
DPTR FM NORMAL     0    LOWEST  SLP  0.00 ON M

[REMARKS]
