000
CXUS51 KAKQ 311010
CF6ECG
PRELIMINARY LOCAL CLIMATOLOGICAL DATA (WS FORM: F-6)

                                          STATION:   ELIZABETH CITY NC
                                          MONTH:     JULY
                                          YEAR:      2014
                                          LATITUDE:   36 16 N
                                          LONGITUDE:  76 11 W

  TEMPERATURE IN F:       :PCPN:    SNOW:  WIND      :SUNSHINE: SKY     :PK WND
================================================================================
1   2   3   4   5  6A  6B    7    8   9   10  11  12  13   14  15   16   17  18
                                     12Z  AVG MX 2MIN
DY MAX MIN AVG DEP HDD CDD  WTR  SNW DPTH SPD SPD DIR MIN PSBL S-S WX    SPD DR
================================================================================

 1  88  67  78   0   0  13 0.00  0.0    0  6.8 16 110   M    M   1 8      20 100
 2  90  76  83   5   0  18 0.02  0.0    0 12.0 20 210   M    M   1 18     24 200
 3  91  78  85   7   0  20 0.10  0.0    0 12.4 25  80   M    M   4 18     35  80
 4  84  72  78   0   0  13 1.23  0.0    0 18.4 39 350   M    M   6 1      52 350
 5  79  61  70  -8   0   5 0.00  0.0    0  7.4 17 350   M    M   1        22 360
 6  82  58  70  -9   0   5 0.00  0.0    0  5.0 13 230   M    M   0        18 200
 7  88  66  77  -2   0  12 0.00  0.0    0 10.8 20 200   M    M   0        25 210
 8  91  74  83   4   0  18 0.00  0.0    0 14.6 20 210   M    M   0        25 200
 9  92  71  82   3   0  17 0.66  0.0    0 10.5 25 280   M    M   2 1      37 290
10  85  70  78  -1   0  13 0.97  0.0    0  5.9 29 160   M    M   5 1      45 180
11  83  68  76  -3   0  11    T  0.0    0  3.9 13  60   M    M   5 1      15  60
12  83  67  75  -4   0  10 0.00  0.0    0  5.0 12 120   M    M   2 12     14 100
13  87  65  76  -3   0  11 0.00  0.0    0  6.3 14 200   M    M   0 12     17 190
14  90  74  82   3   0  17 0.00  0.0    0  9.9 16 190   M    M   0        22 190
15  91  73  82   3   0  17    T  0.0    0 13.2 25 210   M    M   3        33 200
16  79  69  74  -5   0   9 2.24  0.0    0  5.7 20  20   M    M   7 1      23  40
17  83  65  74  -5   0   9 0.00  0.0    0  5.1 10  90   M    M   1 1      14  40
18  83  65  74  -5   0   9 0.00  0.0    0  9.3 16  50   M    M   1        21  50
19  80  71  76  -3   0  11    T  0.0    0 10.7 17  60   M    M   8        21  60
20  83  66  75  -4   0  10 0.00  0.0    0  4.6 13 290   M    M   4 1      15 290
21  83  74  79   0   0  14    T  0.0    0  6.7 13 110   M    M   6        16 100
22  85  72  79   0   0  14 0.15  0.0    0  6.1 14  90   M    M   4 1      17 100
23  88  72  80   1   0  15 0.00  0.0    0  7.7 15 210   M    M   4 1      23 200
24  84  67  76  -3   0  11    T  0.0    0  8.1 33 360   M    M   5 1      40 350
25  83  68  76  -3   0  11 0.00  0.0    0  7.4 14 350   M    M   0        18  20
26  85  65  75  -4   0  10 0.00  0.0    0  5.1 14 110   M    M   2 3      16 110
27  85  75  80   1   0  15 0.01  0.0    0  8.1 17 230   M    M   1 18     22 210
28  88  68  78  -1   0  13    T  0.0    0 12.1 22 280   M    M   0        30 270
29  81  67  74  -5   0   9    T  0.0    0  7.6 14 330   M    M   4        17 340
30  82  62  72  -7   0   7 0.00  0.0    0  4.3 12  80   M    M   1        14  70
================================================================================
SM 2556 2066         0 367  5.38     0.0 250.7          M       78
================================================================================
AV 85.2 68.9                               8.4 FASTST   M    M   3    MAX(MPH)
                                 MISC ---->  # 39 350               # 52  350
================================================================================
NOTES:
# LAST OF SEVERAL OCCURRENCES

COLUMN 17 PEAK WIND IN M.P.H.

PRELIMINARY LOCAL CLIMATOLOGICAL DATA (WS FORM: F-6) , PAGE 2

                                          STATION:  ELIZABETH CITY NC
                                          MONTH:    JULY
                                          YEAR:     2014
                                          LATITUDE:   36 16 N
                                          LONGITUDE:  76 11 W

[TEMPERATURE DATA]      [PRECIPITATION DATA]       SYMBOLS USED IN COLUMN 16

AVERAGE MONTHLY: 77.0   TOTAL FOR MONTH:   5.38    1 = FOG OR MIST
DPTR FM NORMAL:  -1.8   DPTR FM NORMAL:   -0.08    2 = FOG REDUCING VISIBILITY
HIGHEST:    92 ON  9    GRTST 24HR  2.24 ON 16-16      TO 1/4 MILE OR LESS
LOWEST:     58 ON  6                               3 = THUNDER
                        SNOW, ICE PELLETS, HAIL    4 = ICE PELLETS
                        TOTAL MONTH:   0.0 INCH    5 = HAIL
                        GRTST 24HR     0.0         6 = FREEZING RAIN OR DRIZZLE
                        GRTST DEPTH:   0           7 = DUSTSTORM OR SANDSTORM:
                                                       VSBY 1/2 MILE OR LESS
                                                   8 = SMOKE OR HAZE
[NO. OF DAYS WITH]      [WEATHER - DAYS WITH]      9 = BLOWING SNOW
                                                   X = TORNADO
MAX 32 OR BELOW:   0    0.01 INCH OR MORE:   8
MAX 90 OR ABOVE:   6    0.10 INCH OR MORE:   6
MIN 32 OR BELOW:   0    0.50 INCH OR MORE:   4
MIN  0 OR BELOW:   0    1.00 INCH OR MORE:   2

[HDD (BASE 65) ]
TOTAL THIS MO.     0    CLEAR  (SCALE 0-3)  17
DPTR FM NORMAL     0    PTCLDY (SCALE 4-7)  13
TOTAL FM JUL 1     0    CLOUDY (SCALE 8-10)  0
DPTR FM NORMAL     0

[CDD (BASE 65) ]
TOTAL THIS MO.   367
DPTR FM NORMAL   -48    [PRESSURE DATA]
TOTAL FM JAN 1   887    HIGHEST SLP M ON M
DPTR FM NORMAL    -6    LOWEST  SLP 29.63 ON 28

[REMARKS]
