000
CXUS51 KAKQ 191010
CF6ECG
PRELIMINARY LOCAL CLIMATOLOGICAL DATA (WS FORM: F-6)

                                          STATION:   ELIZABETH CITY NC
                                          MONTH:     NOVEMBER
                                          YEAR:      2017
                                          LATITUDE:   36 16 N
                                          LONGITUDE:  76 11 W

  TEMPERATURE IN F:       :PCPN:    SNOW:  WIND      :SUNSHINE: SKY     :PK WND
================================================================================
1   2   3   4   5  6A  6B    7    8   9   10  11  12  13   14  15   16   17  18
                                     12Z  AVG MX 2MIN
DY MAX MIN AVG DEP HDD CDD  WTR  SNW DPTH SPD SPD DIR MIN PSBL S-S WX    SPD DR
================================================================================

 1  74  46  60   3   5   0 0.00  0.0    0  4.0 13 180   M    M   0 12     16 180
 2  79  53  66   9   0   1 0.00  0.0    0  2.0  8 120   M    M   1 12     12 120
 3  79  54  67  10   0   2 0.00  0.0    0  2.3 10 210   M    M   3 12     12 200
 4  67  59  63   7   2   0 0.00  0.0    0 11.3 22  40   M    M   9 12     28  30
 5  75  60  68  12   0   3 0.00  0.0    0  5.3 10  80   M    M   5 1      12  10
 6  79  58  69  13   0   4 0.00  0.0    0  5.6 15 210   M    M   5 12     18 230
 7  67  51  59   3   6   0 0.03  0.0    0 11.0 20 340   M    M   8 13     22 340
 8  58  52  55   0  10   0 0.07  0.0    0 13.8 20 340   M    M  10 1      25 350
 9  62  57  60   5   5   0 0.39  0.0    0  8.6 17  50   M    M  10 1      21  40
10  60  39  50  -5  15   0    T  0.0    0 15.4 24  30   M    M   5        32  30
11  47  35  41 -13  24   0 0.00  0.0    0 13.5 23 350   M    M   2        29 350
12  58  39  49  -5  16   0 0.00  0.0    0  6.9 12 340   M    M   5        14 340
13  54  48  51  -3  14   0 0.34    M    0 10.9 21 360   M    M  10 1      24 320
14  56  45  51  -3  14   0 0.00  0.0    0 13.2 22  10   M    M   5        28  10
15  62  39  51  -2  14   0 0.00  0.0    0  8.8 16 340   M    M   3        20 340
16  66  43  55   2  10   0 0.03    M    0  8.0 16 340   M    M   2 1      21 270
17  56  32  44  -9  21   0 0.00  0.0    0  7.2 16 320   M    M   0        19 340
18  66  32  49  -3  16   0 0.00  0.0    0 10.5 21 200   M    M   0        28 210
================================================================================
SM 1165  842       172  10  0.86     0.0 158.3          M       83
================================================================================
AV 64.7 46.8                               8.8 FASTST   M    M   5    MAX(MPH)
                                 MISC ---->  # 24  30               # 32   30
================================================================================
NOTES:
# LAST OF SEVERAL OCCURRENCES

COLUMN 17 PEAK WIND IN M.P.H.

PRELIMINARY LOCAL CLIMATOLOGICAL DATA (WS FORM: F-6) , PAGE 2

                                          STATION:  ELIZABETH CITY NC
                                          MONTH:    NOVEMBER
                                          YEAR:     2017
                                          LATITUDE:   36 16 N
                                          LONGITUDE:  76 11 W

[TEMPERATURE DATA]      [PRECIPITATION DATA]       SYMBOLS USED IN COLUMN 16

AVERAGE MONTHLY: 55.8   TOTAL FOR MONTH:   0.86    1 = FOG OR MIST
DPTR FM NORMAL:   0.9   DPTR FM NORMAL:   -1.08    2 = FOG REDUCING VISIBILITY
HIGHEST:    79 ON  6, 3 GRTST 24HR  0.39 ON  9- 9      TO 1/4 MILE OR LESS
LOWEST:     32 ON 18,17                            3 = THUNDER
                        SNOW, ICE PELLETS, HAIL    4 = ICE PELLETS
                        TOTAL MONTH:   0.0 INCH    5 = HAIL
                        GRTST 24HR     0.0         6 = FREEZING RAIN OR DRIZZLE
                        GRTST DEPTH:   0           7 = DUSTSTORM OR SANDSTORM:
                                                       VSBY 1/2 MILE OR LESS
                                                   8 = SMOKE OR HAZE
[NO. OF DAYS WITH]      [WEATHER - DAYS WITH]      9 = BLOWING SNOW
                                                   X = TORNADO
MAX 32 OR BELOW:   0    0.01 INCH OR MORE:   5
MAX 90 OR ABOVE:   0    0.10 INCH OR MORE:   2
MIN 32 OR BELOW:   2    0.50 INCH OR MORE:   0
MIN  0 OR BELOW:   0    1.00 INCH OR MORE:   0

[HDD (BASE 65) ]
TOTAL THIS MO.   172    CLEAR  (SCALE 0-3)   6
DPTR FM NORMAL   -17    PTCLDY (SCALE 4-7)   8
TOTAL FM JUL 1   249    CLOUDY (SCALE 8-10)  4
DPTR FM NORMAL   -91

[CDD (BASE 65) ]
TOTAL THIS MO.    10
DPTR FM NORMAL     6    [PRESSURE DATA]
TOTAL FM JAN 1  1961    HIGHEST SLP M ON M
DPTR FM NORMAL   376    LOWEST  SLP 29.58 ON 18

[REMARKS]
