000
CXUS52 KTAE 280800
CF6ECP
PRELIMINARY LOCAL CLIMATOLOGICAL DATA (WS FORM: F-6)

                                          STATION:   PANAMA CITY NW
                                          MONTH:     JANUARY
                                          YEAR:      2015
                                          LATITUDE:   30 21 N
                                          LONGITUDE:  85 48 W

  TEMPERATURE IN F:       :PCPN:    SNOW:  WIND      :SUNSHINE: SKY     :PK WND
================================================================================
1   2   3   4   5  6A  6B    7    8   9   10  11  12  13   14  15   16   17  18
                                     12Z  AVG MX 2MIN
DY MAX MIN AVG DEP HDD CDD  WTR  SNW DPTH SPD SPD DIR MIN PSBL S-S WX    SPD DR
================================================================================

 1  60  43  52   M  13   0 0.00  0.0    0  5.0 14  30   M    M   1 1      17  30
 2  66  50  58   M   7   0 0.00  0.0    0  4.8 10 130   M    M   8 1      15  90
 3  73  62  68   M   0   3 0.05  0.0    0 10.3 17 140   M    M  10 1      26 130
 4  74  52  63   M   2   0 1.44  0.0    0  7.9 24 220   M    M   7 13     45 330
 5  58  40  49   M  16   0 0.00  0.0    0  7.8 20 360   M    M   M        10  24
 6  65  35  50   M  15   0 0.00  0.0    0  3.9 22 240   M    M   0         M 330
 7  61  33  47   M  18   0 0.00  0.0    0 10.7 28 330   M    M   0        38 340
 8  42  21  32   M  33   0 0.00  0.0    0  8.1 23 360   M    M   0        29 350
 9  44  27  36   M  29   0 0.00  0.0    0  6.5 16 350   M    M   5        21 340
10  56  33  45   M  20   0 0.00  0.0    0  7.1 16  20   M    M   0        23  20
11  68  41  55   M  10   0 0.00  0.0    0  6.3 12 310   M    M   2        23 220
12  68  56  62   M   3   0 0.00  0.0    0  2.2 10  60   M    M   9 12     23  30
13  62  55  59   M   6   0 0.00  0.0    0  6.3 12 340   M    M  10 12     24  80
14  59  46  53   M  12   0 0.00  0.0    0  6.4 13 350   M    M   9        18 360
15  50  46  48   M  17   0 0.40    M    0  4.1 10  10   M    M   9 1      21 220
16  58  37  48   M  17   0 0.00    M    0  5.7 21 230   M    M   3        29 260
17  61  34  48   M  17   0 0.00  0.0    0  2.5 12 150   M    M   1        29 100
18  67  37  52   M  13   0 0.00  0.0    0  4.3 20 270   M    M   1 12     33  10
19  67  31  49   M  16   0 0.00  0.0    0  1.7 18 140   M    M   0        87 210
20  70  38  54   M  11   0 0.00  0.0    0  3.7 14 150   M    M   4        16 160
21  73  48  61   M   4   0 0.00  0.0    0  2.4 13 300   M    M   4 12     28 280
22  66  52  59   M   6   0 0.06  0.0    0  8.7 16  40   M    M   7        21  50
23  67  52  60   M   5   0 2.19  0.0    0  7.7 18 260   M    M   9 123    26 340
24  57  37  47   M  18   0    T    M    0  8.8 24 300   M    M   4 1      30 300
25  63  33  48   M  17   0 0.00  0.0    0  8.8 24 200   M    M   1        30 220
26  59  38  49   M  16   0 0.00  0.0    0  9.3 23 320   M    M   1         M 160
27  66  35  51   M  14   0 0.00  0.0    0  5.9 21 310   M    M   0        28 320
================================================================================
SM 1680 1112       355   3  4.14     0.0 166.9          M      105
================================================================================
AV 62.2 41.2                               6.2 FASTST   M    M   4    MAX(MPH)
                                 MISC ---->  # 28 330               # 87  210
================================================================================
NOTES:
# LAST OF SEVERAL OCCURRENCES

COLUMN 17 PEAK WIND IN M.P.H.

PRELIMINARY LOCAL CLIMATOLOGICAL DATA (WS FORM: F-6) , PAGE 2

                                          STATION:  PANAMA CITY NW
                                          MONTH:    JANUARY
                                          YEAR:     2015
                                          LATITUDE:   30 21 N
                                          LONGITUDE:  85 48 W

[TEMPERATURE DATA]      [PRECIPITATION DATA]       SYMBOLS USED IN COLUMN 16

AVERAGE MONTHLY: 51.7   TOTAL FOR MONTH:   4.14    1 = FOG OR MIST
DPTR FM NORMAL:     M   DPTR FM NORMAL:       M    2 = FOG REDUCING VISIBILITY
HIGHEST:    74 ON  4    GRTST 24HR  2.25 ON 22-23      TO 1/4 MILE OR LESS
LOWEST:     21 ON  8                               3 = THUNDER
                        SNOW, ICE PELLETS, HAIL    4 = ICE PELLETS
                        TOTAL MONTH:   0.0 INCH    5 = HAIL
                        GRTST 24HR     0.0         6 = FREEZING RAIN OR DRIZZLE
                        GRTST DEPTH:   0           7 = DUSTSTORM OR SANDSTORM:
                                                       VSBY 1/2 MILE OR LESS
                                                   8 = SMOKE OR HAZE
[NO. OF DAYS WITH]      [WEATHER - DAYS WITH]      9 = BLOWING SNOW
                                                   X = TORNADO
MAX 32 OR BELOW:   0    0.01 INCH OR MORE:   5
MAX 90 OR ABOVE:   0    0.10 INCH OR MORE:   3
MIN 32 OR BELOW:   3    0.50 INCH OR MORE:   2
MIN  0 OR BELOW:   0    1.00 INCH OR MORE:   2

[HDD (BASE 65) ]
TOTAL THIS MO.   355    CLEAR  (SCALE 0-3)  12
DPTR FM NORMAL     M    PTCLDY (SCALE 4-7)   7
TOTAL FM JUL 1   902    CLOUDY (SCALE 8-10)  7
DPTR FM NORMAL     M

[CDD (BASE 65) ]
TOTAL THIS MO.     3
DPTR FM NORMAL     M    [PRESSURE DATA]
TOTAL FM JAN 1     3    HIGHEST SLP 30.43 ON  5
DPTR FM NORMAL     M    LOWEST  SLP 29.78 ON 23

[REMARKS]
