000
CXUS52 KTAE 240800
CF6ECP
PRELIMINARY LOCAL CLIMATOLOGICAL DATA (WS FORM: F-6)

                                          STATION:   PANAMA CITY NW
                                          MONTH:     APRIL
                                          YEAR:      2014
                                          LATITUDE:   30 21 N
                                          LONGITUDE:  85 48 W

  TEMPERATURE IN F:       :PCPN:    SNOW:  WIND      :SUNSHINE: SKY     :PK WND
================================================================================
1   2   3   4   5  6A  6B    7    8   9   10  11  12  13   14  15   16   17  18
                                     12Z  AVG MX 2MIN
DY MAX MIN AVG DEP HDD CDD  WTR  SNW DPTH SPD SPD DIR MIN PSBL S-S WX    SPD DR
================================================================================

 1  75  44  60   M   5   0 0.00  0.0    0  3.4 25  10   M    M   2 12     35 340
 2  76  52  64   M   1   0 0.00  0.0    0  4.8 21  70   M    M   5 12     87 330
 3  78  56  67   M   0   2 0.00  0.0    0  8.1 21 170   M    M   5 1      25 170
 4  79  65  72   M   0   7 0.00  0.0    0  8.1 16 170   M    M   6 1      29 240
 5  80  67  74   M   0   9 0.29  0.0    0  3.7 10 220   M    M   9 1      22  90
 6  78  66  72   M   0   7 0.04  0.0    0  9.7 22 140   M    M   9 18     33 140
 7  75  64  70   M   0   5 1.74  0.0    0 11.5 21 160   M    M   7 128    29 140
 8  69  52  61   M   4   0 0.00  0.0    0  8.1 22 220   M    M   2        29 220
 9  73  49  61   M   4   0 0.00  0.0    0  7.7 21 300   M    M   1        29 360
10  75  45  60   M   5   0 0.00  0.0    0  3.8 24 270   M    M   0        61 320
11  77  51  64   M   1   0 0.00  0.0    0  4.6 14 160   M    M   1 1      29  30
12  81  53  67   M   0   2 0.00  0.0    0  4.6  M 180   M    M   2 12      M  M
13  81  61  71   M   0   6 0.00  0.0    0  7.7 18 140   M    M   3 12      M  M
14  79  64  72   M   0   7 0.31  0.0    0  9.9 24 140   M    M   3 13     31 150
15  79  47  63   M   2   0 1.04  0.0    0 12.9 22 330   M    M   6 13     31 320
16  70  42  56   M   9   0 0.00  0.0    0  8.2 18  30   M    M   0        24  10
17  75  53  64   M   1   0 1.11  0.0    0 10.6 26 170   M    M   9 13     98 210
18  62  57  60   M   5   0 1.79  0.0    0 13.8 28  10   M    M  10 1      38  20
19  70  56  63   M   2   0 0.00  0.0    0 10.8 33 300   M    M  10 18     79 210
20  62  52  57   M   8   0 0.00  0.0    0  6.7 13 360   M    M   7         M  M
21  77  50  64   M   1   0 0.00  0.0    0  3.3 18 280   M    M   0 18     26 250
22  76  54  65   M   0   0 0.00  0.0    0  4.7 16 190   M    M   1 12     28 180
23  84  64  74   M   0   9 0.00  0.0    0  3.4 21  20   M    M   5 128    82 320
================================================================================
SM 1731 1264        48  54  6.32     0.0 170.1          M      103
================================================================================
AV 75.3 55.0                               7.4 FASTST   M    M   4    MAX(MPH)
                                 MISC ---->  # 33 300               # 98  210
================================================================================
NOTES:
# LAST OF SEVERAL OCCURRENCES

COLUMN 17 PEAK WIND IN M.P.H.

PRELIMINARY LOCAL CLIMATOLOGICAL DATA (WS FORM: F-6) , PAGE 2

                                          STATION:  PANAMA CITY NW
                                          MONTH:    APRIL
                                          YEAR:     2014
                                          LATITUDE:   30 21 N
                                          LONGITUDE:  85 48 W

[TEMPERATURE DATA]      [PRECIPITATION DATA]       SYMBOLS USED IN COLUMN 16

AVERAGE MONTHLY: 65.1   TOTAL FOR MONTH:   6.32    1 = FOG OR MIST
DPTR FM NORMAL:     M   DPTR FM NORMAL:       M    2 = FOG REDUCING VISIBILITY
HIGHEST:    84 ON 23    GRTST 24HR  2.90 ON 17-18      TO 1/4 MILE OR LESS
LOWEST:     42 ON 16                               3 = THUNDER
                        SNOW, ICE PELLETS, HAIL    4 = ICE PELLETS
                        TOTAL MONTH:   0.0 INCH    5 = HAIL
                        GRTST 24HR     0.0         6 = FREEZING RAIN OR DRIZZLE
                        GRTST DEPTH:   0           7 = DUSTSTORM OR SANDSTORM:
                                                       VSBY 1/2 MILE OR LESS
                                                   8 = SMOKE OR HAZE
[NO. OF DAYS WITH]      [WEATHER - DAYS WITH]      9 = BLOWING SNOW
                                                   X = TORNADO
MAX 32 OR BELOW:   0    0.01 INCH OR MORE:   7
MAX 90 OR ABOVE:   0    0.10 INCH OR MORE:   6
MIN 32 OR BELOW:   0    0.50 INCH OR MORE:   4
MIN  0 OR BELOW:   0    1.00 INCH OR MORE:   4

[HDD (BASE 65) ]
TOTAL THIS MO.    48    CLEAR  (SCALE 0-3)  11
DPTR FM NORMAL     M    PTCLDY (SCALE 4-7)   7
TOTAL FM JUL 1  1556    CLOUDY (SCALE 8-10)  5
DPTR FM NORMAL     M

[CDD (BASE 65) ]
TOTAL THIS MO.    54
DPTR FM NORMAL     M    [PRESSURE DATA]
TOTAL FM JAN 1    68    HIGHEST SLP M ON M
DPTR FM NORMAL     M    LOWEST  SLP 29.69 ON  7

[REMARKS]
