000
CXUS52 KTAE 200800
CF6ECP
PRELIMINARY LOCAL CLIMATOLOGICAL DATA (WS FORM: F-6)

                                          STATION:   PANAMA CITY NW
                                          MONTH:     OCTOBER
                                          YEAR:      2014
                                          LATITUDE:   30 21 N
                                          LONGITUDE:  85 48 W

  TEMPERATURE IN F:       :PCPN:    SNOW:  WIND      :SUNSHINE: SKY     :PK WND
================================================================================
1   2   3   4   5  6A  6B    7    8   9   10  11  12  13   14  15   16   17  18
                                     12Z  AVG MX 2MIN
DY MAX MIN AVG DEP HDD CDD  WTR  SNW DPTH SPD SPD DIR MIN PSBL S-S WX    SPD DR
================================================================================

 1  88  66  77   M   0  12 0.00  0.0    0  2.0 13 290   M    M   3        32 210
 2  89  69  79   M   0  14 0.00  0.0    0  4.9 14 130   M    M   1        31 330
 3  86  69  78   M   0  13    M  0.0    0  5.6 20 230   M    M   4 1      38 320
 4  76  49  63   M   2   0 0.00  0.0    0  7.1 22  50   M    M   0        29 300
 5  77  47  62   M   3   0 0.00  0.0    0  1.6 16 230   M    M   0        23 250
 6  81  52  67   M   0   2 0.00  0.0    0  5.5 28 310   M    M   0        41 320
 7  86  61  74   M   0   9 0.00  0.0    0  4.3  M 300   M    M   1 1       M  M
 8  89  66  78   M   0  13 0.00  0.0    0  2.6  M   M   M    M   5 12      M  M
 9  87  65  76   M   0  11 0.00  0.0    0  3.1  M 320   M    M   2 12      M 320
10  87  65  76   M   0  11 0.00  0.0    0  2.7 28 320   M    M   5 12     29 320
11  88  63  76   M   0  11 0.00  0.0    0  2.4 25 320   M    M   5 12     31 330
12  88  66  77   M   0  12 0.00  0.0    0  4.0 14 190   M    M   5 128    18 260
13  84  71  78   M   0  13    T  0.0    0  9.1 33 150   M    M   5 1238   43 140
14  81  59  70   M   0   5    M  0.0    0  8.6  M   M   M    M   2 13     38 190
15  76  55  66   M   0   1 0.00  0.0    0  5.7 17 230   M    M   0        29 210
16  79  51  65   M   0   0 0.00  0.0    0  3.6 10 280   M    M   0        16 260
17  82  50  66   M   0   1 0.00  0.0    0  1.8 10 200   M    M   0        17 180
18  85  55  70   M   0   5 0.00  0.0    0  4.7 12 220   M    M   1         M  M
19  80  55  68   M   0   3 0.00  0.0    0  4.3 20 260   M    M   0        31 220
================================================================================
SM 1589 1134         5 136    T      0.0  83.6          M       39
================================================================================
AV 83.6 59.7                               4.4 FASTST   M    M   2    MAX(MPH)
                                 MISC ---->  # 33 150               # 43  140
================================================================================
NOTES:
# LAST OF SEVERAL OCCURRENCES

COLUMN 17 PEAK WIND IN M.P.H.

PRELIMINARY LOCAL CLIMATOLOGICAL DATA (WS FORM: F-6) , PAGE 2

                                          STATION:  PANAMA CITY NW
                                          MONTH:    OCTOBER
                                          YEAR:     2014
                                          LATITUDE:   30 21 N
                                          LONGITUDE:  85 48 W

[TEMPERATURE DATA]      [PRECIPITATION DATA]       SYMBOLS USED IN COLUMN 16

AVERAGE MONTHLY: 71.7   TOTAL FOR MONTH:      T    1 = FOG OR MIST
DPTR FM NORMAL:     M   DPTR FM NORMAL:       M    2 = FOG REDUCING VISIBILITY
HIGHEST:    89 ON  8, 2 GRTST 24HR  0.03 ON 30- 1      TO 1/4 MILE OR LESS
LOWEST:     47 ON  5                               3 = THUNDER
                        SNOW, ICE PELLETS, HAIL    4 = ICE PELLETS
                        TOTAL MONTH:   0.0 INCH    5 = HAIL
                        GRTST 24HR     0.0         6 = FREEZING RAIN OR DRIZZLE
                        GRTST DEPTH:   0           7 = DUSTSTORM OR SANDSTORM:
                                                       VSBY 1/2 MILE OR LESS
                                                   8 = SMOKE OR HAZE
[NO. OF DAYS WITH]      [WEATHER - DAYS WITH]      9 = BLOWING SNOW
                                                   X = TORNADO
MAX 32 OR BELOW:   0    0.01 INCH OR MORE:   0
MAX 90 OR ABOVE:   0    0.10 INCH OR MORE:   0
MIN 32 OR BELOW:   0    0.50 INCH OR MORE:   0
MIN  0 OR BELOW:   0    1.00 INCH OR MORE:   0

[HDD (BASE 65) ]
TOTAL THIS MO.     5    CLEAR  (SCALE 0-3)  12
DPTR FM NORMAL     M    PTCLDY (SCALE 4-7)   7
TOTAL FM JUL 1     5    CLOUDY (SCALE 8-10)  0
DPTR FM NORMAL     M

[CDD (BASE 65) ]
TOTAL THIS MO.   136
DPTR FM NORMAL     M    [PRESSURE DATA]
TOTAL FM JAN 1  2533    HIGHEST SLP M ON M
DPTR FM NORMAL     M    LOWEST  SLP 29.83 ON 14

[REMARKS]
