000
CXUS54 KEWX 270910
CF6ECU
PRELIMINARY LOCAL CLIMATOLOGICAL DATA (WS FORM: F-6)

                                          STATION:   Edwards County Airport
                                          MONTH:     JULY
                                          YEAR:      2015
                                          LATITUDE:   29 57 N
                                          LONGITUDE: 100 10 W

  TEMPERATURE IN F:       :PCPN:    SNOW:  WIND      :SUNSHINE: SKY     :PK WND
================================================================================
1   2   3   4   5  6A  6B    7    8   9   10  11  12  13   14  15   16   17  18
                                     12Z  AVG MX 2MIN
DY MAX MIN AVG DEP HDD CDD  WTR  SNW DPTH SPD SPD DIR MIN PSBL S-S WX    SPD DR
================================================================================

 1  84  68  76   M   0  11 0.00  0.0    0 11.7 16 150   M    M   7 1      22 150
 2  84  64  74   M   0   9 0.00  0.0    0 12.7 20 160   M    M   4 18     28 150
 3  88  70  79   M   0  14 0.00    M    0 12.7 18 160   M    M   4 18     23 150
 4  88  72  80   M   0  15 0.00    M    0 10.8 15 150   M    M   4 18     20 150
 5  88  70  79   M   0  14 0.00  0.0    0 13.8 17 150   M    M   2 18     28 160
 6  88  73  81   M   0  16 0.00  0.0    0 15.1 22 150   M    M   6 18     30 160
 7  81  73  77   M   0  12 0.00  0.0    0 11.3 20 160   M    M   7 18     25 160
 8  84  72  78   M   0  13 0.00  0.0    0 12.5 23 150   M    M   7 18     32 150
 9  88  72  80   M   0  15 0.00    M    0 17.0 22 150   M    M   5 8      30 150
10  90  70  80   M   0  15 0.00    M    0 14.0 17 150   M    M   5 18     28 180
11  90  70  80   M   0  15 0.00    M    0 11.6 15 150   M    M   5 18     24 160
12  91  72  82   M   0  17 0.00    M    0 10.2 16 160   M    M   5 18     21 170
13  93  72  83   M   0  18 0.00  0.0    0  9.3 15 150   M    M   4 18     20 170
14  93  70  82   M   0  17 0.00  0.0    0  9.4 14 160   M    M   3 18     21 170
15  91  68  80   M   0  15 0.00  0.0    0  9.6 15 150   M    M   5 8      20 160
16  91  70  81   M   0  16 0.00  0.0    0 10.8 15 150   M    M   5 18     22 160
17  91  72  82   M   0  17 0.00    M    M 12.6 17 160   M    M   5 18     22 140
18  93  73  83   M   0  18 0.00    M    M 13.3 18 160   M    M   6 18     24 160
19  93  73  83   M   0  18 0.00    M    M 11.9 16 150   M    M   6 18     23 150
20  93  72  83   M   0  18 0.00  0.0    0  9.2 14 150   M    M   3 18     22 150
21  95  72  84   M   0  19 0.00  0.0    0  9.8 13 150   M    M   3 18     21 140
22  93  72  83   M   0  18 0.00  0.0    0 10.7 15 150   M    M   5 18     22 150
23  93  73  83   M   0  18 0.00  0.0    0 11.3 15 150   M    M   5 18     23 150
24  91  73  82   M   0  17 0.00  0.0    0 10.1 14 150   M    M   5 18     22 150
25  97  72  85   M   0  20 0.00    M    0  8.8 13 160   M    M   3        17 140
26  99  73  86   M   0  21 0.00    M    0  8.8 14 170   M    M   3 18     20 160
================================================================================
SM 2350 1851         0 416  0.00     0.0 299.0          M      122
================================================================================
AV 90.4 71.2                              11.5 FASTST   M    M   5    MAX(MPH)
                                 MISC ---->  # 23 150                 32    M
================================================================================
NOTES:
# LAST OF SEVERAL OCCURRENCES

COLUMN 17 PEAK WIND IN M.P.H.

PRELIMINARY LOCAL CLIMATOLOGICAL DATA (WS FORM: F-6) , PAGE 2

                                          STATION:  Edwards County Airport
                                          MONTH:    JULY
                                          YEAR:     2015
                                          LATITUDE:   29 57 N
                                          LONGITUDE: 100 10 W

[TEMPERATURE DATA]      [PRECIPITATION DATA]       SYMBOLS USED IN COLUMN 16

AVERAGE MONTHLY: 80.8   TOTAL FOR MONTH:   0.00    1 = FOG OR MIST
DPTR FM NORMAL:     M   DPTR FM NORMAL:       M    2 = FOG REDUCING VISIBILITY
HIGHEST:    99 ON 26    GRTST 24HR  0.00 ON 26-26      TO 1/4 MILE OR LESS
LOWEST:     64 ON  2                               3 = THUNDER
                        SNOW, ICE PELLETS, HAIL    4 = ICE PELLETS
                        TOTAL MONTH:   0.0 INCH    5 = HAIL
                        GRTST 24HR     0.0         6 = FREEZING RAIN OR DRIZZLE
                        GRTST DEPTH:   0           7 = DUSTSTORM OR SANDSTORM:
                                                       VSBY 1/2 MILE OR LESS
                                                   8 = SMOKE OR HAZE
[NO. OF DAYS WITH]      [WEATHER - DAYS WITH]      9 = BLOWING SNOW
                                                   X = TORNADO
MAX 32 OR BELOW:   0    0.01 INCH OR MORE:   0
MAX 90 OR ABOVE:  17    0.10 INCH OR MORE:   0
MIN 32 OR BELOW:   0    0.50 INCH OR MORE:   0
MIN  0 OR BELOW:   0    1.00 INCH OR MORE:   0

[HDD (BASE 65) ]
TOTAL THIS MO.     0    CLEAR  (SCALE 0-3)   4
DPTR FM NORMAL     M    PTCLDY (SCALE 4-7)  22
TOTAL FM JUL 1     0    CLOUDY (SCALE 8-10)  0
DPTR FM NORMAL     M

[CDD (BASE 65) ]
TOTAL THIS MO.   416
DPTR FM NORMAL     M    [PRESSURE DATA]
TOTAL FM JAN 1  1098    HIGHEST SLP M ON M
DPTR FM NORMAL     M    LOWEST  SLP M ON M

[REMARKS]
