000
CXUS55 KVEF 270940
CF6EED
PRELIMINARY LOCAL CLIMATOLOGICAL DATA (WS FORM: F-6)

                                          STATION:   NEEDLES CA
                                          MONTH:     FEBRUARY
                                          YEAR:      2015
                                          LATITUDE:   34 46 N
                                          LONGITUDE: 114 37 W

  TEMPERATURE IN F:       :PCPN:    SNOW:  WIND      :SUNSHINE: SKY     :PK WND
================================================================================
1   2   3   4   5  6A  6B    7    8   9   10  11  12  13   14  15   16   17  18
                                     12Z  AVG MX 2MIN
DY MAX MIN AVG DEP HDD CDD  WTR  SNW DPTH SPD SPD DIR MIN PSBL S-S WX    SPD DR
================================================================================

 1  73  52  63   7   2   0 0.00  0.0    0  9.3 20  10   M    M   0        24  20
 2  75  46  61   5   4   0 0.00  0.0    0  4.8 10 270   M    M   0        13  50
 3  75  47  61   5   4   0 0.00  0.0    0  4.3 12 250   M    M   0        13  30
 4  77  49  63   7   2   0 0.00  0.0    0  3.6  9 290   M    M   0        10 260
 5  78  49  64   8   1   0 0.00  0.0    0  3.7 12 360   M    M   0        14 360
 6  84  50  67  10   0   2 0.00  0.0    0  4.6 12 180   M    M   0        15 210
 7  81  52  67  10   0   2 0.00  0.0    0  4.8 12 130   M    M   2        14 120
 8  84  56  70  13   0   5 0.00  0.0    0  4.6 12 270   M    M   0        14 260
 9  86  55  71  14   0   6 0.00  0.0    0  5.1 14 110   M    M   0        18 110
10  82  55  69  12   0   4 0.00  0.0    0 10.0 26  20   M    M   0        32  20
11  78  61  70  12   0   5 0.00  0.0    0 19.6 32  10   M    M   0        40  10
12  81  57  69  11   0   4 0.00  0.0    0  6.7 14 350   M    M   0        18 360
13  85  53  69  11   0   4 0.00  0.0    0  5.9 15  30   M    M   0        18  30
14  85  52  69  11   0   4 0.00  0.0    0  3.9 12 240   M    M   0        13 240
15  84  53  69  11   0   4 0.00  0.0    0  3.8 12 250   M    M   0        13 260
16  82  52  67   9   0   2 0.00  0.0    0  3.8 12 350   M    M   0        17 110
17  78  56  67   8   0   2 0.00  0.0    0  9.3 18  20   M    M   0        22  30
18  81  49  65   6   0   0 0.00  0.0    0  4.7 13 260   M    M   0        16  30
19  82  51  67   8   0   2 0.00  0.0    0  3.6 10 250   M    M   0        12 240
20  82  55  69  10   0   4 0.00  0.0    0  3.7 10 240   M    M   0        12 230
21  81  53  67   8   0   2 0.00  0.0    0  8.2 18 210   M    M   0        24 210
22  72  53  63   3   2   0    T  0.0    0 11.6 26  10   M    M   4        32  10
23  60  45  53  -7  12   0 0.45  0.0    0 12.3 20  10   M    M   5 1      24  20
24  68  45  57  -3   8   0 0.00  0.0    0 12.7 32  30   M    M   0        39  20
25  75  44  60   0   5   0 0.00  0.0    0  3.7 12 250   M    M   0        12 250
26  79  48  64   4   1   0 0.00  0.0    0  5.5 13  20   M    M   0        15  20
================================================================================
SM 2048 1338        41  52  0.45     0.0 173.8          M       11
================================================================================
AV 78.8 51.5                               6.7 FASTST   M    M   0    MAX(MPH)
                                 MISC ---->  # 32  10               # 40   10
================================================================================
NOTES:
# LAST OF SEVERAL OCCURRENCES

COLUMN 17 PEAK WIND IN M.P.H.

PRELIMINARY LOCAL CLIMATOLOGICAL DATA (WS FORM: F-6) , PAGE 2

                                          STATION:  NEEDLES CA
                                          MONTH:    FEBRUARY
                                          YEAR:     2015
                                          LATITUDE:   34 46 N
                                          LONGITUDE: 114 37 W

[TEMPERATURE DATA]      [PRECIPITATION DATA]       SYMBOLS USED IN COLUMN 16

AVERAGE MONTHLY: 65.1   TOTAL FOR MONTH:   0.45    1 = FOG OR MIST
DPTR FM NORMAL:   7.1   DPTR FM NORMAL:   -0.28    2 = FOG REDUCING VISIBILITY
HIGHEST:    86 ON  9    GRTST 24HR  0.45 ON 22-23      TO 1/4 MILE OR LESS
LOWEST:     44 ON 25                               3 = THUNDER
                        SNOW, ICE PELLETS, HAIL    4 = ICE PELLETS
                        TOTAL MONTH:   0.0 INCH    5 = HAIL
                        GRTST 24HR     0.0         6 = FREEZING RAIN OR DRIZZLE
                        GRTST DEPTH:   0           7 = DUSTSTORM OR SANDSTORM:
                                                       VSBY 1/2 MILE OR LESS
                                                   8 = SMOKE OR HAZE
[NO. OF DAYS WITH]      [WEATHER - DAYS WITH]      9 = BLOWING SNOW
                                                   X = TORNADO
MAX 32 OR BELOW:   0    0.01 INCH OR MORE:   1
MAX 90 OR ABOVE:   0    0.10 INCH OR MORE:   1
MIN 32 OR BELOW:   0    0.50 INCH OR MORE:   0
MIN  0 OR BELOW:   0    1.00 INCH OR MORE:   0

[HDD (BASE 65) ]
TOTAL THIS MO.    41    CLEAR  (SCALE 0-3)  24
DPTR FM NORMAL  -147    PTCLDY (SCALE 4-7)   2
TOTAL FM JUL 1   603    CLOUDY (SCALE 8-10)  0
DPTR FM NORMAL  -442

[CDD (BASE 65) ]
TOTAL THIS MO.    52
DPTR FM NORMAL    47    [PRESSURE DATA]
TOTAL FM JAN 1    56    HIGHEST SLP M ON M
DPTR FM NORMAL    50    LOWEST  SLP 29.62 ON 21

[REMARKS]
