000
CXUS55 KGJT 311000
CF6EEO
PRELIMINARY LOCAL CLIMATOLOGICAL DATA (WS FORM: F-6)

                                          STATION:   MEEKER CO
                                          MONTH:     MAY
                                          YEAR:      2016
                                          LATITUDE:   40  2 N
                                          LONGITUDE: 107 53 W

  TEMPERATURE IN F:       :PCPN:    SNOW:  WIND      :SUNSHINE: SKY     :PK WND
================================================================================
1   2   3   4   5  6A  6B    7    8   9   10  11  12  13   14  15   16   17  18
                                     12Z  AVG MX 2MIN
DY MAX MIN AVG DEP HDD CDD  WTR  SNW DPTH SPD SPD DIR MIN PSBL S-S WX    SPD DR
================================================================================

 1  59  30  45  -1  20   0 0.00    M    M  7.8 21  20   M    M   5        25  30
 2  61  32  47   0  18   0 0.00    M    M  4.3 16 250   M    M   4        24 260
 3  69  28  49   2  16   0 0.00    M    M  4.2 14  20   M    M   0        18  10
 4  78  33  56   9   9   0 0.00    M    M  4.8 15 200   M    M   0 8      21 190
 5  80  38  59  11   6   0 0.00    M    M  4.7 17 190   M    M   1 8      19 200
 6  76  41  59  11   6   0 0.14    M    M  8.6 28 190   M    M   4 3      37 200
 7  53  38  46  -2  19   0 0.19    M    M  4.7 35 230   M    M   7 13     40 240
 8  53  38  46  -3  19   0 0.16    M    M  8.4 25 270   M    M   9 1      34 240
 9  64  40  52   3  13   0 0.84    M    M  5.7 37 230   M    M   8 13     49 230
10  56  39  48  -1  17   0 0.23    M    M  9.5 26  20   M    M   6 1      31  20
11  57  29  43  -7  22   0 0.00    M    M  4.0 16 240   M    M   2        21 270
12  70  30  50   0  15   0 0.00    M    M  5.6 17 280   M    M   0        23 270
13  77  33  55   5  10   0 0.00    M    M  4.8 18 270   M    M   0        26 270
14  79  38  59   8   6   0    T    M    M  6.0 26 240   M    M   2        32 240
15  66  44  55   4  10   0 0.20    M    M  6.4 39 210   M    M   5 38     47 210
16  53  43  48  -4  17   0 0.16    M    M  4.0 13 270   M    M   9 1      15 230
17  61  40  51  -1  14   0 0.29    M    M  5.6 26 290   M    M   7 3      29 290
18  66  35  51  -1  14   0 0.03    M    M  3.2 13  10   M    M   3        16  20
19  67  37  52  -1  13   0 0.30    M    M  5.7 30 260   M    M   4        37 260
20  72  47  60   7   5   0 0.00    M    M 10.5 29 190   M    M   2        38 200
21  72  44  58   5   7   0 0.00    M    M 13.8 33 190   M    M   1        44 190
22  65  38  52  -2  13   0 0.00    M    M  6.9 32 230   M    M   8        40 260
23  67  32  50  -4  15   0    T    M    M  2.3 35 270   M    M   2        43 260
24  72  35  54   0  11   0 0.00    M    M 10.5 33 230   M    M   2        41 220
25  68  39  54  -1  11   0    T    M    M  8.2 25 240   M    M   4        39 240
26  66  35  51  -4  14   0 0.04    M    M  5.6 25 300   M    M   3 3      33 290
27  58  40  49  -6  16   0 0.18    M    M  4.0 23 350   M    M   3 3      25 350
28  70  34  52  -4  13   0    T    M    M  4.6 18 200   M    M   3 3      24 220
29  72  35  54  -2  11   0    T    M    M  5.5 28 310   M    M   1 3      37 300
30  74  37  56   0   9   0 0.00    M    M  6.1 29 200   M    M   2 3      38 210
================================================================================
SM 2001 1102       389   0  2.76    M    186.0          M      107
================================================================================
AV 66.7 36.7                               6.2 FASTST   M    M   4    MAX(MPH)
                                 MISC ---->  # 39 210               # 49  230
================================================================================
NOTES:
# LAST OF SEVERAL OCCURRENCES

COLUMN 17 PEAK WIND IN M.P.H.

PRELIMINARY LOCAL CLIMATOLOGICAL DATA (WS FORM: F-6) , PAGE 2

                                          STATION:  MEEKER CO
                                          MONTH:    MAY
                                          YEAR:     2016
                                          LATITUDE:   40  2 N
                                          LONGITUDE: 107 53 W

[TEMPERATURE DATA]      [PRECIPITATION DATA]       SYMBOLS USED IN COLUMN 16

AVERAGE MONTHLY: 51.7   TOTAL FOR MONTH:   2.76    1 = FOG OR MIST
DPTR FM NORMAL:   0.4   DPTR FM NORMAL:    1.35    2 = FOG REDUCING VISIBILITY
HIGHEST:    80 ON  5    GRTST 24HR  0.93 ON  9-10      TO 1/4 MILE OR LESS
LOWEST:     28 ON  3                               3 = THUNDER
                        SNOW, ICE PELLETS, HAIL    4 = ICE PELLETS
                        TOTAL MONTH:    M          5 = HAIL
                        GRTST 24HR    M  ON   M    6 = FREEZING RAIN OR DRIZZLE
                        GRTST DEPTH:  M  ON   M    7 = DUSTSTORM OR SANDSTORM:
                                                       VSBY 1/2 MILE OR LESS
                                                   8 = SMOKE OR HAZE
[NO. OF DAYS WITH]      [WEATHER - DAYS WITH]      9 = BLOWING SNOW
                                                   X = TORNADO
MAX 32 OR BELOW:   0    0.01 INCH OR MORE:  12
MAX 90 OR ABOVE:   0    0.10 INCH OR MORE:  10
MIN 32 OR BELOW:   6    0.50 INCH OR MORE:   1
MIN  0 OR BELOW:   0    1.00 INCH OR MORE:   0

[HDD (BASE 65) ]
TOTAL THIS MO.   389    CLEAR  (SCALE 0-3)  15
DPTR FM NORMAL   -21    PTCLDY (SCALE 4-7)  12
TOTAL FM JUL 1  7465    CLOUDY (SCALE 8-10)  3
DPTR FM NORMAL  -358

[CDD (BASE 65) ]
TOTAL THIS MO.     0
DPTR FM NORMAL     0    [PRESSURE DATA]
TOTAL FM JAN 1     0    HIGHEST SLP M ON M
DPTR FM NORMAL     0    LOWEST  SLP 29.49 ON  9

[REMARKS]
