000
CXUS51 KRLX 161246
CF6EKN
PRELIMINARY LOCAL CLIMATOLOGICAL DATA (WS FORM: F-6)

                                          STATION:   ELKINS WV
                                          MONTH:     JANUARY
                                          YEAR:      2018
                                          LATITUDE:   38 52 N
                                          LONGITUDE:  79 51 W

  TEMPERATURE IN F:       :PCPN:    SNOW:  WIND      :SUNSHINE: SKY     :PK WND
================================================================================
1   2   3   4   5  6A  6B    7    8   9   10  11  12  13   14  15   16   17  18
                                     12Z  AVG MX 2MIN
DY MAX MIN AVG DEP HDD CDD  WTR  SNW DPTH SPD SPD DIR MIN PSBL S-S WX    SPD DR
================================================================================

 1  12  -6   3 -26  62   0 0.01  0.1    5  4.8 14 310   M    M   7 18     20 280
 2  19  -8   6 -23  59   0    T    T    4  2.0 10 280   M    M   4 8      14 300
 3  25 -14   6 -23  59   0 0.00  0.0    4  0.1  5 250   M    M   3 18      6 270
 4  16   5  11 -18  54   0    M  1.5    5 11.4 24 310   M    M  10 9      35 320
 5   8   2   5 -24  60   0    M  2.0    5 13.7 22 270   M    M  10 89     32 260
 6   9  -9   0 -29  65   0    M  0.6    7  7.7 17 290   M    M   8 8      23 280
 7  29 -14   8 -21  57   0    M  0.0    5  0.1  5 300   M    M   2         5 270
 8  39  13  26  -3  39   0    M  0.0    5  2.9 14 240   M    M   8 18     18 240
 9  43  24  34   5  31   0 0.00  0.0    3  2.7 10 270   M    M   5 1      16 240
10  55  22  39  10  26   0 0.00  0.0    2  3.5 12 190   M    M   3 1      16 190
11  62  43  53  24  12   0 0.03  0.0    0 11.8 26 160   M    M   4        42 170
12  65  35  50  21  15   0 1.25  0.0    0  7.8 18 320   M    M   9 1      28 150
13  35  14  25  -4  40   0 0.05  1.4    1  9.7 21 310   M    M  10 1      28 300
14  21   2  12 -17  53   0    T  0.1    1  2.5 10 340   M    M   3 1      14 340
15  36   5  21  -8  44   0 0.00  0.0    1  2.7 10 250   M    M   5        14 250
================================================================================
SM  474  114       676   0  1.34     5.7  83.4          M       91
================================================================================
AV 31.6  7.6                               5.6 FASTST   M    M   6    MAX(MPH)
                                 MISC ---->  # 26 160               # 42  170
================================================================================
NOTES:
# LAST OF SEVERAL OCCURRENCES

COLUMN 17 PEAK WIND IN M.P.H.

PRELIMINARY LOCAL CLIMATOLOGICAL DATA (WS FORM: F-6) , PAGE 2

                                          STATION:  ELKINS WV
                                          MONTH:    JANUARY
                                          YEAR:     2018
                                          LATITUDE:   38 52 N
                                          LONGITUDE:  79 51 W

[TEMPERATURE DATA]      [PRECIPITATION DATA]       SYMBOLS USED IN COLUMN 16

AVERAGE MONTHLY: 19.6   TOTAL FOR MONTH:   1.34    1 = FOG OR MIST
DPTR FM NORMAL:  -9.4   DPTR FM NORMAL:   -0.21    2 = FOG REDUCING VISIBILITY
HIGHEST:    65 ON 12    GRTST 24HR  2.62 ON 31- 1      TO 1/4 MILE OR LESS
LOWEST:    -14 ON  7, 3                            3 = THUNDER
                        SNOW, ICE PELLETS, HAIL    4 = ICE PELLETS
                        TOTAL MONTH:   5.7 INCHES  5 = HAIL
                        GRTST 24HR   2.0 ON  5- 5  6 = FREEZING RAIN OR DRIZZLE
                        GRTST DEPTH:   7 ON  6     7 = DUSTSTORM OR SANDSTORM:
                                                       VSBY 1/2 MILE OR LESS
                                                   8 = SMOKE OR HAZE
[NO. OF DAYS WITH]      [WEATHER - DAYS WITH]      9 = BLOWING SNOW
                                                   X = TORNADO
MAX 32 OR BELOW:   8    0.01 INCH OR MORE:   4
MAX 90 OR ABOVE:   0    0.10 INCH OR MORE:   1
MIN 32 OR BELOW:  13    0.50 INCH OR MORE:   1
MIN  0 OR BELOW:   5    1.00 INCH OR MORE:   1

[HDD (BASE 65) ]
TOTAL THIS MO.   676    CLEAR  (SCALE 0-3)   3
DPTR FM NORMAL   136    PTCLDY (SCALE 4-7)   8
TOTAL FM JUL 1  2806    CLOUDY (SCALE 8-10)  4
DPTR FM NORMAL   -25

[CDD (BASE 65) ]
TOTAL THIS MO.     0
DPTR FM NORMAL     0    [PRESSURE DATA]
TOTAL FM JAN 1     0    HIGHEST SLP M ON M
DPTR FM NORMAL     0    LOWEST  SLP 29.56 ON 12

[REMARKS]
