000
CXUS51 KRLX 241112
CF6EKN
PRELIMINARY LOCAL CLIMATOLOGICAL DATA (WS FORM: F-6)

                                          STATION:   ELKINS WV
                                          MONTH:     AUGUST
                                          YEAR:      2016
                                          LATITUDE:   38 52 N
                                          LONGITUDE:  79 51 W

  TEMPERATURE IN F:       :PCPN:    SNOW:  WIND      :SUNSHINE: SKY     :PK WND
================================================================================
1   2   3   4   5  6A  6B    7    8   9   10  11  12  13   14  15   16   17  18
                                     12Z  AVG MX 2MIN
DY MAX MIN AVG DEP HDD CDD  WTR  SNW DPTH SPD SPD DIR MIN PSBL S-S WX    SPD DR
================================================================================

 1  83  62  73   3   0   8 0.00  0.0    0  2.4 12 280   M    M   2 12     13 290
 2  87  64  76   6   0  11 0.18  0.0    0  1.6 15 350   M    M   7 128    17 340
 3  81  67  74   4   0   9    T  0.0    0  3.5 14 150   M    M   7 18     19 150
 4  80  65  73   3   0   8    T  0.0    0  5.5 13 140   M    M   7        18 150
 5  78  60  69  -1   0   4 1.14  0.0    0  1.2 16 240   M    M   7 12     20 230
 6  84  62  73   3   0   8 0.02  0.0    0  2.7 13 290   M    M   6 128    16 300
 7  83  59  71   1   0   6 0.00  0.0    0  1.8  9 340   M    M   4 12     12 330
 8  80  57  69  -1   0   4 0.00  0.0    0  3.5 13 200   M    M   6 12     16 200
 9  85  65  75   5   0  10 0.00  0.0    0  6.8 15 150   M    M   3        22 160
10  90  71  81  11   0  16 0.29  0.0    0  3.9 15 250   M    M   5 1      19 260
11  91  66  79   9   0  14    T  0.0    0  2.2 14 200   M    M   2 12     20 200
12  90  69  80  10   0  15 0.01  0.0    0  2.2 10 300   M    M   5 1      14 310
13  91  68  80  10   0  15 0.00  0.0    0  3.5 12 260   M    M   5 1      17 250
14  87  67  77   7   0  12 0.10  0.0    0  3.5 16 340   M    M   6 1      25 340
15  86  65  76   7   0  11 0.09  0.0    0  1.7 12 150   M    M   6 12     14 140
16  88  65  77   8   0  12 0.13  0.0    0  5.2 23 270   M    M   3 12     36 260
17  86  68  77   8   0  12 0.50  0.0    0  4.4 12 290   M    M   8 1      15 220
18  83  66  75   6   0  10 0.02  0.0    0  2.7 12 290   M    M   6 1      17 240
19  84  65  75   6   0  10    T  0.0    0  2.0 13 360   M    M   5 128    16 360
20  87  67  77   8   0  12    T  0.0    0  4.2 16 220   M    M   6 18     21 220
21  73  59  66  -3   0   1 0.29  0.0    0  3.2 15 310   M    M   8 1      21 310
22  77  55  66  -3   0   1 0.00  0.0    0  2.8 12 290   M    M   4 1      16 340
23  82  52  67  -2   0   2 0.00  0.0    0  2.6 12 230   M    M   3 12     13 220
================================================================================
SM 1936 1464         0 211  2.77     0.0  73.1          M      121
================================================================================
AV 84.2 63.7                               3.2 FASTST   M    M   5    MAX(MPH)
                                 MISC ---->  # 23 270               # 36  260
================================================================================
NOTES:
# LAST OF SEVERAL OCCURRENCES

COLUMN 17 PEAK WIND IN M.P.H.

PRELIMINARY LOCAL CLIMATOLOGICAL DATA (WS FORM: F-6) , PAGE 2

                                          STATION:  ELKINS WV
                                          MONTH:    AUGUST
                                          YEAR:     2016
                                          LATITUDE:   38 52 N
                                          LONGITUDE:  79 51 W

[TEMPERATURE DATA]      [PRECIPITATION DATA]       SYMBOLS USED IN COLUMN 16

AVERAGE MONTHLY: 73.9   TOTAL FOR MONTH:   2.77    1 = FOG OR MIST
DPTR FM NORMAL:   4.3   DPTR FM NORMAL:   -0.17    2 = FOG REDUCING VISIBILITY
HIGHEST:    91 ON 13,11 GRTST 24HR  1.16 ON  5- 6      TO 1/4 MILE OR LESS
LOWEST:     52 ON 23                               3 = THUNDER
                        SNOW, ICE PELLETS, HAIL    4 = ICE PELLETS
                        TOTAL MONTH:   0.0 INCH    5 = HAIL
                        GRTST 24HR     0.0         6 = FREEZING RAIN OR DRIZZLE
                        GRTST DEPTH:   0           7 = DUSTSTORM OR SANDSTORM:
                                                       VSBY 1/2 MILE OR LESS
                                                   8 = SMOKE OR HAZE
[NO. OF DAYS WITH]      [WEATHER - DAYS WITH]      9 = BLOWING SNOW
                                                   X = TORNADO
MAX 32 OR BELOW:   0    0.01 INCH OR MORE:  11
MAX 90 OR ABOVE:   4    0.10 INCH OR MORE:   7
MIN 32 OR BELOW:   0    0.50 INCH OR MORE:   2
MIN  0 OR BELOW:   0    1.00 INCH OR MORE:   1

[HDD (BASE 65) ]
TOTAL THIS MO.     0    CLEAR  (SCALE 0-3)   3
DPTR FM NORMAL    -8    PTCLDY (SCALE 4-7)  20
TOTAL FM JUL 1     0    CLOUDY (SCALE 8-10)  0
DPTR FM NORMAL   -20

[CDD (BASE 65) ]
TOTAL THIS MO.   211
DPTR FM NORMAL    99    [PRESSURE DATA]
TOTAL FM JAN 1   616    HIGHEST SLP M ON M
DPTR FM NORMAL   223    LOWEST  SLP 29.75 ON 21

[REMARKS]
