000
CXUS51 KRLX 301151
CF6EKN
PRELIMINARY LOCAL CLIMATOLOGICAL DATA (WS FORM: F-6)

                                          STATION:   ELKINS WV
                                          MONTH:     APRIL
                                          YEAR:      2016
                                          LATITUDE:   38 52 N
                                          LONGITUDE:  79 51 W

  TEMPERATURE IN F:       :PCPN:    SNOW:  WIND      :SUNSHINE: SKY     :PK WND
================================================================================
1   2   3   4   5  6A  6B    7    8   9   10  11  12  13   14  15   16   17  18
                                     12Z  AVG MX 2MIN
DY MAX MIN AVG DEP HDD CDD  WTR  SNW DPTH SPD SPD DIR MIN PSBL S-S WX    SPD DR
================================================================================

 1  73  53  63  18   2   0 0.04  0.0    0 10.7 26 300   M    M   3        40 250
 2  54  31  43  -3  22   0 0.17  0.1    0 13.6 33 280   M    M   8 1      54 300
 3  49  26  38  -8  27   0 0.02  0.2    T  9.9 32 280   M    M   4 12     51 320
 4  64  30  47   1  18   0 0.29  0.0    0 11.7 25 220   M    M   7 1      38 230
 5  39  22  31 -15  34   0    T    T    0  5.9 16 340   M    M   5 1      21 320
 6  61  19  40  -7  25   0 0.00  0.0    0  8.6 20 170   M    M   1        27 170
 7  51  32  42  -5  23   0 0.82  2.0    0 10.8 23 280   M    M  10 1      32 290
 8  41  30  36 -12  29   0 0.03  1.0    3  9.1 21 290   M    M  10 1      28 260
 9  35  24  30 -18  35   0 0.20  5.1    2 10.7 23 280   M    M  10 12     32 300
10  55  12  34 -14  31   0 0.02  0.0    4  4.4 13 180   M    M   7 18     17 180
11  73  45  59  11   6   0 0.02  0.0    0 10.2 28 210   M    M   8        39 210
12  56  28  42  -7  23   0 0.18  0.0    0  7.2 16 300   M    M   4 18     21 300
13  63  24  44  -5  21   0 0.00  0.0    0  2.4 13 310   M    M   0        15 310
14  70  28  49   0  16   0 0.00  0.0    0  2.6 12 140   M    M   0        16 180
15  70  31  51   1  14   0 0.00  0.0    0  3.8 13 210   M    M   0        17 200
16  74  31  53   3  12   0 0.00  0.0    0  1.7 10 320   M    M   0        15 250
17  77  34  56   6   9   0 0.00  0.0    0  3.1 14 300   M    M   0        19 340
18  80  36  58   7   7   0 0.00  0.0    0  3.0 17 330   M    M   0        23 320
19  75  39  57   6   8   0 0.00  0.0    0  4.1 20 310   M    M   0        28 340
20  78  39  59   8   6   0 0.00  0.0    0  3.5 13 150   M    M   0        18 140
21  76  58  67  16   0   2 0.00  0.0    0  7.9 16 250   M    M   4        22 250
22  68  53  61   9   4   0 0.21  0.0    0  4.5 14 220   M    M   7 1      18 220
23  55  36  46  -6  19   0 0.12    M    0  3.9 13 300   M    M   8 128    15 300
24  73  35  54   2  11   0 0.00  0.0    0  1.4 12 300   M    M   4 12     14 340
25  79  36  58   6   7   0 0.00  0.0    0  3.9 20 280   M    M   2        26 280
26  68  51  60   7   5   0 0.68  0.0    0  7.2 22 330   M    M   8 1      35 240
27  66  55  61   8   4   0 0.01  0.0    0  2.4 10 270   M    M   9 1      14 280
28  76  55  66  13   0   1 0.50  0.0    0  3.5 18 300   M    M   8 12     24 290
29  72  54  63   9   2   0 0.01  0.0    0  6.4 16 340   M    M   8 1      23 330
================================================================================
SM 1871 1047       420   3  3.32     8.4 178.1          M      135
================================================================================
AV 64.5 36.1                               6.1 FASTST   M    M   5    MAX(MPH)
                                 MISC ---->  # 33 280               # 54  300
================================================================================
NOTES:
# LAST OF SEVERAL OCCURRENCES

COLUMN 17 PEAK WIND IN M.P.H.

PRELIMINARY LOCAL CLIMATOLOGICAL DATA (WS FORM: F-6) , PAGE 2

                                          STATION:  ELKINS WV
                                          MONTH:    APRIL
                                          YEAR:     2016
                                          LATITUDE:   38 52 N
                                          LONGITUDE:  79 51 W

[TEMPERATURE DATA]      [PRECIPITATION DATA]       SYMBOLS USED IN COLUMN 16

AVERAGE MONTHLY: 50.3   TOTAL FOR MONTH:   3.32    1 = FOG OR MIST
DPTR FM NORMAL:   0.8   DPTR FM NORMAL:   -0.35    2 = FOG REDUCING VISIBILITY
HIGHEST:    80 ON 18    GRTST 24HR  0.82 ON  7- 7      TO 1/4 MILE OR LESS
LOWEST:     12 ON 10                               3 = THUNDER
                        SNOW, ICE PELLETS, HAIL    4 = ICE PELLETS
                        TOTAL MONTH:   8.4 INCHES  5 = HAIL
                        GRTST 24HR   5.1 ON   M    6 = FREEZING RAIN OR DRIZZLE
                        GRTST DEPTH:   4 ON 10     7 = DUSTSTORM OR SANDSTORM:
                                                       VSBY 1/2 MILE OR LESS
                                                   8 = SMOKE OR HAZE
[NO. OF DAYS WITH]      [WEATHER - DAYS WITH]      9 = BLOWING SNOW
                                                   X = TORNADO
MAX 32 OR BELOW:   0    0.01 INCH OR MORE:  16
MAX 90 OR ABOVE:   0    0.10 INCH OR MORE:   9
MIN 32 OR BELOW:  14    0.50 INCH OR MORE:   3
MIN  0 OR BELOW:   0    1.00 INCH OR MORE:   0

[HDD (BASE 65) ]
TOTAL THIS MO.   420    CLEAR  (SCALE 0-3)  11
DPTR FM NORMAL   -32    PTCLDY (SCALE 4-7)  14
TOTAL FM JUL 1  4724    CLOUDY (SCALE 8-10)  4
DPTR FM NORMAL  -829

[CDD (BASE 65) ]
TOTAL THIS MO.     3
DPTR FM NORMAL     3    [PRESSURE DATA]
TOTAL FM JAN 1     3    HIGHEST SLP M ON M
DPTR FM NORMAL     3    LOWEST  SLP 29.51 ON  2

[REMARKS]
