000
CXUS51 KRLX 281129
CF6EKN
PRELIMINARY LOCAL CLIMATOLOGICAL DATA (WS FORM: F-6)

                                          STATION:   ELKINS WV
                                          MONTH:     JUNE
                                          YEAR:      2017
                                          LATITUDE:   38 52 N
                                          LONGITUDE:  79 51 W

  TEMPERATURE IN F:       :PCPN:    SNOW:  WIND      :SUNSHINE: SKY     :PK WND
================================================================================
1   2   3   4   5  6A  6B    7    8   9   10  11  12  13   14  15   16   17  18
                                     12Z  AVG MX 2MIN
DY MAX MIN AVG DEP HDD CDD  WTR  SNW DPTH SPD SPD DIR MIN PSBL S-S WX    SPD DR
================================================================================

 1  73  49  61  -1   4   0 0.03    M    0  4.0 15 300   M    M   3 1      22 300
 2  75  43  59  -4   6   0 0.00  0.0    0  3.8 15 350   M    M   1 1      21 310
 3  78  43  61  -2   4   0 0.00  0.0    0  2.9 15 340   M    M   1        21 280
 4  83  50  67   4   0   2 0.00  0.0    0  3.0 14 280   M    M   0 1      17 290
 5  70  54  62  -2   3   0 0.06  0.0    0  1.5  8 150   M    M   4 1      11 180
 6  66  48  57  -7   8   0 0.01    M    0  5.4 14 290   M    M   9 1      20 320
 7  64  47  56  -8   9   0 0.00  0.0    0  1.2  6 320   M    M   8 1       M  M
 8  66  53  60  -4   5   0 0.01  0.0    M  1.5 12 310   M    M  10 1      13 320
 9  74  49  62  -3   3   0    T  0.0    0  3.2 15 320   M    M   4 12     21 310
10  82  48  65   0   0   0 0.00  0.0    0  2.8 12 300   M    M   0 1      16 290
11  84  51  68   3   0   3 0.00  0.0    0  3.0 14 250   M    M   2 1      22 310
12  85  55  70   4   0   5 0.00  0.0    0  2.1 10 280   M    M   1 12     14 310
13  86  61  74   8   0   9 0.17  0.0    0  2.4 23 280   M    M   2 18     35 300
14  84  63  74   8   0   9    T  0.0    0  3.3 14 340   M    M   7        17 340
15  88  64  76  10   0  11    T  0.0    0  4.4 16 280   M    M   6 1      25 280
16  80  64  72   5   0   7 0.56  0.0    0  2.2 14 320   M    M   6 1      19 320
17  85  61  73   6   0   8    T  0.0    0  2.1  9 310   M    M   4 12      M  M
18  89  62  76   9   0  11 0.03  0.0    0  5.1 13 170   0    0   0        30 200
19  76  61  69   2   0   4 1.11  0.0    0  5.0 15 330   M    M   7 1      22 360
20  78  55  67  -1   0   2 0.00  0.0    0  3.8 17 300   M    M   2        24 300
21  81  52  67  -1   0   2 0.03  0.0    0  4.0 17 250   M    M   6 1      24 270
22  82  64  73   5   0   8 0.04  0.0    0  2.6  9 250   M    M   7        12 290
23  83  66  75   7   0  10 1.59  0.0    0  8.7 23 210   M    M   7 1      35 210
24  78  59  69   1   0   4 0.05  0.0    0  6.4 15 290   M    M   7 1      23 310
25  73  55  64  -4   1   0    T  0.0    0  4.7 16 270   M    M   4 1      23 280
26  73  48  61  -8   4   0 0.00  0.0    0  4.0 16 240   M    M   3 1      26 300
27  70  48  59 -10   6   0    T  0.0    0  5.3 18 310   M    M   4        24 280
================================================================================
SM 2106 1473        53  95  3.69     0.0  98.4            0    115
================================================================================
AV 78.0 54.6                               3.6 FASTST    0   0   4    MAX(MPH)
                                 MISC ---->  # 23 280               # 35  300
================================================================================
NOTES:
# LAST OF SEVERAL OCCURRENCES

COLUMN 17 PEAK WIND IN M.P.H.

PRELIMINARY LOCAL CLIMATOLOGICAL DATA (WS FORM: F-6) , PAGE 2

                                          STATION:  ELKINS WV
                                          MONTH:    JUNE
                                          YEAR:     2017
                                          LATITUDE:   38 52 N
                                          LONGITUDE:  79 51 W

[TEMPERATURE DATA]      [PRECIPITATION DATA]       SYMBOLS USED IN COLUMN 16

AVERAGE MONTHLY: 66.3   TOTAL FOR MONTH:   3.69    1 = FOG OR MIST
DPTR FM NORMAL:   0.4   DPTR FM NORMAL:   -0.22    2 = FOG REDUCING VISIBILITY
HIGHEST:    89 ON 18    GRTST 24HR  1.59 ON 23-23      TO 1/4 MILE OR LESS
LOWEST:     43 ON  3, 2                            3 = THUNDER
                        SNOW, ICE PELLETS, HAIL    4 = ICE PELLETS
                        TOTAL MONTH:   0.0 INCH    5 = HAIL
                        GRTST 24HR     0.0         6 = FREEZING RAIN OR DRIZZLE
                        GRTST DEPTH:   0           7 = DUSTSTORM OR SANDSTORM:
                                                       VSBY 1/2 MILE OR LESS
                                                   8 = SMOKE OR HAZE
[NO. OF DAYS WITH]      [WEATHER - DAYS WITH]      9 = BLOWING SNOW
                                                   X = TORNADO
MAX 32 OR BELOW:   0    0.01 INCH OR MORE:  12
MAX 90 OR ABOVE:   0    0.10 INCH OR MORE:   4
MIN 32 OR BELOW:   0    0.50 INCH OR MORE:   3
MIN  0 OR BELOW:   0    1.00 INCH OR MORE:   2

[HDD (BASE 65) ]
TOTAL THIS MO.    53    CLEAR  (SCALE 0-3)  10
DPTR FM NORMAL     0    PTCLDY (SCALE 4-7)  15
TOTAL FM JUL 1  4642    CLOUDY (SCALE 8-10)  2
DPTR FM NORMAL -1208

[CDD (BASE 65) ]
TOTAL THIS MO.    95
DPTR FM NORMAL    17    [PRESSURE DATA]
TOTAL FM JAN 1   139    HIGHEST SLP  0.00 ON 18
DPTR FM NORMAL    38    LOWEST  SLP 29.67 ON 23

[REMARKS]
