000
CXUS54 KSHV 281300
CF6ELD
PRELIMINARY LOCAL CLIMATOLOGICAL DATA (WS FORM: F-6)

                                          STATION:   EL DORADO
                                          MONTH:     MAY
                                          YEAR:      2015
                                          LATITUDE:   33 13 N
                                          LONGITUDE:  92 49 W

  TEMPERATURE IN F:       :PCPN:    SNOW:  WIND      :SUNSHINE: SKY     :PK WND
================================================================================
1   2   3   4   5  6A  6B    7    8   9   10  11  12  13   14  15   16   17  18
                                     12Z  AVG MX 2MIN
DY MAX MIN AVG DEP HDD CDD  WTR  SNW DPTH SPD SPD DIR MIN PSBL S-S WX    SPD DR
================================================================================

 1  79  51  65  -2   0   0 0.00  0.0    0  4.4 15  50   M    M   0        19  60
 2  81  48  65  -3   0   0 0.00  0.0    0  1.7  9 200   M    M   1        14 140
 3  83  54  69   1   0   4 0.00  0.0    0  4.3 14 140   M    M   1        19 220
 4  83  58  71   3   0   6 0.00  0.0    0  4.4 15 130   M    M   3 1      22 130
 5  85  64  75   7   0  10 0.00  0.0    0  8.7 20 110   M    M   3        26 110
 6  85  60  73   4   0   8 0.00  0.0    0  5.6 18 170   M    M   1        26 170
 7  84  64  74   5   0   9 0.06  0.0    0  7.4 24 160   M    M   4 13     36 160
 8  84  65  75   6   0  10 0.71  0.0    0  7.7 23 320   M    M   6 13     28 320
 9  82  66  74   4   0   9 1.24  0.0    0  7.3 16 110   M    M   5 13     24 310
10  84  71  78   8   0  13 0.01  0.0    0  7.0 17 160   M    M   4 38     22 160
11  73  64  69  -1   0   4 1.39  0.0    0  5.1 20 110   M    M   5 13     24 290
12  72  61  67  -3   0   2 0.06  0.0    0  6.5 15  40   M    M   4 1      19  50
13  72  59  66  -4   0   1    T  0.0    0  6.9 15  70   M    M   6        19  70
14  88  63  76   5   0  11    T  0.0    0  4.5 14 200   M    M   5        19 200
15  83  68  76   5   0  11 0.44  0.0    0  4.8 26 120   M    M   3 138    33 120
16  84  69  77   6   0  12 0.06  0.0    0  8.6 25 170   M    M   6 13     34 170
17  86  72  79   7   0  14    T  0.0    0  8.0 21 180   M    M   6 13     26 190
18  75  65  70  -2   0   5 0.30  0.0    0  5.1 17 150   M    M   7 123    22 150
19  82  64  73   1   0   8 0.00  0.0    0  3.7 12  60   M    M   7 12     17  50
20  87  69  78   6   0  13 0.00  0.0    0  6.4 15 270   M    M   4        20 280
21  70  52  61 -11   4   0 0.89  0.0    0  6.2 15  50   M    M   8 13     19  10
22  76  49  63 -10   2   0 0.00  0.0    0  5.8 16  60   M    M   0        21  60
23  85  58  72  -1   0   7 0.00  0.0    0  5.8 16 100   M    M   3        21 150
24  85  70  78   5   0  13 0.70  0.0    0  9.4 35 200   M    M   7 138    46 200
25  86  62  74   0   0   9 1.16  0.0    0  8.0 24 320   M    M   6 138    32 320
26  82  61  72  -2   0   7 0.11  0.0    0  5.7 18 110   M    M   5 13     23 110
27  85  69  77   3   0  12    T  0.0    0  4.2 12 110   M    M   2 3      14 110
================================================================================
SM 2201 1676         6 198  7.13     0.0 163.2          M      112
================================================================================
AV 81.5 62.1                               6.0 FASTST   M    M   4    MAX(MPH)
                                 MISC ---->  # 35 200               # 46  200
================================================================================
NOTES:
# LAST OF SEVERAL OCCURRENCES

COLUMN 17 PEAK WIND IN M.P.H.

PRELIMINARY LOCAL CLIMATOLOGICAL DATA (WS FORM: F-6) , PAGE 2

                                          STATION:  EL DORADO
                                          MONTH:    MAY
                                          YEAR:     2015
                                          LATITUDE:   33 13 N
                                          LONGITUDE:  92 49 W

[TEMPERATURE DATA]      [PRECIPITATION DATA]       SYMBOLS USED IN COLUMN 16

AVERAGE MONTHLY: 71.8   TOTAL FOR MONTH:   7.13    1 = FOG OR MIST
DPTR FM NORMAL:   1.1   DPTR FM NORMAL:    2.69    2 = FOG REDUCING VISIBILITY
HIGHEST:    88 ON 14    GRTST 24HR  1.39 ON 11-11      TO 1/4 MILE OR LESS
LOWEST:     48 ON  2                               3 = THUNDER
                        SNOW, ICE PELLETS, HAIL    4 = ICE PELLETS
                        TOTAL MONTH:   0.0 INCH    5 = HAIL
                        GRTST 24HR     0.0         6 = FREEZING RAIN OR DRIZZLE
                        GRTST DEPTH:   0           7 = DUSTSTORM OR SANDSTORM:
                                                       VSBY 1/2 MILE OR LESS
                                                   8 = SMOKE OR HAZE
[NO. OF DAYS WITH]      [WEATHER - DAYS WITH]      9 = BLOWING SNOW
                                                   X = TORNADO
MAX 32 OR BELOW:   0    0.01 INCH OR MORE:  13
MAX 90 OR ABOVE:   0    0.10 INCH OR MORE:   9
MIN 32 OR BELOW:   0    0.50 INCH OR MORE:   6
MIN  0 OR BELOW:   0    1.00 INCH OR MORE:   3

[HDD (BASE 65) ]
TOTAL THIS MO.     6    CLEAR  (SCALE 0-3)   8
DPTR FM NORMAL   -10    PTCLDY (SCALE 4-7)  19
TOTAL FM JUL 1  2919    CLOUDY (SCALE 8-10)  0
DPTR FM NORMAL   249

[CDD (BASE 65) ]
TOTAL THIS MO.   198
DPTR FM NORMAL    24    [PRESSURE DATA]
TOTAL FM JAN 1   299    HIGHEST SLP M ON M
DPTR FM NORMAL    26    LOWEST  SLP 29.83 ON M

[REMARKS]
