000
CXUS54 KEPZ 291200
CF6ELP
PRELIMINARY LOCAL CLIMATOLOGICAL DATA (WS FORM: F-6)

                                          STATION:   EL PASO
                                          MONTH:     APRIL
                                          YEAR:      2016
                                          LATITUDE:   31 47 N
                                          LONGITUDE: 106 24 W

  TEMPERATURE IN F:       :PCPN:    SNOW:  WIND      :SUNSHINE: SKY     :PK WND
================================================================================
1   2   3   4   5  6A  6B    7    8   9   10  11  12  13   14  15   16   17  18
                                     12Z  AVG MX 2MIN
DY MAX MIN AVG DEP HDD CDD  WTR  SNW DPTH SPD SPD DIR MIN PSBL S-S WX    SPD DR
================================================================================

 1  63  41  52  -8  13   0 0.00  0.0    0  9.4 20  90   M    M   5        25  70
 2  67  36  52  -9  13   0 0.00  0.0    0  4.9 12 320   M    M   1        15 330
 3  76  36  56  -5   9   0 0.00  0.0    0  4.4 14 240   M    M   1        18 190
 4  84  44  64   3   1   0 0.00  0.0    0  3.7 12 240   M    M   2        20 230
 5  89  53  71   9   0   6 0.00  0.0    0 10.7 24 310   M    M   5        38 260
 6  80  54  67   5   0   2 0.00  0.0    0  7.7 23 360   M    M   6 8      29  10
 7  77  54  66   4   0   1 0.00  0.0    0  6.7 18 150   M    M   9        23 160
 8  80  56  68   6   0   3 0.04  0.0    0  9.9 22 180   M    M   8 3      28 180
 9  81  53  67   4   0   2 0.00  0.0    0  7.8 21 250   M    M   1        25 240
10  80  50  65   2   0   0 0.00  0.0    0 15.0 36 260   M    M   2 78     47 260
11  74  54  64   1   1   0 0.00  0.0    0  8.6 25 280   M    M   2        33 280
12  67  49  58  -6   7   0    T  0.0    0  8.7 21 360   M    M   5        30  50
13  78  42  60  -4   5   0 0.00  0.0    0  3.7 13 310   M    M   1        16 300
14  87  50  69   5   0   4 0.00  0.0    0  5.4 20 230   M    M   1        29 210
15  86  66  76  12   0  11 0.00  0.0    0 19.1 36 250   M    M   4 7      45 250
16  71  53  62  -3   3   0 0.00  0.0    0 17.6 32 250   M    M   3 78     41 260
17  73  41  57  -8   8   0 0.00  0.0    0  5.9 21 240   M    M   1        37 270
18  78  50  64  -1   1   0 0.00  0.0    0  8.7 18 100   M    M   3        26 120
19  79  51  65  -1   0   0 0.00  0.0    0  6.7 17 280   M    M   3        22 200
20  86  51  69   3   0   4 0.00  0.0    0 10.7 26 300   M    M   3        32 300
21  87  58  73   7   0   8 0.00  0.0    0  7.4 17 100   M    M   2        22 110
22  87  60  74   7   0   9 0.00  0.0    0 10.9 30 170   M    M   6 78     38 170
23  87  57  72   5   0   7 0.00  0.0    0 10.4 30 270   M    M   6        38 260
24  86  66  76   9   0  11 0.00  0.0    0 19.2 30 250   M    M   1        43 250
25  87  64  76   8   0  11 0.00  0.0    0 20.1 33 250   M    M   1 7      42 250
26  76  58  67  -1   0   2 0.00  0.0    0 20.7 35 280   M    M   2 7      52 230
27  80  56  68   0   0   3 0.00  0.0    0 11.3 22 230   M    M   1        29 230
28  84  56  70   2   0   5 0.00  0.0    0 15.0 31 250   M    M   2 78     42 250
================================================================================
SM 2230 1459        61  89  0.04     0.0 290.3          M       87
================================================================================
AV 79.6 52.1                              10.4 FASTST   M    M   3    MAX(MPH)
                                 MISC ---->  # 36 260               # 52  230
================================================================================
NOTES:
# LAST OF SEVERAL OCCURRENCES

COLUMN 17 PEAK WIND IN M.P.H.

PRELIMINARY LOCAL CLIMATOLOGICAL DATA (WS FORM: F-6) , PAGE 2

                                          STATION:  EL PASO
                                          MONTH:    APRIL
                                          YEAR:     2016
                                          LATITUDE:   31 47 N
                                          LONGITUDE: 106 24 W

[TEMPERATURE DATA]      [PRECIPITATION DATA]       SYMBOLS USED IN COLUMN 16

AVERAGE MONTHLY: 65.9   TOTAL FOR MONTH:   0.04    1 = FOG OR MIST
DPTR FM NORMAL:   1.5   DPTR FM NORMAL:   -0.17    2 = FOG REDUCING VISIBILITY
HIGHEST:    89 ON  5    GRTST 24HR  0.04 ON  8- 8      TO 1/4 MILE OR LESS
LOWEST:     36 ON  3, 2                            3 = THUNDER
                        SNOW, ICE PELLETS, HAIL    4 = ICE PELLETS
                        TOTAL MONTH:   0.0 INCH    5 = HAIL
                        GRTST 24HR     0.0         6 = FREEZING RAIN OR DRIZZLE
                        GRTST DEPTH:   0           7 = DUSTSTORM OR SANDSTORM:
                                                       VSBY 1/2 MILE OR LESS
                                                   8 = SMOKE OR HAZE
[NO. OF DAYS WITH]      [WEATHER - DAYS WITH]      9 = BLOWING SNOW
                                                   X = TORNADO
MAX 32 OR BELOW:   0    0.01 INCH OR MORE:   1
MAX 90 OR ABOVE:   0    0.10 INCH OR MORE:   0
MIN 32 OR BELOW:   0    0.50 INCH OR MORE:   0
MIN  0 OR BELOW:   0    1.00 INCH OR MORE:   0

[HDD (BASE 65) ]
TOTAL THIS MO.    61    CLEAR  (SCALE 0-3)  19
DPTR FM NORMAL   -29    PTCLDY (SCALE 4-7)   8
TOTAL FM JUL 1  2004    CLOUDY (SCALE 8-10)  1
DPTR FM NORMAL  -459

[CDD (BASE 65) ]
TOTAL THIS MO.    89
DPTR FM NORMAL    17    [PRESSURE DATA]
TOTAL FM JAN 1   112    HIGHEST SLP M ON M
DPTR FM NORMAL    30    LOWEST  SLP 29.39 ON 15

[REMARKS]
