000
CXUS51 KCLE 280800
CF6ERI
PRELIMINARY LOCAL CLIMATOLOGICAL DATA (WS FORM: F-6)

                                          STATION:   ERIE PA
                                          MONTH:     FEBRUARY
                                          YEAR:      2017
                                          LATITUDE:   42  4 N
                                          LONGITUDE:  80 11 W

  TEMPERATURE IN F:       :PCPN:    SNOW:  WIND      :SUNSHINE: SKY     :PK WND
================================================================================
1   2   3   4   5  6A  6B    7    8   9   10  11  12  13   14  15   16   17  18
                                     12Z  AVG MX 2MIN
DY MAX MIN AVG DEP HDD CDD  WTR  SNW DPTH SPD SPD DIR MIN PSBL S-S WX    SPD DR
================================================================================

 1  35  28  32   5  33   0 0.17  2.8    5  9.7 25 260   M    M   7 18     38 270
 2  32  24  28   1  37   0 0.02  0.3    5 13.4 22 250   M    M   9 1      30 270
 3  24  20  22  -5  43   0 0.03  0.5    5 13.4 22 280   M    M  10 8      31 280
 4  30  20  25  -2  40   0    T    T    4 11.4 20 250   M    M   6 8      27 270
 5  38  27  33   6  32   0 0.02  0.3    3 11.9 23 210   M    M   9 8      30 200
 6  44  24  34   7  31   0 0.00  0.0    3  5.2 16 210   M    M   5 18     20 210
 7  57  35  46  19  19   0 0.71  0.0    2 12.0 32 250   M    M  10 12     49 250
 8  49  25  37  10  28   0 0.01  0.2    0 10.9 30 250   M    M  10 18     42 260
 9  25  20  23  -4  42   0 0.07  1.7    T 13.6 24 300   M    M  10 18     31 320
10  35  20  28   0  37   0 0.03  0.6    1 16.2 30 160   M    M   8 8      38 170
11  43  34  39  11  26   0 0.01  0.0    1  7.0 28 180   M    M   6 1      38 170
12  39  30  35   7  30   0 0.57  0.7    0 13.3 33 280   M    M  10 128    51 280
13  32  24  28   0  37   0 0.01  0.3    1 12.0 25 300   M    M   7 8      37 310
14  47  25  36   8  29   0 0.01  0.0    T 11.9 23 220   M    M   0        31 230
15  40  27  34   6  31   0 0.13  1.6    1 13.8 23 300   M    M  10 18     36 290
16  28  24  26  -2  39   0 0.04  0.8    1 11.7 21 300   M    M  10 18     31 300
17  46  17  32   4  33   0 0.00  0.0    1  7.3 17 160   M    M   2        23 170
18  70  45  58  29   7   0 0.00  0.0    0 12.9 23 200   M    M   0        30 200
19  53  34  44  15  21   0 0.00  0.0    0  8.0 16 270   M    M   0        26 240
20  46  29  38   9  27   0 0.00  0.0    0  5.8 17  40   M    M   0        20  40
21  62  41  52  23  13   0    T  0.0    0 12.8 25 160   M    M   3        32 160
22  61  48  55  26  10   0 0.00  0.0    0  7.8 17 180   M    M  10        22 180
23  64  47  56  26   9   0 0.00  0.0    0 12.6 23 190   M    M   6 18     32 170
24  77  39  58  28   7   0 0.04  0.0    0 10.5 26 230   M    M   4 13     40 240
25  58  27  43  13  22   0 0.66  0.2    0 16.0 31 260   M    M  10 13     41 260
26  39  26  33   3  32   0 0.01  0.3    1 15.4 25 210   M    M   6        31 210
27  50  36  43  13  22   0 0.00  0.0    0 10.4 23 210   M    M   3        31 210
================================================================================
SM 1224  796       737   0  2.54    10.3 306.9          M      171
================================================================================
AV 45.3 29.5                              11.4 FASTST   M    M   6    MAX(MPH)
                                 MISC ---->  # 33 280               # 51  280
================================================================================
NOTES:
# LAST OF SEVERAL OCCURRENCES

COLUMN 17 PEAK WIND IN M.P.H.

PRELIMINARY LOCAL CLIMATOLOGICAL DATA (WS FORM: F-6) , PAGE 2

                                          STATION:  ERIE PA
                                          MONTH:    FEBRUARY
                                          YEAR:     2017
                                          LATITUDE:   42  4 N
                                          LONGITUDE:  80 11 W

[TEMPERATURE DATA]      [PRECIPITATION DATA]       SYMBOLS USED IN COLUMN 16

AVERAGE MONTHLY: 37.4   TOTAL FOR MONTH:   2.54    1 = FOG OR MIST
DPTR FM NORMAL:   9.2   DPTR FM NORMAL:    0.25    2 = FOG REDUCING VISIBILITY
HIGHEST:    77 ON 24    GRTST 24HR  0.71 ON  7- 7      TO 1/4 MILE OR LESS
LOWEST:     17 ON 17                               3 = THUNDER
                        SNOW, ICE PELLETS, HAIL    4 = ICE PELLETS
                        TOTAL MONTH:  10.3 INCHES  5 = HAIL
                        GRTST 24HR   2.8 ON   M    6 = FREEZING RAIN OR DRIZZLE
                        GRTST DEPTH:   5 ON  3, 2  7 = DUSTSTORM OR SANDSTORM:
                                                       VSBY 1/2 MILE OR LESS
                                                   8 = SMOKE OR HAZE
[NO. OF DAYS WITH]      [WEATHER - DAYS WITH]      9 = BLOWING SNOW
                                                   X = TORNADO
MAX 32 OR BELOW:   6    0.01 INCH OR MORE:  17
MAX 90 OR ABOVE:   0    0.10 INCH OR MORE:   5
MIN 32 OR BELOW:  18    0.50 INCH OR MORE:   3
MIN  0 OR BELOW:   0    1.00 INCH OR MORE:   0

[HDD (BASE 65) ]
TOTAL THIS MO.   737    CLEAR  (SCALE 0-3)   7
DPTR FM NORMAL  -257    PTCLDY (SCALE 4-7)   9
TOTAL FM JUL 1  3488    CLOUDY (SCALE 8-10) 11
DPTR FM NORMAL  -844

[CDD (BASE 65) ]
TOTAL THIS MO.     0
DPTR FM NORMAL     0    [PRESSURE DATA]
TOTAL FM JAN 1     0    HIGHEST SLP M ON M
DPTR FM NORMAL     0    LOWEST  SLP 29.43 ON  7

[REMARKS]
