000
CXUS53 KPAH 012302
CF6EVV
PRELIMINARY LOCAL CLIMATOLOGICAL DATA (WS FORM: F-6)

                                          STATION:   EVANSVILLE IN
                                          MONTH:     SEPTEMBER
                                          YEAR:      2014
                                          LATITUDE:   38  2 N
                                          LONGITUDE:  87 32 W

  TEMPERATURE IN F:       :PCPN:    SNOW:  WIND      :SUNSHINE: SKY     :PK WND
================================================================================
1   2   3   4   5  6A  6B    7    8   9   10  11  12  13   14  15   16   17  18
                                     12Z  AVG MX 2MIN
DY MAX MIN AVG DEP HDD CDD  WTR  SNW DPTH SPD SPD DIR MIN PSBL S-S WX    SPD DR
================================================================================

 1  84  73  79   5   0  14 0.15  0.0    0 11.8 26 220   M    M   4 1      35 210
 2  85  69  77   3   0  12 0.96  0.0    0  5.9 16 240   M    M   4 13     24 280
 3  87  65  76   2   0  11 0.00  0.0    0  1.2  8 100   M    M   1 12     11 150
 4  91  68  80   6   0  15 0.00  0.0    0  3.3 10 180   M    M   0 1      14 140
 5  92  71  82   9   0  17 0.00  0.0    0  5.4 20 320   M    M   2        35 340
 6  79  66  73   0   0   8    T  0.0    0  7.0 15 330   M    M   6 13     20 330
 7  80  59  70  -2   0   5 0.00  0.0    0  7.8 15  60   M    M   0        20  50
 8  83  58  71  -1   0   6 0.00  0.0    0  2.1  8  90   M    M   0        11 110
 9  84  58  71  -1   0   6 0.00  0.0    0  3.1  9 180   M    M   0        13 150
10  85  71  78   7   0  13 0.42  0.0    0 11.5 22 320   M    M   5 138    30 200
11  72  60  66  -5   0   1 0.11  0.0    0  8.8 15  10   M    M   9 13     22 360
12  65  57  61 -10   4   0 0.00  0.0    0  8.1 15  30   M    M  10        18  20
13  67  50  59 -11   6   0 0.00  0.0    0  7.8 16 330   M    M   4        22 350
14  73  49  61  -9   4   0 0.00  0.0    0  2.1  8 300   M    M   0         9 230
15  76  51  64  -5   1   0    T  0.0    0  3.7 10 320   M    M   5 1      16 320
16  68  50  59 -10   6   0    T  0.0    0  6.4 14 330   M    M   8 1      19 330
17  71  46  59 -10   6   0 0.00  0.0    0  3.0 12 100   M    M   3 18     15  80
18  75  57  66  -2   0   1 0.00  0.0    0  6.1 13  90   M    M   4        16  70
19  79  54  67  -1   0   2 0.00  0.0    0  5.1 12  70   M    M   0        16 100
20  86  57  72   5   0   7 0.00  0.0    0  7.2 18 230   M    M   2 1      22 230
21  79  58  69   2   0   4 0.91  0.0    0  8.3 18 320   M    M   2 13     25 290
22  72  50  61  -5   4   0 0.00  0.0    0  5.7 15  30   M    M   0        20 330
23  75  46  61  -5   4   0 0.00  0.0    0  4.2 12  60   M    M   0        16  60
24  80  48  64  -2   1   0 0.00  0.0    0  2.0  7 220   M    M   0        10 190
25  84  53  69   4   0   4 0.00  0.0    0  1.5  9 350   M    M   0 1      14 360
26  85  55  70   5   0   5 0.00  0.0    0  3.1 10  70   M    M   0        17  40
27  85  56  71   7   0   6 0.00  0.0    0  3.0 13  80   M    M   0        16  60
28  86  63  75  11   0  10 0.00  0.0    0  1.8  7 150   M    M   3         9 130
29  87  60  74  10   0   9 0.00  0.0    0  2.2 12  10   M    M   0 18     16 360
30  86  57  72   9   0   7 0.00  0.0    0  2.8  9 360   M    M   0        14 350
================================================================================
SM 2401 1735        36 163  2.55     0.0 152.0          M       72
================================================================================
AV 80.0 57.8                               5.1 FASTST   M    M   2    MAX(MPH)
                                 MISC ---->  # 26 220               # 35  210
================================================================================
NOTES:
# LAST OF SEVERAL OCCURRENCES

COLUMN 17 PEAK WIND IN M.P.H.

PRELIMINARY LOCAL CLIMATOLOGICAL DATA (WS FORM: F-6) , PAGE 2

                                          STATION:  EVANSVILLE IN
                                          MONTH:    SEPTEMBER
                                          YEAR:     2014
                                          LATITUDE:   38  2 N
                                          LONGITUDE:  87 32 W

[TEMPERATURE DATA]      [PRECIPITATION DATA]       SYMBOLS USED IN COLUMN 16

AVERAGE MONTHLY: 68.9   TOTAL FOR MONTH:   2.55    1 = FOG OR MIST
DPTR FM NORMAL:  -0.2   DPTR FM NORMAL:   -0.50    2 = FOG REDUCING VISIBILITY
HIGHEST:    92 ON  5    GRTST 24HR  1.11 ON  1- 2      TO 1/4 MILE OR LESS
LOWEST:     46 ON 23,17                            3 = THUNDER
                        SNOW, ICE PELLETS, HAIL    4 = ICE PELLETS
                        TOTAL MONTH:   0.0 INCH    5 = HAIL
                        GRTST 24HR     0.0         6 = FREEZING RAIN OR DRIZZLE
                        GRTST DEPTH:   0           7 = DUSTSTORM OR SANDSTORM:
                                                       VSBY 1/2 MILE OR LESS
                                                   8 = SMOKE OR HAZE
[NO. OF DAYS WITH]      [WEATHER - DAYS WITH]      9 = BLOWING SNOW
                                                   X = TORNADO
MAX 32 OR BELOW:   0    0.01 INCH OR MORE:   5
MAX 90 OR ABOVE:   2    0.10 INCH OR MORE:   5
MIN 32 OR BELOW:   0    0.50 INCH OR MORE:   2
MIN  0 OR BELOW:   0    1.00 INCH OR MORE:   0

[HDD (BASE 65) ]
TOTAL THIS MO.    36    CLEAR  (SCALE 0-3)  19
DPTR FM NORMAL   -10    PTCLDY (SCALE 4-7)   9
TOTAL FM JUL 1    36    CLOUDY (SCALE 8-10)  2
DPTR FM NORMAL   -11

[CDD (BASE 65) ]
TOTAL THIS MO.   163
DPTR FM NORMAL    -4    [PRESSURE DATA]
TOTAL FM JAN 1  1443    HIGHEST SLP 30.35 ON 13
DPTR FM NORMAL    77    LOWEST  SLP 29.74 ON 10

[REMARKS]
#FINAL-09-14#
