000
CXUS53 KPAH 010629
CF6EVV
PRELIMINARY LOCAL CLIMATOLOGICAL DATA (WS FORM: F-6)

                                          STATION:   EVANSVILLE IN
                                          MONTH:     AUGUST
                                          YEAR:      2015
                                          LATITUDE:   38  2 N
                                          LONGITUDE:  87 32 W

  TEMPERATURE IN F:       :PCPN:    SNOW:  WIND      :SUNSHINE: SKY     :PK WND
================================================================================
1   2   3   4   5  6A  6B    7    8   9   10  11  12  13   14  15   16   17  18
                                     12Z  AVG MX 2MIN
DY MAX MIN AVG DEP HDD CDD  WTR  SNW DPTH SPD SPD DIR MIN PSBL S-S WX    SPD DR
================================================================================

 1  89  67  78   0   0  13 0.00  0.0    0  4.5 13  30   M    M   0        16  30
 2  90  66  78   0   0  13 0.00  0.0    0  5.5 13 230   M    M   0        16 220
 3  94  72  83   5   0  18 0.00  0.0    0  7.3 16 260   M    M   0        21 270
 4  93  69  81   3   0  16 0.19  0.0    0  3.8 26 260   M    M   2 13     36 260
 5  83  69  76  -2   0  11 0.12  0.0    0  4.6 15 180   M    M   5 138    20 210
 6  75  68  72  -5   0   7 0.86  0.0    0  9.6 16 310   M    M  10 18     28 180
 7  83  64  74  -3   0   9 0.00  0.0    0  3.0  9 130   M    M   5 18     14 120
 8  85  65  75  -2   0  10 0.00  0.0    0  1.6  8 110   M    M   1 128    12 110
 9  87  68  78   1   0  13 0.16  0.0    0  3.7 14 230   M    M   2 128    19 240
10  85  74  80   3   0  15 0.05  0.0    0  6.4 21 270   M    M   4 18     29 260
11  87  71  79   2   0  14 0.00  0.0    0  6.0 15 360   M    M   2 1      21 320
12  85  66  76  -1   0  11 0.00  0.0    0  5.3 14 360   M    M   1        19  40
13  87  64  76  -1   0  11 0.00  0.0    0  2.5 12  40   M    M   2 1      15 350
14  86  63  75  -2   0  10 0.00  0.0    0  2.6 10  60   M    M   0 1      13  80
15  90  64  77   0   0  12 0.00  0.0    0  2.4 10  30   M    M   0 18     13  60
16  91  67  79   2   0  14 0.00  0.0    0  3.1 12 220   M    M   1 18     15 240
17  84  70  77   0   0  12 0.10  0.0    0  3.8 16 180   M    M   2 18     21 170
18  87  68  78   1   0  13 0.00  0.0    0  4.4 13 180   M    M   4 18     16 180
19  78  65  72  -5   0   7 1.58  0.0    0  6.2 18 230   M    M   5 13     25 190
20  80  59  70  -7   0   5    T  0.0    0  4.6 16 250   M    M   2        25 250
21  81  57  69  -8   0   4 0.00  0.0    0  2.6 13  90   M    M   0        16  80
22  84  59  72  -4   0   7    T  0.0    0  3.7 10 140   M    M   2 1      14 150
23  87  67  77   1   0  12    T  0.0    0  6.6 15 260   M    M   3 18     19 330
24  79  58  69  -7   0   4 0.00  0.0    0  6.4 15 270   M    M   0        20 290
25  77  55  66 -10   0   1 0.00  0.0    0  4.6 13 310   M    M   1        19 330
26  81  55  68  -8   0   3 0.00  0.0    0  3.1 10  10   M    M   3        14  20
27  83  57  70  -6   0   5 0.00  0.0    0  2.2 13  60   M    M   1 18     17  50
28  83  57  70  -5   0   5 0.00  0.0    0  3.1  9 190   M    M   0 1      16 100
29  86  67  77   2   0  12    T  0.0    0  2.7 14 270   M    M   2 18     20 280
30  86  70  78   3   0  13 0.00  0.0    0  4.4 13 200   M    M   4 1      21 200
31  88  66  77   2   0  12 0.00  0.0    0  3.1 10 170   M    M   2 1      13 220
================================================================================
SM 2634 2007         0 312  3.06     0.0 133.4          M       66
================================================================================
AV 85.0 64.7                               4.3 FASTST   M    M   2    MAX(MPH)
                                 MISC ---->  # 26 260               # 36  260
================================================================================
NOTES:
# LAST OF SEVERAL OCCURRENCES

COLUMN 17 PEAK WIND IN M.P.H.

PRELIMINARY LOCAL CLIMATOLOGICAL DATA (WS FORM: F-6) , PAGE 2

                                          STATION:  EVANSVILLE IN
                                          MONTH:    AUGUST
                                          YEAR:     2015
                                          LATITUDE:   38  2 N
                                          LONGITUDE:  87 32 W

[TEMPERATURE DATA]      [PRECIPITATION DATA]       SYMBOLS USED IN COLUMN 16

AVERAGE MONTHLY: 74.9   TOTAL FOR MONTH:   3.06    1 = FOG OR MIST
DPTR FM NORMAL:  -1.8   DPTR FM NORMAL:    0.08    2 = FOG REDUCING VISIBILITY
HIGHEST:    94 ON  3    GRTST 24HR  1.58 ON 19-19      TO 1/4 MILE OR LESS
LOWEST:     55 ON 26,25                            3 = THUNDER
                        SNOW, ICE PELLETS, HAIL    4 = ICE PELLETS
                        TOTAL MONTH:   0.0 INCH    5 = HAIL
                        GRTST 24HR     0.0         6 = FREEZING RAIN OR DRIZZLE
                        GRTST DEPTH:   0           7 = DUSTSTORM OR SANDSTORM:
                                                       VSBY 1/2 MILE OR LESS
                                                   8 = SMOKE OR HAZE
[NO. OF DAYS WITH]      [WEATHER - DAYS WITH]      9 = BLOWING SNOW
                                                   X = TORNADO
MAX 32 OR BELOW:   0    0.01 INCH OR MORE:   7
MAX 90 OR ABOVE:   5    0.10 INCH OR MORE:   6
MIN 32 OR BELOW:   0    0.50 INCH OR MORE:   2
MIN  0 OR BELOW:   0    1.00 INCH OR MORE:   1

[HDD (BASE 65) ]
TOTAL THIS MO.     0    CLEAR  (SCALE 0-3)  24
DPTR FM NORMAL    -1    PTCLDY (SCALE 4-7)   6
TOTAL FM JUL 1     0    CLOUDY (SCALE 8-10)  1
DPTR FM NORMAL    -1

[CDD (BASE 65) ]
TOTAL THIS MO.   312
DPTR FM NORMAL   -51    [PRESSURE DATA]
TOTAL FM JAN 1  1299    HIGHEST SLP M ON M
DPTR FM NORMAL   100    LOWEST  SLP 29.76 ON 19

[REMARKS]
#FINAL-08-15#
