000
CXUS52 KMHX 220700
CF6EWN
PRELIMINARY LOCAL CLIMATOLOGICAL DATA (WS FORM: F-6)

                                          STATION:   NEW BERN NC
                                          MONTH:     JULY
                                          YEAR:      2017
                                          LATITUDE:   35  4 N
                                          LONGITUDE:  77  3 W

  TEMPERATURE IN F:       :PCPN:    SNOW:  WIND      :SUNSHINE: SKY     :PK WND
================================================================================
1   2   3   4   5  6A  6B    7    8   9   10  11  12  13   14  15   16   17  18
                                     12Z  AVG MX 2MIN
DY MAX MIN AVG DEP HDD CDD  WTR  SNW DPTH SPD SPD DIR MIN PSBL S-S WX    SPD DR
================================================================================

 1  87  74  81   1   0  16 0.69  0.0    0  8.5 16 220   M    M   4 18     22 190
 2  91  77  84   4   0  19 0.00  0.0    0  7.3 14 260   M    M   3 1      20 200
 3  92  73  83   3   0  18 0.23  0.0    0  5.3 23 230   M    M   4 13     31 230
 4  91  73  82   2   0  17    T  0.0    0  3.6 17 170   M    M   3 138    22 170
 5  93  73  83   3   0  18 0.07  0.0    0  3.0 16 350   M    M   2 138    19  20
 6  94  74  84   4   0  19 0.00  0.0    0  6.7 15 300   M    M   1 1      20 300
 7  95  74  85   5   0  20 1.50  0.0    0  9.7 21 270   M    M   2 13     31 240
 8  93  71  82   2   0  17 0.04  0.0    0  8.8 25 280   M    M   1 13     40 300
 9  88  70  79  -2   0  14 0.03  0.0    0  2.4 15 210   M    M   3 13     20 200
10  87  74  81   0   0  16 0.02  0.0    0  5.0 14 180   M    M   2 13     19 200
11  91  75  83   2   0  18 0.00  0.0    0  7.5 16 210   M    M   1 1      20 180
12  92  76  84   3   0  19    T  0.0    0  7.3 16 180   M    M   2 1      20 180
13  94  75  85   4   0  20 0.00  0.0    0  7.8 16 170   M    M   0        21 180
14  95  77  86   5   0  21 0.12  0.0    0  9.2 16 170   M    M   2 38     21 180
15  95  72  84   3   0  19 1.09  0.0    0  8.4 30 340   M    M   2 138    37 330
16  88  72  80  -1   0  15 0.04  0.0    0  5.3 12 170   M    M   4 13     16 150
17  84  71  78  -3   0  13 0.65  0.0    0  4.3 13 210   M    M   6 138    21 220
18  83  71  77  -4   0  12 0.23  0.0    0  2.4 13 140   M    M   5 1      17 140
19  88  69  79  -2   0  14 0.00  0.0    0  2.5 15 160   M    M   1 13     20 150
20  93  71  82   1   0  17 0.00  0.0    0  3.9 14 160   M    M   1 1      17 150
21  94  75  85   4   0  20 0.00  0.0    0  7.1 15 180   M    M   0 1      19 170
================================================================================
SM 1908 1537         0 362  4.71     0.0 126.0          M       49
================================================================================
AV 90.9 73.2                               6.0 FASTST   M    M   2    MAX(MPH)
                                 MISC ---->  # 30 340               # 40  300
================================================================================
NOTES:
# LAST OF SEVERAL OCCURRENCES

COLUMN 17 PEAK WIND IN M.P.H.

PRELIMINARY LOCAL CLIMATOLOGICAL DATA (WS FORM: F-6) , PAGE 2

                                          STATION:  NEW BERN NC
                                          MONTH:    JULY
                                          YEAR:     2017
                                          LATITUDE:   35  4 N
                                          LONGITUDE:  77  3 W

[TEMPERATURE DATA]      [PRECIPITATION DATA]       SYMBOLS USED IN COLUMN 16

AVERAGE MONTHLY: 82.0   TOTAL FOR MONTH:   4.71    1 = FOG OR MIST
DPTR FM NORMAL:   1.4   DPTR FM NORMAL:    0.69    2 = FOG REDUCING VISIBILITY
HIGHEST:    95 ON 15,14 GRTST 24HR  1.50 ON  7- 7      TO 1/4 MILE OR LESS
LOWEST:     69 ON 19                               3 = THUNDER
                        SNOW, ICE PELLETS, HAIL    4 = ICE PELLETS
                        TOTAL MONTH:   0.0 INCH    5 = HAIL
                        GRTST 24HR     0.0         6 = FREEZING RAIN OR DRIZZLE
                        GRTST DEPTH:   0           7 = DUSTSTORM OR SANDSTORM:
                                                       VSBY 1/2 MILE OR LESS
                                                   8 = SMOKE OR HAZE
[NO. OF DAYS WITH]      [WEATHER - DAYS WITH]      9 = BLOWING SNOW
                                                   X = TORNADO
MAX 32 OR BELOW:   0    0.01 INCH OR MORE:  12
MAX 90 OR ABOVE:  14    0.10 INCH OR MORE:   7
MIN 32 OR BELOW:   0    0.50 INCH OR MORE:   4
MIN  0 OR BELOW:   0    1.00 INCH OR MORE:   2

[HDD (BASE 65) ]
TOTAL THIS MO.     0    CLEAR  (SCALE 0-3)  16
DPTR FM NORMAL     0    PTCLDY (SCALE 4-7)   5
TOTAL FM JUL 1     0    CLOUDY (SCALE 8-10)  0
DPTR FM NORMAL     0

[CDD (BASE 65) ]
TOTAL THIS MO.   362
DPTR FM NORMAL    33    [PRESSURE DATA]
TOTAL FM JAN 1  1098    HIGHEST SLP M ON M
DPTR FM NORMAL   161    LOWEST  SLP 29.87 ON  7

[REMARKS]
