000
CXAK56 PAFG 221405
CF6FAI
PRELIMINARY LOCAL CLIMATOLOGICAL DATA (WS FORM: F-6)

                                          STATION:   FAIRBANKS AK
                                          MONTH:     JULY
                                          YEAR:      2017
                                          LATITUDE:   64 49 N
                                          LONGITUDE: 147 52 W

  TEMPERATURE IN F:       :PCPN:    SNOW:  WIND      :SUNSHINE: SKY     :PK WND
================================================================================
1   2   3   4   5  6A  6B    7    8   9   10  11  12  13   14  15   16   17  18
                                     12Z  AVG MX 2MIN
DY MAX MIN AVG DEP HDD CDD  WTR  SNW DPTH SPD SPD DIR MIN PSBL S-S WX    SPD DR
================================================================================

 1  77  54  66   2   0   1 0.00  0.0    0  3.8  9 120   M    M   8        12 200
 2  69  57  63  -1   2   0 0.83  0.0    0  3.7 22 350   M    M   8 138    28 360
 3  72  56  64   0   1   0 0.09  0.0    0  2.7 21 360   M    M   8 13     27 360
 4  76  53  65   1   0   0    T  0.0    0  3.4 15 270   M    M   8 1      18 280
 5  80  55  68   4   0   3 0.00  0.0    0  1.3  8 280   M    M   7        10 300
 6  86  57  72   8   0   7 0.00  0.0    0  2.7 21 250   M    M   5        31 240
 7  80  60  70   6   0   5 0.14  0.0    0  6.4 23  40   M    M   7 3      27  40
 8  81  59  70   6   0   5 0.04  0.0    0  3.4 17 160   M    M   7 13     22 170
 9  73  56  65   1   0   0 0.01  0.0    0  4.0 12 300   M    M   8        14 180
10  66  55  61  -3   4   0 0.23  0.0    0  3.7  9 190   M    M   9 1      11 250
11  65  54  60  -3   5   0 0.06  0.0    0  3.0 10 210   M    M  10 1      15 210
12  76  55  66   3   0   1 0.00  0.0    0  2.0  8  50   M    M   7        10  50
13  78  58  68   5   0   3 0.02  0.0    0  2.0 10  20   M    M   7 18     12  30
14  83  57  70   7   0   5 0.00  0.0    0  2.6 12 240   M    M   5 8      15 240
15  71  60  66   3   0   1 0.00  0.0    0  6.3 13 250   M    M   8        18 250
16  77  59  68   5   0   3 0.00  0.0    0  6.2 16 260   M    M   7        20 240
17  78  59  69   6   0   4    T  0.0    0  2.6 17 300   M    M   6        21 290
18  77  51  64   2   1   0 0.00  0.0    0  2.8  9 250   M    M   5        12 270
19  81  57  69   7   0   4    T  0.0    0  4.5 15 250   M    M   6        22 250
20  77  61  69   7   0   4 0.01  0.0    0  7.1 22 270   M    M   6        26 270
21  72  57  65   3   0   0 0.08  0.0    0  2.6 23 270   M    M   7 18     27 270
================================================================================
SM 1595 1190        13  46  1.51     0.0  76.8          M      149
================================================================================
AV 76.0 56.7                               3.7 FASTST   M    M   7    MAX(MPH)
                                 MISC ---->  # 23  40               # 31  240
================================================================================
NOTES:
# LAST OF SEVERAL OCCURRENCES

COLUMN 17 PEAK WIND IN M.P.H.

PRELIMINARY LOCAL CLIMATOLOGICAL DATA (WS FORM: F-6) , PAGE 2

                                          STATION:  FAIRBANKS AK
                                          MONTH:    JULY
                                          YEAR:     2017
                                          LATITUDE:   64 49 N
                                          LONGITUDE: 147 52 W

[TEMPERATURE DATA]      [PRECIPITATION DATA]       SYMBOLS USED IN COLUMN 16

AVERAGE MONTHLY: 66.3   TOTAL FOR MONTH:   1.51    1 = FOG OR MIST
DPTR FM NORMAL:   3.0   DPTR FM NORMAL:    0.08    2 = FOG REDUCING VISIBILITY
HIGHEST:    86 ON  6    GRTST 24HR  0.83 ON  2- 2      TO 1/4 MILE OR LESS
LOWEST:     51 ON 18                               3 = THUNDER
                        SNOW, ICE PELLETS, HAIL    4 = ICE PELLETS
                        TOTAL MONTH:   0.0 INCH    5 = HAIL
                        GRTST 24HR     0.0         6 = FREEZING RAIN OR DRIZZLE
                        GRTST DEPTH:   0           7 = DUSTSTORM OR SANDSTORM:
                                                       VSBY 1/2 MILE OR LESS
                                                   8 = SMOKE OR HAZE
[NO. OF DAYS WITH]      [WEATHER - DAYS WITH]      9 = BLOWING SNOW
                                                   X = TORNADO
MAX 32 OR BELOW:   0    0.01 INCH OR MORE:  10
MAX 90 OR ABOVE:   0    0.10 INCH OR MORE:   3
MIN 32 OR BELOW:   0    0.50 INCH OR MORE:   1
MIN  0 OR BELOW:   0    1.00 INCH OR MORE:   0

[HDD (BASE 65) ]
TOTAL THIS MO.    13    CLEAR  (SCALE 0-3)   0
DPTR FM NORMAL   -52    PTCLDY (SCALE 4-7)  17
TOTAL FM JUL 1    13    CLOUDY (SCALE 8-10)  4
DPTR FM NORMAL   -52

[CDD (BASE 65) ]
TOTAL THIS MO.    46
DPTR FM NORMAL    21    [PRESSURE DATA]
TOTAL FM JAN 1    81    HIGHEST SLP M ON M
DPTR FM NORMAL    32    LOWEST  SLP 29.60 ON  1

[REMARKS]
