000
CXAK56 PAFG 221241
CF6FAI
PRELIMINARY LOCAL CLIMATOLOGICAL DATA (WS FORM: F-6)

                                          STATION:   FAIRBANKS AK
                                          MONTH:     DECEMBER
                                          YEAR:      2014
                                          LATITUDE:   64 49 N
                                          LONGITUDE: 147 52 W

  TEMPERATURE IN F:       :PCPN:    SNOW:  WIND      :SUNSHINE: SKY     :PK WND
================================================================================
1   2   3   4   5  6A  6B    7    8   9   10  11  12  13   14  15   16   17  18
                                     12Z  AVG MX 2MIN
DY MAX MIN AVG DEP HDD CDD  WTR  SNW DPTH SPD SPD DIR MIN PSBL S-S WX    SPD DR
================================================================================

 1  19  -6   7   9  58   0 0.01  0.1    5  1.3  7  60   M    M   8 1       8  50
 2  24  19  22  24  43   0 0.39  4.7    9  0.4  5 360   M    M  10 1       6  40
 3  25  14  20  22  45   0 0.08  1.4   10  1.8  6  20   M    M  10 12      7  50
 4  14 -12   1   3  64   0    T    T   10  0.4  7  20   M    M   4 12      8  30
 5  17 -13   2   5  63   0    T    T    8  1.9  8  10   M    M   8        10  10
 6  10  -7   2   5  63   0    T    T    8  4.0  8  30   M    M   6        10 360
 7  24   0  12  15  53   0    T    T    8  7.6 12  10   M    M   8        13  10
 8  22   1  12  15  53   0 0.05  0.7    9  6.7 12  30   M    M   7 1      12  20
 9  15   8  12  15  53   0 0.00  0.0    8 11.8 18  20   M    M   8        24  10
10  13  11  12  15  53   0 0.01  0.8    8  7.3 13  10   M    M  10 1      15  10
11  14  11  13  16  52   0    T    T    8  3.9  8  40   M    M  10        10  60
12  11   3   7  10  58   0 0.01  0.4    8  1.1  6 200   M    M  10 1       7 200
13   5  -6   0   3  65   0 0.00  0.0    8  1.0  8  50   M    M   7         8  50
14  23   2  13  17  52   0 0.00  0.0    8  1.3  8 290   M    M   7         9 290
15  19   3  11  15  54   0 0.00  0.0    8  1.0  9  40   M    M   6        10  30
16  22   0  11  15  54   0 0.00  0.0    8  2.5  8 190   M    M   8        10 190
17  19  -1   9  13  56   0 0.02  0.3    8  1.1  5  60   M    M  10 1       5  40
18  20  -7   7  11  58   0    T    T    8  1.5  6  10   M    M   9 126     7  50
19  -4 -11  -7  -3  72   0 0.00  0.0    8  1.0  6  20   M    M   2         6  40
20  11  -9   1   5  64   0 0.00  0.0    8  2.0 12  40   M    M   2        13  40
21  12  -9   2   7  63   0 0.00  0.0    8  1.5 12  30   M    M   7        12  30
================================================================================
SM  335   -9      1196   0  0.57     8.4  61.1          M      157
================================================================================
AV 16.0 -0.4                               2.9 FASTST   M    M   7    MAX(MPH)
                                 MISC ---->  # 18  20               # 24   10
================================================================================
NOTES:
# LAST OF SEVERAL OCCURRENCES

COLUMN 17 PEAK WIND IN M.P.H.

PRELIMINARY LOCAL CLIMATOLOGICAL DATA (WS FORM: F-6) , PAGE 2

                                          STATION:  FAIRBANKS AK
                                          MONTH:    DECEMBER
                                          YEAR:     2014
                                          LATITUDE:   64 49 N
                                          LONGITUDE: 147 52 W

[TEMPERATURE DATA]      [PRECIPITATION DATA]       SYMBOLS USED IN COLUMN 16

AVERAGE MONTHLY:  7.8   TOTAL FOR MONTH:   0.57    1 = FOG OR MIST
DPTR FM NORMAL:  11.0   DPTR FM NORMAL:    0.15    2 = FOG REDUCING VISIBILITY
HIGHEST:    25 ON  3    GRTST 24HR  0.39 ON  2- 2      TO 1/4 MILE OR LESS
LOWEST:    -13 ON  5                               3 = THUNDER
                        SNOW, ICE PELLETS, HAIL    4 = ICE PELLETS
                        TOTAL MONTH:   8.4 INCHES  5 = HAIL
                        GRTST 24HR   4.7 ON   M    6 = FREEZING RAIN OR DRIZZLE
                        GRTST DEPTH:  10 ON  4, 3  7 = DUSTSTORM OR SANDSTORM:
                                                       VSBY 1/2 MILE OR LESS
                                                   8 = SMOKE OR HAZE
[NO. OF DAYS WITH]      [WEATHER - DAYS WITH]      9 = BLOWING SNOW
                                                   X = TORNADO
MAX 32 OR BELOW:  21    0.01 INCH OR MORE:   7
MAX 90 OR ABOVE:   0    0.10 INCH OR MORE:   1
MIN 32 OR BELOW:  21    0.50 INCH OR MORE:   0
MIN  0 OR BELOW:  12    1.00 INCH OR MORE:   0

[HDD (BASE 65) ]
TOTAL THIS MO.  1196    CLEAR  (SCALE 0-3)   2
DPTR FM NORMAL  -238    PTCLDY (SCALE 4-7)  11
TOTAL FM JUL 1  4914    CLOUDY (SCALE 8-10)  8
DPTR FM NORMAL  -651

[CDD (BASE 65) ]
TOTAL THIS MO.     0
DPTR FM NORMAL     0    [PRESSURE DATA]
TOTAL FM JAN 1    27    HIGHEST SLP M ON M
DPTR FM NORMAL   -34    LOWEST  SLP 29.09 ON M

[REMARKS]
