000
CXUS56 KHNX 231146
CF6FAT
PRELIMINARY LOCAL CLIMATOLOGICAL DATA (WS FORM: F-6)

                                          STATION:   FRESNO CA
                                          MONTH:     MAY
                                          YEAR:      2017
                                          LATITUDE:   36 46 N
                                          LONGITUDE: 119 43 W

  TEMPERATURE IN F:       :PCPN:    SNOW:  WIND      :SUNSHINE: SKY     :PK WND
================================================================================
1   2   3   4   5  6A  6B    7    8   9   10  11  12  13   14  15   16   17  18
                                     12Z  AVG MX 2MIN
DY MAX MIN AVG DEP HDD CDD  WTR  SNW DPTH SPD SPD DIR MIN PSBL S-S WX    SPD DR
================================================================================

 1  87  57  72   6   0   7 0.00  0.0    0  6.0 17 300   M    M   1        21 300
 2  91  62  77  10   0  12 0.00  0.0    0  5.7 15 300   M    M   4        18 300
 3  96  65  81  14   0  16 0.00  0.0    0  4.9 12 120   M    M   3        13 160
 4  99  70  85  18   0  20 0.00  0.0    0  7.1 18 300   M    M   3        22 300
 5  84  59  72   4   0   7 0.00  0.0    0 12.6 26 310   M    M   8        36 310
 6  65  52  59  -9   6   0    T  0.0    0  8.8 20 310   M    M   9        24 300
 7  69  49  59  -9   6   0 0.12  0.0    0  8.0 17 140   M    M   5 18     21 160
 8  79  55  67  -1   0   2 0.00  0.0    0  4.0 10 210   M    M   5        14 210
 9  87  58  73   4   0   8 0.00  0.0    0  5.4 14 310   M    M   3        19 220
10  84  59  72   3   0   7 0.00  0.0    0  8.1 18 310   M    M   5        22 310
11  82  56  69   0   0   4 0.00  0.0    0  9.3 23 310   M    M   1        28 310
12  72  55  64  -5   1   0 0.00  0.0    0 16.5 25 310   M    M   6        32 320
13  72  49  61  -9   4   0 0.00  0.0    0 11.7 23 310   M    M   2        28 310
14  74  48  61  -9   4   0 0.00  0.0    0  9.0 18 310   M    M   5        23 310
15  73  50  62  -8   3   0 0.00  0.0    0  6.5 14  80   M    M   7        18 280
16  74  51  63  -7   2   0 0.00  0.0    0 10.0 22 310   M    M   6        26 310
17  77  54  66  -4   0   1 0.00  0.0    0 12.8 21 300   M    M   4        26 300
18  81  52  67  -4   0   2 0.00  0.0    0  4.4  9 280   M    M   1         M  M
19  90  59  75   4   0  10 0.00  0.0    0  6.4 12 310   M    M   1        16 280
20  94  62  78   7   0  13 0.00  0.0    0  5.6 14 140   M    M   1        20 130
21  97  64  81  10   0  16 0.00  0.0    0  6.7 15 310   M    M   1        19 300
22  99  66  83  11   0  18 0.00  0.0    0  6.0 12 140   M    M   2         M  M
================================================================================
SM 1826 1252        26 143  0.12     0.0 175.5          M       83
================================================================================
AV 83.0 56.9                               8.0 FASTST   M    M   4    MAX(MPH)
                                 MISC ---->  # 26 310               # 36  310
================================================================================
NOTES:
# LAST OF SEVERAL OCCURRENCES

COLUMN 17 PEAK WIND IN M.P.H.

PRELIMINARY LOCAL CLIMATOLOGICAL DATA (WS FORM: F-6) , PAGE 2

                                          STATION:  FRESNO CA
                                          MONTH:    MAY
                                          YEAR:     2017
                                          LATITUDE:   36 46 N
                                          LONGITUDE: 119 43 W

[TEMPERATURE DATA]      [PRECIPITATION DATA]       SYMBOLS USED IN COLUMN 16

AVERAGE MONTHLY: 70.0   TOTAL FOR MONTH:   0.12    1 = FOG OR MIST
DPTR FM NORMAL:   0.8   DPTR FM NORMAL:   -0.21    2 = FOG REDUCING VISIBILITY
HIGHEST:    99 ON 22, 4 GRTST 24HR  0.12 ON  7- 7      TO 1/4 MILE OR LESS
LOWEST:     48 ON 14                               3 = THUNDER
                        SNOW, ICE PELLETS, HAIL    4 = ICE PELLETS
                        TOTAL MONTH:   0.0 INCH    5 = HAIL
                        GRTST 24HR     0.0         6 = FREEZING RAIN OR DRIZZLE
                        GRTST DEPTH:   0           7 = DUSTSTORM OR SANDSTORM:
                                                       VSBY 1/2 MILE OR LESS
                                                   8 = SMOKE OR HAZE
[NO. OF DAYS WITH]      [WEATHER - DAYS WITH]      9 = BLOWING SNOW
                                                   X = TORNADO
MAX 32 OR BELOW:   0    0.01 INCH OR MORE:   1
MAX 90 OR ABOVE:   7    0.10 INCH OR MORE:   1
MIN 32 OR BELOW:   0    0.50 INCH OR MORE:   0
MIN  0 OR BELOW:   0    1.00 INCH OR MORE:   0

[HDD (BASE 65) ]
TOTAL THIS MO.    26    CLEAR  (SCALE 0-3)  11
DPTR FM NORMAL    -2    PTCLDY (SCALE 4-7)  10
TOTAL FM JUL 1  1936    CLOUDY (SCALE 8-10)  1
DPTR FM NORMAL  -405

[CDD (BASE 65) ]
TOTAL THIS MO.   143
DPTR FM NORMAL    27    [PRESSURE DATA]
TOTAL FM JAN 1   173    HIGHEST SLP M ON M
DPTR FM NORMAL     6    LOWEST  SLP 29.66 ON  6

[REMARKS]
