000
CXUS52 KRAH 161345
CF6FAY
PRELIMINARY LOCAL CLIMATOLOGICAL DATA (WS FORM: F-6)

                                          STATION:   FAYETTEVILLE REGL AIRPORT NC
                                          MONTH:     OCTOBER
                                          YEAR:      2017
                                          LATITUDE:   35  0 N
                                          LONGITUDE:  78 53 W

  TEMPERATURE IN F:       :PCPN:    SNOW:  WIND      :SUNSHINE: SKY     :PK WND
================================================================================
1   2   3   4   5  6A  6B    7    8   9   10  11  12  13   14  15   16   17  18
                                     12Z  AVG MX 2MIN
DY MAX MIN AVG DEP HDD CDD  WTR  SNW DPTH SPD SPD DIR MIN PSBL S-S WX    SPD DR
================================================================================

 1  75  52  64  -5   1   0 0.00    M    M  9.0 18  20   M    M   1        26  70
 2  81  55  68   0   0   3 0.00    M    M  6.4 14  30   M    M   3        19  30
 3  82  52  67  -1   0   2 0.00    M    M  6.6 14  20   M    M   0        18  20
 4  82  54  68   1   0   3 0.00    M    M  5.7 13  20   M    M   3 1      22  20
 5  86  59  73   6   0   8 0.00    M    M  4.3 13 170   M    M   2 12     17 160
 6  87  58  73   6   0   8 0.00    M    M  3.4 12 150   M    M   1 1      15 120
 7  87  62  75   9   0  10 0.52    M    M  6.2 23 150   M    M   8 13     30 150
 8  82  75  79  13   0  14 0.62    M    M  7.1 16 160   M    M   9 1      21 150
 9  89  76  83  17   0  18 0.18    M    M  9.7 17 180   M    M   7 1      23 170
10  90  76  83  18   0  18 0.00    M    M  7.2 14 220   M    M   5 3      17 220
11  86  75  81  16   0  16 0.02    M    M  6.7 12 160   M    M   5 1      16 180
12  86  71  79  14   0  14 0.00    M    M  7.2 18  30   M    M   8 1      22  30
13  77  65  71   7   0   6 0.00    M    M  8.1 14  30   M    M   9        20  50
14  77  62  70   6   0   5 0.00    M    M  5.7 14  30   M    M   6 1      18  10
15  82  62  72   8   0   7 0.00    M    M  6.2 13 190   M    M   4 12     16 200
================================================================================
SM 1249  954         1 132  1.34    M     99.5          M       71
================================================================================
AV 83.3 63.6                               6.6 FASTST   M    M   5    MAX(MPH)
                                 MISC ---->  # 23 150               # 30  150
================================================================================
NOTES:
# LAST OF SEVERAL OCCURRENCES

COLUMN 17 PEAK WIND IN M.P.H.

PRELIMINARY LOCAL CLIMATOLOGICAL DATA (WS FORM: F-6) , PAGE 2

                                          STATION:  FAYETTEVILLE REGL AIRPORT NC
                                          MONTH:    OCTOBER
                                          YEAR:     2017
                                          LATITUDE:   35  0 N
                                          LONGITUDE:  78 53 W

[TEMPERATURE DATA]      [PRECIPITATION DATA]       SYMBOLS USED IN COLUMN 16

AVERAGE MONTHLY: 73.4   TOTAL FOR MONTH:   1.34    1 = FOG OR MIST
DPTR FM NORMAL:   7.4   DPTR FM NORMAL:   -0.63    2 = FOG REDUCING VISIBILITY
HIGHEST:    90 ON 10    GRTST 24HR  0.62 ON  8- 8      TO 1/4 MILE OR LESS
LOWEST:     52 ON  3, 1                            3 = THUNDER
                        SNOW, ICE PELLETS, HAIL    4 = ICE PELLETS
                        TOTAL MONTH:    M          5 = HAIL
                        GRTST 24HR    M  ON   M    6 = FREEZING RAIN OR DRIZZLE
                        GRTST DEPTH:  M  ON   M    7 = DUSTSTORM OR SANDSTORM:
                                                       VSBY 1/2 MILE OR LESS
                                                   8 = SMOKE OR HAZE
[NO. OF DAYS WITH]      [WEATHER - DAYS WITH]      9 = BLOWING SNOW
                                                   X = TORNADO
MAX 32 OR BELOW:   0    0.01 INCH OR MORE:   4
MAX 90 OR ABOVE:   1    0.10 INCH OR MORE:   3
MIN 32 OR BELOW:   0    0.50 INCH OR MORE:   2
MIN  0 OR BELOW:   0    1.00 INCH OR MORE:   0

[HDD (BASE 65) ]
TOTAL THIS MO.     1    CLEAR  (SCALE 0-3)   6
DPTR FM NORMAL   -31    PTCLDY (SCALE 4-7)   7
TOTAL FM JUL 1     3    CLOUDY (SCALE 8-10)  2
DPTR FM NORMAL   -38

[CDD (BASE 65) ]
TOTAL THIS MO.   132
DPTR FM NORMAL    85    [PRESSURE DATA]
TOTAL FM JAN 1  2435    HIGHEST SLP M ON M
DPTR FM NORMAL   480    LOWEST  SLP 29.85 ON  9

[REMARKS]
