000
CXUS52 KFFC 301110
CF6FFC
PRELIMINARY LOCAL CLIMATOLOGICAL DATA (WS FORM: F-6)

                                          STATION:   PEACHTREE CITY
                                          MONTH:     OCTOBER
                                          YEAR:      2014
                                          LATITUDE:   33 20 N
                                          LONGITUDE:  84 34 W

  TEMPERATURE IN F:       :PCPN:    SNOW:  WIND      :SUNSHINE: SKY     :PK WND
================================================================================
1   2   3   4   5  6A  6B    7    8   9   10  11  12  13   14  15   16   17  18
                                     12Z  AVG MX 2MIN
DY MAX MIN AVG DEP HDD CDD  WTR  SNW DPTH SPD SPD DIR MIN PSBL S-S WX    SPD DR
================================================================================

 1  86  58  72   5   0   7 0.00  0.0    M  1.2  9 120   M    M   2 12     13  80
 2  85  58  72   6   0   7 0.00  0.0    M  3.0 13 140   M    M   2 18     17 130
 3  79  66  73   7   0   8 0.87    M    M  4.6 15 300   M    M   5 13     18 300
 4  66  44  55 -10  10   0 0.00    M    M  9.0 21 320   M    M   0        26 300
 5  70  37  54 -11  11   0 0.00    M    M  1.4 12 290   M    M   0        19 280
 6  78  45  62  -3   3   0 0.00    M    M  2.8 14 180   M    M   0        20 200
 7  83  52  68   4   0   3 0.00    M    M  3.2 12 240   M    M   1        18 210
 8  86  62  74  10   0   9 0.00    M    M  2.4 10 310   M    M   3 18     13 320
 9  88  64  76  12   0  11 0.00    M    M  1.2  8 260   M    M   1 18     12 230
10  87  60  74  11   0   9 0.00  0.0    M  2.5 14 230   M    M   1 1      20 230
11  85  65  75  12   0  10 0.00  0.0    M  2.5 13 250   M    M   3 18     18 260
12  87  62  75  13   0  10 0.00  0.0    M  3.3 13 150   M    M   2 18     18  90
13  86  66  76  14   0  11 0.00  0.0    M  9.0 21 140   M    M   7 18     29 140
14  75  54  65   3   0   0 2.81  0.0    M  7.5 18 140   M    M   7 123    27 150
15  69  52  61   0   4   0 0.00    M    M  3.2 14 260   M    M   5 1      21 260
16  71  50  61   0   4   0 0.00    M    M  4.5 18 310   M    M   5        21 310
17  79  44  62   1   3   0 0.00    M    M  2.5 10 240   M    M   2 12     16 270
18  78  53  66   5   0   1 0.00    M    M  5.7 18 320   M    M   0 1      23 340
19  71  47  59  -1   6   0 0.00    M    M  3.5 12 320   M    M   0        14 320
20  73  42  58  -2   7   0 0.00    M    M  1.4  9 160   M    M   1 1      13 150
21  77  45  61   1   4   0 0.00    M    M  3.6 16 300   M    M   0 18     20 320
22  70  45  58  -1   7   0 0.00    M    M  5.9 14 340   M    M   0 1      17  30
23  72  38  55  -4  10   0 0.00  0.0    M  1.3 10 310   M    M   0 1      14 290
24  74  42  58  -1   7   0 0.00  0.0    M  1.2  8 320   M    M   0 1      11 330
25  78  41  60   1   5   0 0.00  0.0    M  3.0 12 320   M    M   0 1      15 330
26  85  49  67   9   0   2 0.00  0.0    M  2.3 10 320   M    M   1 18     13 310
27  85  49  67   9   0   2 0.00  0.0    M  1.1  8 140   M    M   0 18     12 140
28  76  50  63   5   2   0 0.00    M    M  1.6 12 310   M    M   2 128    16 310
29  74  47  61   3   4   0 0.01  0.0    M  3.3 17 330   M    M   5 12     21 330
================================================================================
SM 2273 1487        87  90  3.69     0.0  97.7          M       55
================================================================================
AV 78.4 51.3                               3.4 FASTST   M    M   2    MAX(MPH)
                                 MISC ---->  # 21 320               # 29  140
================================================================================
NOTES:
# LAST OF SEVERAL OCCURRENCES

COLUMN 17 PEAK WIND IN M.P.H.

PRELIMINARY LOCAL CLIMATOLOGICAL DATA (WS FORM: F-6) , PAGE 2

                                          STATION:  PEACHTREE CITY
                                          MONTH:    OCTOBER
                                          YEAR:     2014
                                          LATITUDE:   33 20 N
                                          LONGITUDE:  84 34 W

[TEMPERATURE DATA]      [PRECIPITATION DATA]       SYMBOLS USED IN COLUMN 16

AVERAGE MONTHLY: 64.8   TOTAL FOR MONTH:   3.69    1 = FOG OR MIST
DPTR FM NORMAL:   3.1   DPTR FM NORMAL:    0.43    2 = FOG REDUCING VISIBILITY
HIGHEST:    88 ON  9    GRTST 24HR  2.81 ON 14-14      TO 1/4 MILE OR LESS
LOWEST:     37 ON  5                               3 = THUNDER
                        SNOW, ICE PELLETS, HAIL    4 = ICE PELLETS
                        TOTAL MONTH:   0.0 INCH    5 = HAIL
                        GRTST 24HR     0.0         6 = FREEZING RAIN OR DRIZZLE
                        GRTST DEPTH:  M  ON   M    7 = DUSTSTORM OR SANDSTORM:
                                                       VSBY 1/2 MILE OR LESS
                                                   8 = SMOKE OR HAZE
[NO. OF DAYS WITH]      [WEATHER - DAYS WITH]      9 = BLOWING SNOW
                                                   X = TORNADO
MAX 32 OR BELOW:   0    0.01 INCH OR MORE:   3
MAX 90 OR ABOVE:   0    0.10 INCH OR MORE:   2
MIN 32 OR BELOW:   0    0.50 INCH OR MORE:   2
MIN  0 OR BELOW:   0    1.00 INCH OR MORE:   1

[HDD (BASE 65) ]
TOTAL THIS MO.    87    CLEAR  (SCALE 0-3)  22
DPTR FM NORMAL   -50    PTCLDY (SCALE 4-7)   7
TOTAL FM JUL 1    87    CLOUDY (SCALE 8-10)  0
DPTR FM NORMAL   -63

[CDD (BASE 65) ]
TOTAL THIS MO.    90
DPTR FM NORMAL    47    [PRESSURE DATA]
TOTAL FM JAN 1  1793    HIGHEST SLP M ON M
DPTR FM NORMAL   142    LOWEST  SLP 29.73 ON 14

[REMARKS]
