000
CXUS53 KLMK 230800
CF6FFT
PRELIMINARY LOCAL CLIMATOLOGICAL DATA (WS FORM: F-6)

                                          STATION:   FRANKFORT KY
                                          MONTH:     SEPTEMBER
                                          YEAR:      2014
                                          LATITUDE:   38 10 N
                                          LONGITUDE:  84 54 W

  TEMPERATURE IN F:       :PCPN:    SNOW:  WIND      :SUNSHINE: SKY     :PK WND
================================================================================
1   2   3   4   5  6A  6B    7    8   9   10  11  12  13   14  15   16   17  18
                                     12Z  AVG MX 2MIN
DY MAX MIN AVG DEP HDD CDD  WTR  SNW DPTH SPD SPD DIR MIN PSBL S-S WX    SPD DR
================================================================================

 1  85  73  79   6   0  14 0.00    M    M  9.4 22 210   M    M   6 3      32 220
 2  85  68  77   4   0  12 0.06    M    M  6.7 23 310   M    M   4 138    32 320
 3  84  65  75   3   0  10 0.00    M    M  2.9 10 130   M    M   4 12     13 120
 4  90  65  78   6   0  13 0.00    M    M  3.2 10 150   M    M   0 1      12 150
 5  89  69  79   7   0  14 0.00    M    M  5.0 12 230   M    M   1 1      17 220
 6  85  67  76   5   0  11 0.00    M    M  6.4 16 340   M    M   3        22 350
 7  79  58  69  -2   0   4 0.00    M    M  7.1 18  70   M    M   1        23  60
 8  83  54  69  -2   0   4 0.00    M    M  2.6  8 150   M    M   1        12  50
 9  83  56  70   0   0   5 0.00    M    M  2.3  8 120   M    M   1 1      12 210
10  83  65  74   4   0   9 0.00    M    M 11.8 23 190   M    M   4        29 190
11  78  59  69  -1   0   4 2.68    M    M  6.0 16 240   M    M   8 13     24 220
12  67  57  62  -7   3   0 0.00    M    M  6.5 13  70   M    M   9        18  60
13  68  48  58 -11   7   0 0.00    M    M  6.1 14 340   M    M   7        20 320
14  72  44  58 -10   7   0 0.00    M    M  1.9 10  40   M    M   0        14  90
15  75  47  61  -7   4   0 0.09    M    M  3.1 13 360   M    M   4 12     20 360
16  69  49  59  -9   6   0    T    M    M  4.6 13 360   M    M   7 1      16 360
17  70  45  58  -9   7   0 0.00    M    M  1.9 10 300   M    M   5 12     13 300
18  74  52  63  -4   2   0 0.00    M    M  3.8 13  60   M    M   3 1      17  70
19  77  51  64  -2   1   0 0.00    M    M  4.3 14  90   M    M   0        19  80
20  81  56  69   3   0   4 0.00    M    M  6.4 21 220   M    M   2        24 220
21  81  57  69   3   0   4 0.00    M    M  8.5 20 300   M    M   2        31 280
22  68  46  57  -8   8   0 0.00    M    M  3.8 14 330   M    M   0        17 330
================================================================================
SM 1726 1251        45 108  2.83    M    114.3          M       72
================================================================================
AV 78.5 56.9                               5.2 FASTST   M    M   3    MAX(MPH)
                                 MISC ---->  # 23 310               # 32  220
================================================================================
NOTES:
# LAST OF SEVERAL OCCURRENCES

COLUMN 17 PEAK WIND IN M.P.H.

PRELIMINARY LOCAL CLIMATOLOGICAL DATA (WS FORM: F-6) , PAGE 2

                                          STATION:  FRANKFORT KY
                                          MONTH:    SEPTEMBER
                                          YEAR:     2014
                                          LATITUDE:   38 10 N
                                          LONGITUDE:  84 54 W

[TEMPERATURE DATA]      [PRECIPITATION DATA]       SYMBOLS USED IN COLUMN 16

AVERAGE MONTHLY: 67.7   TOTAL FOR MONTH:   2.83    1 = FOG OR MIST
DPTR FM NORMAL:  -1.6   DPTR FM NORMAL:    0.39    2 = FOG REDUCING VISIBILITY
HIGHEST:    90 ON  4    GRTST 24HR  2.68 ON 11-11      TO 1/4 MILE OR LESS
LOWEST:     44 ON 14                               3 = THUNDER
                        SNOW, ICE PELLETS, HAIL    4 = ICE PELLETS
                        TOTAL MONTH:    M          5 = HAIL
                        GRTST 24HR    M  ON   M    6 = FREEZING RAIN OR DRIZZLE
                        GRTST DEPTH:  M  ON   M    7 = DUSTSTORM OR SANDSTORM:
                                                       VSBY 1/2 MILE OR LESS
                                                   8 = SMOKE OR HAZE
[NO. OF DAYS WITH]      [WEATHER - DAYS WITH]      9 = BLOWING SNOW
                                                   X = TORNADO
MAX 32 OR BELOW:   0    0.01 INCH OR MORE:   3
MAX 90 OR ABOVE:   1    0.10 INCH OR MORE:   1
MIN 32 OR BELOW:   0    0.50 INCH OR MORE:   1
MIN  0 OR BELOW:   0    1.00 INCH OR MORE:   1

[HDD (BASE 65) ]
TOTAL THIS MO.    45    CLEAR  (SCALE 0-3)  12
DPTR FM NORMAL    24    PTCLDY (SCALE 4-7)   9
TOTAL FM JUL 1    48    CLOUDY (SCALE 8-10)  1
DPTR FM NORMAL    26

[CDD (BASE 65) ]
TOTAL THIS MO.   108
DPTR FM NORMAL    -7    [PRESSURE DATA]
TOTAL FM JAN 1  1034    HIGHEST SLP M ON M
DPTR FM NORMAL   -83    LOWEST  SLP 29.83 ON M

[REMARKS]
