000
CXUS53 KFGF 290915
CF6FGF
PRELIMINARY LOCAL CLIMATOLOGICAL DATA (WS FORM: F-6)

                                          STATION:   GRAND FORKS UNIV. (NWS) ND
                                          MONTH:     AUGUST
                                          YEAR:      2015
                                          LATITUDE:   47 55 N
                                          LONGITUDE:  97  6 W

  TEMPERATURE IN F:       :PCPN:    SNOW:  WIND      :SUNSHINE: SKY     :PK WND
================================================================================
1   2   3   4   5  6A  6B    7    8   9   10  11  12  13   14  15   16   17  18
                                     12Z  AVG MX 2MIN
DY MAX MIN AVG DEP HDD CDD  WTR  SNW DPTH SPD SPD DIR MIN PSBL S-S WX    SPD DR
================================================================================

 1  87  56  72   2   0   7 0.00  0.0    0   M   M   M   M    M   M         M  M
 2  78  59  69  -1   0   4 0.02  0.0    0   M   M   M   M    M   M         M  M
 3  79  51  65  -5   0   0 0.00  0.0    0   M   M   M   M    M   M         M  M
 4  76  53  65  -5   0   0 0.00  0.0    0   M   M   M   M    M   M         M  M
 5  78  57  68  -2   0   3 0.00  0.0    0   M   M   M   M    M   M         M  M
 6  81  63  72   2   0   7 0.00  0.0    0   M   M   M   M    M   M         M  M
 7  86  59  73   3   0   8 0.00  0.0    0   M   M   M   M    M   M         M  M
 8  84  57  71   1   0   6 0.00  0.0    0   M   M   M   M    M   M         M  M
 9  80  57  69  -1   0   4 0.00  0.0    0   M   M   M   M    M   M         M  M
10  84  58  71   1   0   6 0.00  0.0    0   M   M   M   M    M   M         M  M
11  88  56  72   2   0   7 0.00  0.0    0   M   M   M   M    M   M         M  M
12  93  61  77   8   0  12 0.00  0.0    0   M   M   M   M    M   M         M  M
13  95  67  81  12   0  16 0.00  0.0    0   M   M   M   M    M   M         M  M
14  96  67  82  13   0  17 0.00  0.0    0   M   M   M   M    M   M         M  M
15  94  73  84  15   0  19 0.00  0.0    0   M   M   M   M    M   M         M  M
16  80  57  69   0   0   4 0.00  0.0    0   M   M   M   M    M   M         M  M
17  72  51  62  -7   3   0 0.00  0.0    0   M   M   M   M    M   M         M  M
18  67  55  61  -7   4   0 0.00  0.0    0   M   M   M   M    M   M         M  M
19  71  51  61  -7   4   0 0.00  0.0    0   M   M   M   M    M   M         M  M
20  79  45  62  -6   3   0 0.00  0.0    0   M   M   M   M    M   M         M  M
21  80  60  70   2   0   5 0.01  0.0    0   M   M   M   M    M   M         M  M
22  72  57  65  -3   0   0 1.53  0.0    0   M   M   M   M    M   M 13      M  M
23  64  53  59  -8   6   0 0.93  0.0    0   M   M   M   M    M   M 1       M  M
24  69  48  59  -8   6   0 0.00  0.0    0   M   M   M   M    M   M         M  M
25  71  45  58  -9   7   0 0.00  0.0    0   M   M   M   M    M   M         M  M
26  75  48  62  -4   3   0 0.00  0.0    0   M   M   M   M    M   M         M  M
27  79  54  67   1   0   2 0.00  0.0    0   M   M   M   M    M   M         M  M
28  84  64  74   8   0   9 0.00  0.0    0   M   M   M   M    M   M         M  M
================================================================================
SM 2242 1582        36 136  2.49     0.0     M          M        M
================================================================================
AV 80.1 56.5                                 M FASTST   M    M   2    MAX(MPH)
                                 MISC ---->     M   M                  M    M
================================================================================
NOTES:
# LAST OF SEVERAL OCCURRENCES

COLUMN 17 PEAK WIND IN M.P.H.

PRELIMINARY LOCAL CLIMATOLOGICAL DATA (WS FORM: F-6) , PAGE 2

                                          STATION:  GRAND FORKS UNIV. (NWS) ND
                                          MONTH:    AUGUST
                                          YEAR:     2015
                                          LATITUDE:   47 55 N
                                          LONGITUDE:  97  6 W

[TEMPERATURE DATA]      [PRECIPITATION DATA]       SYMBOLS USED IN COLUMN 16

AVERAGE MONTHLY: 68.3   TOTAL FOR MONTH:   2.49    1 = FOG OR MIST
DPTR FM NORMAL:  -0.4   DPTR FM NORMAL:   -0.36    2 = FOG REDUCING VISIBILITY
HIGHEST:    96 ON 14    GRTST 24HR  1.53 ON 22-22      TO 1/4 MILE OR LESS
LOWEST:     45 ON 25,20                            3 = THUNDER
                        SNOW, ICE PELLETS, HAIL    4 = ICE PELLETS
                        TOTAL MONTH:   0.0 INCH    5 = HAIL
                        GRTST 24HR     0.0         6 = FREEZING RAIN OR DRIZZLE
                        GRTST DEPTH:   0           7 = DUSTSTORM OR SANDSTORM:
                                                       VSBY 1/2 MILE OR LESS
                                                   8 = SMOKE OR HAZE
[NO. OF DAYS WITH]      [WEATHER - DAYS WITH]      9 = BLOWING SNOW
                                                   X = TORNADO
MAX 32 OR BELOW:   0    0.01 INCH OR MORE:   4
MAX 90 OR ABOVE:   4    0.10 INCH OR MORE:   2
MIN 32 OR BELOW:   0    0.50 INCH OR MORE:   2
MIN  0 OR BELOW:   0    1.00 INCH OR MORE:   1

[HDD (BASE 65) ]
TOTAL THIS MO.    36    CLEAR  (SCALE 0-3)   0
DPTR FM NORMAL     1    PTCLDY (SCALE 4-7)   0
TOTAL FM JUL 1    48    CLOUDY (SCALE 8-10)  0
DPTR FM NORMAL   -10

[CDD (BASE 65) ]
TOTAL THIS MO.   136
DPTR FM NORMAL     0    [PRESSURE DATA]
TOTAL FM JAN 1   467    HIGHEST SLP M ON M
DPTR FM NORMAL    43    LOWEST  SLP M ON M

[REMARKS]
