000
CXUS56 KFGZ 200900
CF6FLG
PRELIMINARY LOCAL CLIMATOLOGICAL DATA (WS FORM: F-6)

                                          STATION:   FLAGSTAFF AZ AIRPORT
                                          MONTH:     OCTOBER
                                          YEAR:      2014
                                          LATITUDE:   35  7 N
                                          LONGITUDE: 111 40 W

  TEMPERATURE IN F:       :PCPN:    SNOW:  WIND      :SUNSHINE: SKY     :PK WND
================================================================================
1   2   3   4   5  6A  6B    7    8   9   10  11  12  13   14  15   16   17  18
                                     12Z  AVG MX 2MIN
DY MAX MIN AVG DEP HDD CDD  WTR  SNW DPTH SPD SPD DIR MIN PSBL S-S WX    SPD DR
================================================================================

 1  65  35  50  -2  15   0 0.00  0.0    0  4.2 14 270   M    M   2        22 300
 2  66  32  49  -3  16   0 0.00  0.0    0  6.1 18  80   M    M   0        26  70
 3  70  28  49  -2  16   0 0.00  0.0    0  3.7 16  60   M    M   0        19  80
 4  74  30  52   1  13   0 0.00  0.0    0  3.0 15 210   M    M   0        21 230
 5  74  32  53   3  12   0 0.00  0.0    0  2.4 10 210   M    M   0        17 270
 6  75  32  54   4  11   0 0.00  0.0    0  2.3 14 200   M    M   0        18 200
 7  68  42  55   5  10   0 0.00  0.0    0  3.1 15 220   M    M   2        18 220
 8  64  48  56   7   9   0 0.03  0.0    0  5.5 17  60   M    M   9        23  60
 9  63  44  54   5  11   0 0.65  0.0    0  5.2 18  50   M    M   8 1      25 350
10  70  43  57   8   8   0 0.00  0.0    0  4.1 13 260   M    M   2        21 280
11  70  39  55   7  10   0 0.00  0.0    0  4.9 18 220   M    M   1        21 210
12  68  39  54   6  11   0 0.00  0.0    0  7.8 25 250   M    M   0        38 260
13  62  31  47  -1  18   0 0.00  0.0    0  9.1 24  50   M    M   0        30  50
14  72  28  50   3  15   0 0.00  0.0    0  2.2 12  70   M    M   0        17  60
15  67  34  51   4  14   0 0.00  0.0    0  4.9 23 210   M    M   0        29 220
16  68  35  52   5  13   0 0.00  0.0    0  4.3 16 210   M    M   0        21 210
17  62  37  50   4  15   0 0.00  0.0    0  1.6 13 220   M    M   4        16 210
18  68  39  54   8  11   0 0.00  0.0    0  2.1 14 230   M    M   6        17 230
19  66  38  52   6  13   0 0.01  0.0    0  3.5 25 130   M    M   4 8      36 150
================================================================================
SM 1292  686       241   0  0.69     0.0  80.0          M       38
================================================================================
AV 68.0 36.1                               4.2 FASTST   M    M   2    MAX(MPH)
                                 MISC ---->  # 25 250               # 38  260
================================================================================
NOTES:
# LAST OF SEVERAL OCCURRENCES

COLUMN 17 PEAK WIND IN M.P.H.

PRELIMINARY LOCAL CLIMATOLOGICAL DATA (WS FORM: F-6) , PAGE 2

                                          STATION:  FLAGSTAFF AZ AIRPORT
                                          MONTH:    OCTOBER
                                          YEAR:     2014
                                          LATITUDE:   35  7 N
                                          LONGITUDE: 111 40 W

[TEMPERATURE DATA]      [PRECIPITATION DATA]       SYMBOLS USED IN COLUMN 16

AVERAGE MONTHLY: 52.1   TOTAL FOR MONTH:   0.69    1 = FOG OR MIST
DPTR FM NORMAL:   3.3   DPTR FM NORMAL:   -0.36    2 = FOG REDUCING VISIBILITY
HIGHEST:    75 ON  6    GRTST 24HR  0.68 ON  8- 9      TO 1/4 MILE OR LESS
LOWEST:     28 ON 14, 3                            3 = THUNDER
                        SNOW, ICE PELLETS, HAIL    4 = ICE PELLETS
                        TOTAL MONTH:   0.0 INCH    5 = HAIL
                        GRTST 24HR     0.0         6 = FREEZING RAIN OR DRIZZLE
                        GRTST DEPTH:   0           7 = DUSTSTORM OR SANDSTORM:
                                                       VSBY 1/2 MILE OR LESS
                                                   8 = SMOKE OR HAZE
[NO. OF DAYS WITH]      [WEATHER - DAYS WITH]      9 = BLOWING SNOW
                                                   X = TORNADO
MAX 32 OR BELOW:   0    0.01 INCH OR MORE:   3
MAX 90 OR ABOVE:   0    0.10 INCH OR MORE:   1
MIN 32 OR BELOW:   7    0.50 INCH OR MORE:   1
MIN  0 OR BELOW:   0    1.00 INCH OR MORE:   0

[HDD (BASE 65) ]
TOTAL THIS MO.   241    CLEAR  (SCALE 0-3)  14
DPTR FM NORMAL   -68    PTCLDY (SCALE 4-7)   4
TOTAL FM JUL 1   493    CLOUDY (SCALE 8-10)  1
DPTR FM NORMAL  -133

[CDD (BASE 65) ]
TOTAL THIS MO.     0
DPTR FM NORMAL     0    [PRESSURE DATA]
TOTAL FM JAN 1   109    HIGHEST SLP M ON M
DPTR FM NORMAL    -8    LOWEST  SLP 29.81 ON  1

[REMARKS]
