000
CXUS56 KFGZ 220900
CF6FLG
PRELIMINARY LOCAL CLIMATOLOGICAL DATA (WS FORM: F-6)

                                          STATION:   FLAGSTAFF AZ AIRPORT
                                          MONTH:     DECEMBER
                                          YEAR:      2014
                                          LATITUDE:   35  7 N
                                          LONGITUDE: 111 40 W

  TEMPERATURE IN F:       :PCPN:    SNOW:  WIND      :SUNSHINE: SKY     :PK WND
================================================================================
1   2   3   4   5  6A  6B    7    8   9   10  11  12  13   14  15   16   17  18
                                     12Z  AVG MX 2MIN
DY MAX MIN AVG DEP HDD CDD  WTR  SNW DPTH SPD SPD DIR MIN PSBL S-S WX    SPD DR
================================================================================

 1  52  20  36   4  29   0 0.00  0.0    0  1.6 10  90   M    M   0        14 240
 2  55  24  40   9  25   0 0.06  0.0    0  4.6 16 220   M    M   7 1      19 210
 3  49  36  43  12  22   0 1.07  0.0    0  5.8 15 220   M    M   8 12     18 200
 4  46  35  41  10  24   0 0.66  0.0    0  5.6 17 230   M    M   9 12     23 230
 5  46  31  39   8  26   0 0.00  0.0    0  4.3 12  60   M    M   6 12     15  40
 6  49  30  40  10  25   0 0.00  0.0    0  0.7 10 210   M    M   5 12     13 200
 7  51  26  39   9  26   0 0.00  0.0    0  4.0 10  70   M    M   3 12     15  60
 8  49  27  38   8  27   0 0.00  0.0    0  4.9 13  80   M    M   5 12     15  80
 9  42  27  35   5  30   0 0.00  0.0    0  2.9  9  90   M    M   7 12     12  90
10  52  25  39   9  26   0 0.00  0.0    0  3.2 14  50   M    M   6 12     16  60
11  53  25  39   9  26   0 0.00  0.0    0  2.7 16 230   M    M   2 1      25 230
12  50  33  42  12  23   0 0.05  0.0    0 12.9 30 210   M    M   5 1      38 210
13  41  30  36   6  29   0 0.58  1.1    0 10.8 35 210   M    M   8 18     45 220
14  40  22  31   2  34   0 0.00  0.0    T  5.6 14 260   M    M   2        22 280
15  42  19  31   2  34   0 0.00  0.0    0  4.5 10  70   M    M   0        13  60
16  45  27  36   7  29   0 0.00  0.0    0  4.1 21 210   M    M   5        26 220
17  34  30  32   3  33   0 0.09  1.3    1  5.2 15 210   M    M  10 1      19 210
18  36  17  27  -2  38   0 0.20  2.0    T  2.8 10  60   M    M   6 128    13  50
19  40  10  25  -4  40   0 0.00  0.0    0  1.4  9 100   M    M   1 12     12  90
20  45  17  31   2  34   0 0.00  0.0    1  3.1 15 210   M    M   0        19 210
21  54  26  40  11  25   0 0.00  0.0    0  7.1 15 260   M    M   0        26 320
================================================================================
SM  971  537       605   0  2.71     4.4  97.8          M       95
================================================================================
AV 46.2 25.6                               4.7 FASTST   M    M   5    MAX(MPH)
                                 MISC ---->  # 35 210               # 45  220
================================================================================
NOTES:
# LAST OF SEVERAL OCCURRENCES

COLUMN 17 PEAK WIND IN M.P.H.

PRELIMINARY LOCAL CLIMATOLOGICAL DATA (WS FORM: F-6) , PAGE 2

                                          STATION:  FLAGSTAFF AZ AIRPORT
                                          MONTH:    DECEMBER
                                          YEAR:     2014
                                          LATITUDE:   35  7 N
                                          LONGITUDE: 111 40 W

[TEMPERATURE DATA]      [PRECIPITATION DATA]       SYMBOLS USED IN COLUMN 16

AVERAGE MONTHLY: 35.9   TOTAL FOR MONTH:   2.71    1 = FOG OR MIST
DPTR FM NORMAL:   6.0   DPTR FM NORMAL:    1.50    2 = FOG REDUCING VISIBILITY
HIGHEST:    55 ON  2    GRTST 24HR  1.47 ON  3- 4      TO 1/4 MILE OR LESS
LOWEST:     10 ON 19                               3 = THUNDER
                        SNOW, ICE PELLETS, HAIL    4 = ICE PELLETS
                        TOTAL MONTH:   4.4 INCHES  5 = HAIL
                        GRTST 24HR   2.0 ON 18-18  6 = FREEZING RAIN OR DRIZZLE
                        GRTST DEPTH:   1 ON 20,17  7 = DUSTSTORM OR SANDSTORM:
                                                       VSBY 1/2 MILE OR LESS
                                                   8 = SMOKE OR HAZE
[NO. OF DAYS WITH]      [WEATHER - DAYS WITH]      9 = BLOWING SNOW
                                                   X = TORNADO
MAX 32 OR BELOW:   0    0.01 INCH OR MORE:   7
MAX 90 OR ABOVE:   0    0.10 INCH OR MORE:   4
MIN 32 OR BELOW:  18    0.50 INCH OR MORE:   3
MIN  0 OR BELOW:   0    1.00 INCH OR MORE:   1

[HDD (BASE 65) ]
TOTAL THIS MO.   605    CLEAR  (SCALE 0-3)   8
DPTR FM NORMAL  -132    PTCLDY (SCALE 4-7)  10
TOTAL FM JUL 1  2022    CLOUDY (SCALE 8-10)  3
DPTR FM NORMAL  -447

[CDD (BASE 65) ]
TOTAL THIS MO.     0
DPTR FM NORMAL     0    [PRESSURE DATA]
TOTAL FM JAN 1   109    HIGHEST SLP M ON M
DPTR FM NORMAL    -8    LOWEST  SLP 29.83 ON 13

[REMARKS]
