000
CXUS52 KMFL 011000
CF6FLL
PRELIMINARY LOCAL CLIMATOLOGICAL DATA (WS FORM: F-6)

                                          STATION:   FORT LAUDERDALE
                                          MONTH:     JANUARY
                                          YEAR:      2015
                                          LATITUDE:   26  4 N
                                          LONGITUDE:  80  9 W

  TEMPERATURE IN F:       :PCPN:    SNOW:  WIND      :SUNSHINE: SKY     :PK WND
================================================================================
1   2   3   4   5  6A  6B    7    8   9   10  11  12  13   14  15   16   17  18
                                     12Z  AVG MX 2MIN
DY MAX MIN AVG DEP HDD CDD  WTR  SNW DPTH SPD SPD DIR MIN PSBL S-S WX    SPD DR
================================================================================

 1  79  70  75   6   0  10 0.18  0.0    0  5.3 17 120   M    M   8 18     20 110
 2  80  72  76   7   0  11 0.04  0.0    0 11.5 20 140   M    M   7 1      24 130
 3  81  75  78   9   0  13 0.00  0.0    0 15.1 23 140   M    M   6        27 130
 4  81  73  77   8   0  12    T  0.0    0 11.0 21 150   M    M   5        28 150
 5  82  72  77   8   0  12 0.47  0.0    0  6.9 18  50   M    M   5 1      22  50
 6  80  71  76   7   0  11    T  0.0    0  8.1 13 130   M    M   5        18 120
 7  79  62  71   2   0   6 0.00  0.0    0  6.3 13 340   M    M   6        17 360
 8  71  55  63  -6   2   0 0.01  0.0    0 12.8 21  50   M    M   6        28  50
 9  78  64  71   2   0   6 0.27  0.0    0  5.2 21 120   M    M   7 1      27 130
10  76  58  67  -2   0   2    T  0.0    0 10.7 18  80   M    M   6 1      23  70
11  78  71  75   6   0  10 0.38  0.0    0 15.3 24  90   M    M   6 18     31  90
12  79  74  77   8   0  12 0.02  0.0    0 13.9 23 110   M    M   9 1      29 110
13  78  69  74   5   0   9 1.97  0.0    0  5.6 24 140   M    M   7 13     27 140
14  76  67  72   3   0   7    T  0.0    0  6.9 13 350   M    M   7 12     17 360
15  77  62  70   1   0   5 0.00  0.0    0  6.9 14 330   M    M   9        18 320
16  71  58  65  -4   0   0 0.00  0.0    0  8.9 17 350   M    M   7        22 340
17  75  54  65  -4   0   0 0.00  0.0    0  9.3 17 100   M    M   3        21 100
18  77  61  69   0   0   4 0.00  0.0    0  5.6 15 330   M    M   3 8      21 270
19  74  55  65  -4   0   0 0.00  0.0    0  7.2 16  60   M    M   4        22  50
20  72  66  69   0   0   4 0.00  0.0    0  6.8 15 120   M    M   8        18 120
21  79  66  73   4   0   8 0.00  0.0    0  7.0 14  90   M    M   4        18  90
22  79  69  74   5   0   9    T  0.0    0 11.2 18 120   M    M   5        22 120
23  78  71  75   6   0  10 0.00  0.0    0 12.8 21 160   M    M   6        27 140
24  77  57  67  -2   0   2    T  0.0    0 12.1 26 270   M    M   7 1      31 270
25  67  49  58 -11   7   0 0.00  0.0    0  5.9 15 350   M    M   3        19 340
26  74  53  64  -5   1   0 0.05  0.0    0 11.2 28 260   M    M   3 1      35 260
27  68  52  60 -10   5   0 0.00  0.0    0 10.4 18 270   M    M   1        23 270
28  68  51  60 -10   5   0 0.00  0.0    0  9.2 18 350   M    M   1        25 300
29  71  52  62  -8   3   0 0.00  0.0    0  8.4 20 100   M    M   7        24 100
30  75  59  67  -3   0   2 0.00  0.0    0  4.8 14 300   M    M   6        17 250
31  73  57  65  -5   0   0 0.00  0.0    0 10.4 21  80   M    M   6        26  90
================================================================================
SM 2353 1945        23 165  3.39     0.0 282.7          M      173
================================================================================
AV 75.9 62.7                               9.1 FASTST   M    M   6    MAX(MPH)
                                 MISC ---->  # 28 260               # 35  260
================================================================================
NOTES:
# LAST OF SEVERAL OCCURRENCES

COLUMN 17 PEAK WIND IN M.P.H.

PRELIMINARY LOCAL CLIMATOLOGICAL DATA (WS FORM: F-6) , PAGE 2

                                          STATION:  FORT LAUDERDALE
                                          MONTH:    JANUARY
                                          YEAR:     2015
                                          LATITUDE:   26  4 N
                                          LONGITUDE:  80  9 W

[TEMPERATURE DATA]      [PRECIPITATION DATA]       SYMBOLS USED IN COLUMN 16

AVERAGE MONTHLY: 69.3   TOTAL FOR MONTH:   3.39    1 = FOG OR MIST
DPTR FM NORMAL:   0.3   DPTR FM NORMAL:   -0.24    2 = FOG REDUCING VISIBILITY
HIGHEST:    82 ON  5    GRTST 24HR  1.97 ON 13-13      TO 1/4 MILE OR LESS
LOWEST:     49 ON 25                               3 = THUNDER
                        SNOW, ICE PELLETS, HAIL    4 = ICE PELLETS
                        TOTAL MONTH:   0.0 INCH    5 = HAIL
                        GRTST 24HR     0.0         6 = FREEZING RAIN OR DRIZZLE
                        GRTST DEPTH:   0           7 = DUSTSTORM OR SANDSTORM:
                                                       VSBY 1/2 MILE OR LESS
                                                   8 = SMOKE OR HAZE
[NO. OF DAYS WITH]      [WEATHER - DAYS WITH]      9 = BLOWING SNOW
                                                   X = TORNADO
MAX 32 OR BELOW:   0    0.01 INCH OR MORE:   9
MAX 90 OR ABOVE:   0    0.10 INCH OR MORE:   5
MIN 32 OR BELOW:   0    0.50 INCH OR MORE:   1
MIN  0 OR BELOW:   0    1.00 INCH OR MORE:   1

[HDD (BASE 65) ]
TOTAL THIS MO.    23    CLEAR  (SCALE 0-3)   6
DPTR FM NORMAL   -25    PTCLDY (SCALE 4-7)  22
TOTAL FM JUL 1    49    CLOUDY (SCALE 8-10)  3
DPTR FM NORMAL   -31

[CDD (BASE 65) ]
TOTAL THIS MO.   165
DPTR FM NORMAL    -5    [PRESSURE DATA]
TOTAL FM JAN 1   165    HIGHEST SLP 30.32 ON  5
DPTR FM NORMAL    -7    LOWEST  SLP 29.83 ON 26

[REMARKS]
#FINAL-01-15#
