000
CXUS55 KTBW 301000
CF6FMY
PRELIMINARY LOCAL CLIMATOLOGICAL DATA (WS FORM: F-6)

                                          STATION:   Fort Myers
                                          MONTH:     JULY
                                          YEAR:      2015
                                          LATITUDE:   26 34 N
                                          LONGITUDE:  81 52 W

  TEMPERATURE IN F:       :PCPN:    SNOW:  WIND      :SUNSHINE: SKY     :PK WND
================================================================================
1   2   3   4   5  6A  6B    7    8   9   10  11  12  13   14  15   16   17  18
                                     12Z  AVG MX 2MIN
DY MAX MIN AVG DEP HDD CDD  WTR  SNW DPTH SPD SPD DIR MIN PSBL S-S WX    SPD DR
================================================================================

 1  96  72  84   1   0  19 0.01  0.0    0  5.5 24 120   M    M   2 38     35 120
 2  95  72  84   1   0  19 0.50  0.0    0  5.1 33 100   M    M   1 13     42 110
 3  95  73  84   1   0  19 1.00  0.0    0  4.0 28 350   M    M   3 138    38 360
 4  94  72  83   0   0  18 1.02  0.0    0  4.7 28 120   M    M   1 138    39 140
 5  92  72  82  -1   0  17 1.85  0.0    0  6.0 24 140   M    M   1 13     32 160
 6  91  72  82  -1   0  17 0.02  0.0    0  4.6 25 120   M    M   1 3      34 120
 7  92  74  83   0   0  18 0.00  0.0    0  4.3 25 110   M    M   1 3      32 120
 8  92  74  83   0   0  18 0.05  0.0    0  5.8 20  70   M    M   1 3      28  60
 9  94  74  84   1   0  19    T  0.0    0  5.2 23 150   M    M   2 13     32 150
10  95  74  85   2   0  20 0.00  0.0    0  5.0 13 150   M    M   1 18     17  70
11  95  73  84   1   0  19 0.00  0.0    0  4.3 13  90   M    M   0        17 110
12  91  75  83   0   0  18 0.25  0.0    0  5.5 17  60   M    M   2 13     21  80
13  92  75  84   1   0  19 0.03  0.0    0  4.8 15 260   M    M   1 3      18 260
14  92  78  85   2   0  20 0.00  0.0    0  6.4 15 260   M    M   1        21 290
15  88  72  80  -3   0  15 0.72  0.0    0  4.9 23 350   M    M   2 13     29 360
16  88  73  81  -2   0  16 1.45  0.0    0  4.2 21 270   M    M   3 138    28 270
17  89  74  82  -1   0  17 1.31  0.0    0  4.6 20 290   M    M   2 123    23 320
18  90  75  83   0   0  18    T  0.0    0  4.4 14 130   M    M   2 3      18 240
19  90  75  83   0   0  18 0.04  0.0    0  5.3 15 210   M    M   1 13     21 220
20  91  76  84   1   0  19 0.00  0.0    0  6.2 16 290   M    M   1        20 240
21  91  77  84   1   0  19 0.00  0.0    0  5.4 16 250   M    M   0        20 260
22  92  78  85   2   0  20    T  0.0    0  6.1 18 330   M    M   2 3      22 330
23  93  79  86   3   0  21 0.02  0.0    0  6.2 17 260   M    M   1        22 250
24  89  75  82  -1   0  17 0.52  0.0    0  5.8 29 300   M    M   3 138    36 300
25  86  75  81  -2   0  16 0.14  0.0    0  7.7 22 270   M    M   3 1      27 290
26  80  73  77  -6   0  12 2.27  0.0    0  6.2 16 230   M    M   6 1      24 210
27  84  75  80  -3   0  15 0.44  0.0    0  6.9 23 260   M    M   5 18     31 260
28  90  76  83   0   0  18 0.00  0.0    0  9.4 21 260   M    M   2        27 260
29  83  75  79  -4   0  14 0.63  0.0    0  6.9 24 330   M    M   3 13     28 320
================================================================================
SM 2630 2158         0 515 12.27     0.0 161.4          M       54
================================================================================
AV 90.7 74.4                               5.6 FASTST   M    M   2    MAX(MPH)
                                 MISC ---->  # 33 100               # 42  110
================================================================================
NOTES:
# LAST OF SEVERAL OCCURRENCES

COLUMN 17 PEAK WIND IN M.P.H.

PRELIMINARY LOCAL CLIMATOLOGICAL DATA (WS FORM: F-6) , PAGE 2

                                          STATION:  Fort Myers
                                          MONTH:    JULY
                                          YEAR:     2015
                                          LATITUDE:   26 34 N
                                          LONGITUDE:  81 52 W

[TEMPERATURE DATA]      [PRECIPITATION DATA]       SYMBOLS USED IN COLUMN 16

AVERAGE MONTHLY: 82.6   TOTAL FOR MONTH:  12.27    1 = FOG OR MIST
DPTR FM NORMAL:  -0.4   DPTR FM NORMAL:    3.83    2 = FOG REDUCING VISIBILITY
HIGHEST:    96 ON  1    GRTST 24HR  2.27 ON 26-26      TO 1/4 MILE OR LESS
LOWEST:     72 ON 15, 6                            3 = THUNDER
                        SNOW, ICE PELLETS, HAIL    4 = ICE PELLETS
                        TOTAL MONTH:   0.0 INCH    5 = HAIL
                        GRTST 24HR     0.0         6 = FREEZING RAIN OR DRIZZLE
                        GRTST DEPTH:   0           7 = DUSTSTORM OR SANDSTORM:
                                                       VSBY 1/2 MILE OR LESS
                                                   8 = SMOKE OR HAZE
[NO. OF DAYS WITH]      [WEATHER - DAYS WITH]      9 = BLOWING SNOW
                                                   X = TORNADO
MAX 32 OR BELOW:   0    0.01 INCH OR MORE:  19
MAX 90 OR ABOVE:  21    0.10 INCH OR MORE:  13
MIN 32 OR BELOW:   0    0.50 INCH OR MORE:  10
MIN  0 OR BELOW:   0    1.00 INCH OR MORE:   6

[HDD (BASE 65) ]
TOTAL THIS MO.     0    CLEAR  (SCALE 0-3)  25
DPTR FM NORMAL     0    PTCLDY (SCALE 4-7)   4
TOTAL FM JUL 1     0    CLOUDY (SCALE 8-10)  0
DPTR FM NORMAL     0

[CDD (BASE 65) ]
TOTAL THIS MO.   515
DPTR FM NORMAL    -7    [PRESSURE DATA]
TOTAL FM JAN 1  2407    HIGHEST SLP M ON M
DPTR FM NORMAL   294    LOWEST  SLP 29.83 ON 26

[REMARKS]
