000
CXUS53 KOAX 171343
CF6FNB

PRELIMINARY LOCAL CLIMATOLOGICAL DATA (WS FORM: F-6)

                                          STATION:   FALLS CITY, NEBRASKA
                                          MONTH:     MARCH
                                          YEAR:      2014
                                          LATITUDE:   40  4 N
                                          LONGITUDE:  95 35 W

  TEMPERATURE IN F:       :PCPN:    SNOW:  WIND      :SUNSHINE: SKY     :PK WND
================================================================================
1   2   3   4   5  6A  6B    7    8   9   10  11  12  13   14  15   16   17  18
                                     12Z  AVG MX 2MIN
DY MAX MIN AVG DEP HDD CDD  WTR  SNW DPTH SPD SPD DIR MIN PSBL S-S WX    SPD DR
================================================================================

 1  23   2  13 -23  52   0 0.15    M    M 14.7 22  20   M    M   9 1      29  10
 2   4  -1   2 -34  63   0    T    M    M 12.6 21 360   M    M   5 8      27 360
 3  17  -7   5 -32  60   0 0.00    M    M  7.5 20 150   M    M   1        22 160
 4  38   9  24 -13  41   0 0.00    M    M  7.3 14 160   M    M   0        17 160
 5  31  20  26 -12  39   0 0.06    M    M  6.7 14  10   M    M   7 18     20  20
 6  45  16  31  -7  34   0 0.00    M    M  7.1 17 170   M    M   5 128    21 170
 7  50  29  40   2  25   0 0.00    M    M 10.7 23 360   M    M   4 18     30 360
 8  41  26  34  -5  31   0 0.00    M    M  9.2 20 360   M    M   4        26 360
 9  65  24  45   6  20   0 0.00    M    M 14.1 30 220   M    M   0        37 220
10  73  35  54  14  11   0 0.00    M    M  5.9 22 220   M    M   0        27 220
11  62  36  49   9  16   0 0.07    M    M 13.0 33  20   M    M   3 3      46  10
12  55  29  42   2  23   0 0.00    M    M  9.6 23 320   M    M   2        32 290
13  67  29  48   7  17   0 0.00    M    M  9.2 21 230   M    M   0        29 220
14  62  37  50   9  15   0 0.00    M    M 11.2 23 330   M    M   0        29 330
15  74  34  54  12  11   0    T    M    M 12.0 29  20   M    M   1        40  40
16  39  24  32 -10  33   0 0.01    M    M 12.5 24  30   M    M   5 1      33  20
17  57  20  39  -3  26   0 0.00    M    M 14.1 25 170   M    M   0        32 170
18  60  36  48   5  17   0    T    M    M 11.6 28 320   M    M   4        35 320
19  55  32  44   1  21   0    T    M    M 13.0 24 330   M    M   5 1      34 330
20  71  27  49   5  16   0 0.00    M    M  5.9 23 240   M    M   0        30 240
21  64  34  49   5  16   0 0.00    M    M 12.4 29 330   M    M   0        38 320
22  39  25  32 -12  33   0    T    M    M 12.5 22  20   M    M   5        29 360
23  40  15  28 -17  37   0 0.00    M    M  4.9  9 120   M    M   1        15  50
24  45  24  35 -10  30   0 0.01    M    M  7.5 16 330   M    M   7 1      23 330
25  42  22  32 -13  33   0 0.00    M    M 10.2 26 340   M    M   1        34 350
26  62  22  42  -4  23   0    T    M    M 18.2 44 200   M    M   4 1      56 190
27  71  36  54   8  11   0    T    M    M 19.2 37 300   M    M   9 1      46 220
28  54  34  44  -2  21   0 0.00    M    M  7.0 17 310   M    M   7        23 320
29  58  24  41  -6  24   0 0.00    M    M  7.0 16 160   M    M   0 1      20 170
30  76  43  60  13   5   0 0.00    M    M 18.4 32 190   M    M   0 8      45 180
31  79  30  55   7  10   0 0.00    M    M 25.6 38 290   M    M   1 3      52 280
================================================================================
SM 1619  766       814   0  0.30    M    350.8          M       90
================================================================================
AV 52.2 24.7                              11.3 FASTST   M    M   3    MAX(MPH)
                                 MISC ---->  # 44 200               # 56  190
================================================================================
NOTES:
# LAST OF SEVERAL OCCURRENCES

COLUMN 17 PEAK WIND IN M.P.H.

PRELIMINARY LOCAL CLIMATOLOGICAL DATA (WS FORM: F-6) , PAGE 2

                                          STATION:  FALLS CITY, NEBRASKA
                                          MONTH:    MARCH
                                          YEAR:     2014
                                          LATITUDE:   40  4 N
                                          LONGITUDE:  95 35 W

[TEMPERATURE DATA]      [PRECIPITATION DATA]       SYMBOLS USED IN COLUMN 16

AVERAGE MONTHLY: 38.5   TOTAL FOR MONTH:   0.30    1 = FOG OR MIST
DPTR FM NORMAL:  -3.4   DPTR FM NORMAL:   -2.04    2 = FOG REDUCING VISIBILITY
HIGHEST:    79 ON 31    GRTST 24HR  0.15 ON  1         TO 1/4 MILE OR LESS
LOWEST:     -7 ON  3                               3 = THUNDER
                        SNOW, ICE PELLETS, HAIL    4 = ICE PELLETS
                        TOTAL MONTH:    M          5 = HAIL
                        GRTST 24HR    M  ON   M    6 = FREEZING RAIN OR DRIZZLE
                        GRTST DEPTH:  M  ON   M    7 = DUSTSTORM OR SANDSTORM:
                                                       VSBY 1/2 MILE OR LESS
                                                   8 = SMOKE OR HAZE
[NO. OF DAYS WITH]      [WEATHER - DAYS WITH]      9 = BLOWING SNOW
                                                   X = TORNADO
MAX 32 OR BELOW:   4    0.01 INCH OR MORE:   5
MAX 90 OR ABOVE:   0    0.10 INCH OR MORE:   1
MIN 32 OR BELOW:  22    0.50 INCH OR MORE:   0
MIN  0 OR BELOW:   2    1.00 INCH OR MORE:   0

[HDD (BASE 65) ]
TOTAL THIS MO.   814    CLEAR  (SCALE 0-3)  17
DPTR FM NORMAL    94    PTCLDY (SCALE 4-7)  12
TOTAL FM JUL 1  5717    CLOUDY (SCALE 8-10)  2
DPTR FM NORMAL   584

[CDD (BASE 65) ]
TOTAL THIS MO.     0
DPTR FM NORMAL    -2    [PRESSURE DATA]
TOTAL FM JAN 1     0    HIGHEST SLP 30.66 ON  3
DPTR FM NORMAL    -2    LOWEST  SLP 29.27 ON 27

[REMARKS]

#FINAL-03-2014#
