000
CXUS55 KBOU 261109
CF6FNL
PRELIMINARY LOCAL CLIMATOLOGICAL DATA (WS FORM: F-6)

                                          STATION:   FT COLLINS/LOVELAND CO
                                          MONTH:     JUNE
                                          YEAR:      2015
                                          LATITUDE:   40 27 N
                                          LONGITUDE: 105  1 W

  TEMPERATURE IN F:       :PCPN:    SNOW:  WIND      :SUNSHINE: SKY     :PK WND
================================================================================
1   2   3   4   5  6A  6B    7    8   9   10  11  12  13   14  15   16   17  18
                                     12Z  AVG MX 2MIN
DY MAX MIN AVG DEP HDD CDD  WTR  SNW DPTH SPD SPD DIR MIN PSBL S-S WX    SPD DR
================================================================================

 1  84  52  68   M   0   3    M    M    M  6.4 13 170   M    M   0         M  M
 2  88  52  70   M   0   5    M    M    M  6.9 16 210   M    M   0        23 210
 3  75  54  65   M   0   0    M    M    M  7.9 20 110   M    M   5 3      25 110
 4  81  57  69   M   0   4    M    M    M  7.2 16 100   M    M   4 3      28 110
 5  73  55  64   M   1   0    M    M    M  6.4 16 210   M    M   2 3      24 210
 6  75  55  65   M   0   0    M    M    M  3.5 10 220   M    M   1         M  M
 7  79  54  67   M   0   2    M    M    M  5.2 14 360   M    M   0        18 350
 8  84  52  68   M   0   3    M    M    M  4.0  8 230   M    M   0         M  M
 9  90  57  74   M   0   9    M    M    M  5.7 20 180   M    M   0        23 180
10  73  63  68   M   0   3    M    M    M  5.2 13 350   M    M   1         M  M
11  73  57  65   M   0   0    M    M    M  5.9 14 340   M    M   3 3       M  M
12  73  57  65   M   0   0    M    M    M  5.3 10 140   M    M   5         M  M
13  88  54  71   M   0   6    M    M    M  4.4  9 140   M    M   0 3      22 140
14  88  57  73   M   0   8    M    M    M  5.6 12 100   M    M   0        17  80
15  72  55  64   M   1   0    M    M    M  5.5 10 130   M    M   7 3       M  M
16  75  57  66   M   0   1    M    M    M  7.5 16 180   M    M   1 3      24  10
17  84  52  68   M   0   3    M    M    M  4.7 13 130   M    M   0         M  M
18  81  59  70   M   0   5    M    M    M  6.1 16  10   M    M   3        18  10
19  95  63  79   M   0  14    M    M    M  5.2 10 130   M    M   2         M  M
20  84  63  74   M   0   9    M    M    M  8.4 14  20   M    M   0         M  M
21  93  59  76   M   0  11    M    M    M  4.5 10 150   M    M   0         M  M
22  81  59  70   M   0   5    M    M    M  7.5 18  40   M    M   0        24  40
23  88  57  73   M   0   8    M    M    M  7.3 10 340   M    M   0 3       M  M
24  86  59  73   M   0   8    M    M    M  8.1 22 200   M    M   0 3      30 200
25  84  55  70   M   0   5    M    M    M  7.5 14  20   M    M   1 3      24  20
================================================================================
SM 2047 1414         2 112    M     M    151.9          M       35
================================================================================
AV 81.9 56.6                               6.1 FASTST   M    M   1    MAX(MPH)
                                 MISC ---->    22   M                 30    M
================================================================================
NOTES:
# LAST OF SEVERAL OCCURRENCES

COLUMN 17 PEAK WIND IN M.P.H.

PRELIMINARY LOCAL CLIMATOLOGICAL DATA (WS FORM: F-6) , PAGE 2

                                          STATION:  FT COLLINS/LOVELAND CO
                                          MONTH:    JUNE
                                          YEAR:     2015
                                          LATITUDE:   40 27 N
                                          LONGITUDE: 105  1 W

[TEMPERATURE DATA]      [PRECIPITATION DATA]       SYMBOLS USED IN COLUMN 16

AVERAGE MONTHLY: 69.2   TOTAL FOR MONTH:      M    1 = FOG OR MIST
DPTR FM NORMAL:     M   DPTR FM NORMAL:       M    2 = FOG REDUCING VISIBILITY
HIGHEST:    95 ON 19    GRTST 24HR    M  ON   M        TO 1/4 MILE OR LESS
LOWEST:     52 ON 17, 8                            3 = THUNDER
                        SNOW, ICE PELLETS, HAIL    4 = ICE PELLETS
                        TOTAL MONTH:    M          5 = HAIL
                        GRTST 24HR    M  ON   M    6 = FREEZING RAIN OR DRIZZLE
                        GRTST DEPTH:  M  ON   M    7 = DUSTSTORM OR SANDSTORM:
                                                       VSBY 1/2 MILE OR LESS
                                                   8 = SMOKE OR HAZE
[NO. OF DAYS WITH]      [WEATHER - DAYS WITH]      9 = BLOWING SNOW
                                                   X = TORNADO
MAX 32 OR BELOW:   0    0.01 INCH OR MORE:   0
MAX 90 OR ABOVE:   3    0.10 INCH OR MORE:   0
MIN 32 OR BELOW:   0    0.50 INCH OR MORE:   0
MIN  0 OR BELOW:   0    1.00 INCH OR MORE:   0

[HDD (BASE 65) ]
TOTAL THIS MO.     2    CLEAR  (SCALE 0-3)  20
DPTR FM NORMAL     M    PTCLDY (SCALE 4-7)   5
TOTAL FM JUL 1  5784    CLOUDY (SCALE 8-10)  0
DPTR FM NORMAL     M

[CDD (BASE 65) ]
TOTAL THIS MO.   112
DPTR FM NORMAL     M    [PRESSURE DATA]
TOTAL FM JAN 1   113    HIGHEST SLP M ON M
DPTR FM NORMAL     M    LOWEST  SLP M ON M

[REMARKS]
