000
CXUS55 KBOU 300803
CF6FNL
PRELIMINARY LOCAL CLIMATOLOGICAL DATA (WS FORM: F-6)

                                          STATION:   FT COLLINS/LOVELAND CO
                                          MONTH:     APRIL
                                          YEAR:      2016
                                          LATITUDE:   40 27 N
                                          LONGITUDE: 105  1 W

  TEMPERATURE IN F:       :PCPN:    SNOW:  WIND      :SUNSHINE: SKY     :PK WND
================================================================================
1   2   3   4   5  6A  6B    7    8   9   10  11  12  13   14  15   16   17  18
                                     12Z  AVG MX 2MIN
DY MAX MIN AVG DEP HDD CDD  WTR  SNW DPTH SPD SPD DIR MIN PSBL S-S WX    SPD DR
================================================================================

 1  54  25  40   M  25   0    M    M    M  7.9 20 360   M    M   1        32 360
 2  64  34  49   M  16   0    M    M    M  5.5 12 340   M    M   1         M  M
 3  72  32  52   M  13   0    M    M    M  5.6 23 320   M    M   0        30 330
 4  75  43  59   M   6   0    M    M    M  6.0 13 340   M    M   1         M  M
 5  64  45  55   M  10   0    M    M    M 12.8 29 330   M    M   2        41 330
 6  46  34  40   M  25   0    M    M    M  8.2 18 330   M    M   0        23 330
 7  70  37  54   M  11   0    M    M    M  6.4 18  90   M    M   1         M  M
 8  70  36  53   M  12   0    M    M    M  5.6  9  70   M    M   0        17  80
 9  75  36  56   M   9   0    M    M    M  7.2 16 270   M    M   0        21 270
10  63  39  51   M  14   0    M    M    M  9.1 24 360   M    M   4        29 360
11  55  37  46   M  19   0    M    M    M  3.4 10 170   M    M   6         M  M
12  72  36  54   M  11   0    M    M    M  5.2 21 350   M    M   1        25 350
13  75  37  56   M   9   0    M    M    M  4.4 16 270   M    M   0        31 200
14  79  43  61   M   4   0    M    M    M  7.1 18  20   M    M   0        31  20
15  54  37  46   M  19   0    M    M    M 11.6 22 320   M    M   5        25  10
16  37  34  36   M  29   0    M    M    M 17.5 25 360   M    M  10        33 340
17  41  32  37   M  28   0    M    M    M 12.9 17  30   M    M   8        24  10
18  52  34  43   M  22   0    M    M    M  5.0 12 190   M    M   9         M  M
19  52  34  43   M  22   0    M    M    M  5.5 12 160   M    M   3         M  M
20  57  36  47   M  18   0    M    M    M  5.0 10 190   M    M   2         M  M
21  70  36  53   M  12   0    M    M    M  4.4  9 160   M    M   0         M  M
22  79  36  58   M   7   0    M    M    M  5.0 12 120   M    M   0         M  M
23  79  43  61   M   4   0    M    M    M  4.3 15 300   M    M   1 3      29 230
24  66  39  53   M  12   0    M    M    M 11.7 27 270   M    M   0        31 270
25  70  41  56   M   9   0    M    M    M  8.3 17  90   M    M   2 3      28  90
26  48  36  42   M  23   0    M    M    M 15.9 25  10   M    M   5 3      32 360
27  55  30  43   M  22   0    M    M    M  7.0 14  60   M    M   3        20  60
28  39  34  37   M  28   0    M    M    M  7.7 12 100   M    M  10         M  M
29  37  34  36   M  29   0    M    M    M  6.3 15 130   M    M   9         M  M
================================================================================
SM 1770 1050       468   0    M     M    222.5          M       84
================================================================================
AV 61.0 36.2                               7.7 FASTST   M    M   3    MAX(MPH)
                                 MISC ---->    29   M                 41    M
================================================================================
NOTES:
# LAST OF SEVERAL OCCURRENCES

COLUMN 17 PEAK WIND IN M.P.H.

PRELIMINARY LOCAL CLIMATOLOGICAL DATA (WS FORM: F-6) , PAGE 2

                                          STATION:  FT COLLINS/LOVELAND CO
                                          MONTH:    APRIL
                                          YEAR:     2016
                                          LATITUDE:   40 27 N
                                          LONGITUDE: 105  1 W

[TEMPERATURE DATA]      [PRECIPITATION DATA]       SYMBOLS USED IN COLUMN 16

AVERAGE MONTHLY: 48.6   TOTAL FOR MONTH:      M    1 = FOG OR MIST
DPTR FM NORMAL:     M   DPTR FM NORMAL:       M    2 = FOG REDUCING VISIBILITY
HIGHEST:    79 ON 23,22 GRTST 24HR    M  ON   M        TO 1/4 MILE OR LESS
LOWEST:     25 ON  1                               3 = THUNDER
                        SNOW, ICE PELLETS, HAIL    4 = ICE PELLETS
                        TOTAL MONTH:    M          5 = HAIL
                        GRTST 24HR    M  ON   M    6 = FREEZING RAIN OR DRIZZLE
                        GRTST DEPTH:  M  ON   M    7 = DUSTSTORM OR SANDSTORM:
                                                       VSBY 1/2 MILE OR LESS
                                                   8 = SMOKE OR HAZE
[NO. OF DAYS WITH]      [WEATHER - DAYS WITH]      9 = BLOWING SNOW
                                                   X = TORNADO
MAX 32 OR BELOW:   0    0.01 INCH OR MORE:   0
MAX 90 OR ABOVE:   0    0.10 INCH OR MORE:   0
MIN 32 OR BELOW:   4    0.50 INCH OR MORE:   0
MIN  0 OR BELOW:   0    1.00 INCH OR MORE:   0

[HDD (BASE 65) ]
TOTAL THIS MO.   468    CLEAR  (SCALE 0-3)  19
DPTR FM NORMAL     M    PTCLDY (SCALE 4-7)   5
TOTAL FM JUL 1  5407    CLOUDY (SCALE 8-10)  5
DPTR FM NORMAL     M

[CDD (BASE 65) ]
TOTAL THIS MO.     0
DPTR FM NORMAL     M    [PRESSURE DATA]
TOTAL FM JAN 1     0    HIGHEST SLP M ON M
DPTR FM NORMAL     M    LOWEST  SLP M ON M

[REMARKS]
