333
CXUS54 KTSA 200840
CF6FSM
PRELIMINARY LOCAL CLIMATOLOGICAL DATA (WS FORM: F-6)

                                          STATION:   FORT SMITH ARKANSAS
                                          MONTH:     SEPTEMBER
                                          YEAR:      2017
                                          LATITUDE:   35 19 N
                                          LONGITUDE:  94 22 W

  TEMPERATURE IN F:       :PCPN:    SNOW:  WIND      :SUNSHINE: SKY     :PK WND
================================================================================
1   2   3   4   5  6A  6B    7    8   9   10  11  12  13   14  15   16   17  18
                                     12Z  AVG MX 2MIN
DY MAX MIN AVG DEP HDD CDD  WTR  SNW DPTH SPD SPD DIR MIN PSBL S-S WX    SPD DR
================================================================================

 1  88  63  76  -3   0  11 0.00  0.0    0  3.4 12 320   M    M   1        14 310
 2  88  65  77  -2   0  12 0.00  0.0    0  3.0  8  50   M    M   0 18      9  40
 3  92  67  80   1   0  15 0.00  0.0    0  3.2 10 290   M    M   1 1      13 300
 4  94  72  83   5   0  18 0.00  0.0    0  6.6 16 220   M    M   1 1      23 220
 5  82  59  71  -7   0   6 0.00  0.0    0  6.9 21 350   M    M   2        24 340
 6  78  54  66 -12   0   1 0.00  0.0    0  6.1 17  10   M    M   0        23 350
 7  83  52  68  -9   0   3 0.00  0.0    0  2.4  8 220   M    M   0        11 220
 8  85  57  71  -6   0   6 0.00  0.0    0  4.8 13  30   M    M   0        17  30
 9  84  61  73  -4   0   8 0.00  0.0    0  5.4 17  70   M    M   0        22  80
10  83  60  72  -4   0   7 0.00  0.0    0  6.0 17  80   M    M   0        22  70
11  85  59  72  -4   0   7 0.00  0.0    0  5.2 15  30   M    M   1        20  30
12  79  59  69  -6   0   4 0.00  0.0    0  6.1 16 350   M    M   0        19 340
13  86  57  72  -3   0   7 0.00  0.0    0  4.2 13 230   M    M   0        16 280
14  91  58  75   0   0  10 0.00  0.0    0  3.7  9  40   M    M   0 1      12 120
15  90  64  77   3   0  12 0.00  0.0    0  5.0 13 120   M    M   1        19 140
16  92  65  79   5   0  14 0.00  0.0    0  5.0 12 120   M    M   1 1      18 160
17  91  70  81   8   0  16 0.00  0.0    0  5.6 25  20   M    M   1        30  30
18  93  71  82   9   0  17    T  0.0    0  4.5 14 260   M    M   1        17 200
19  93  68  81   9   0  16 0.00  0.0    0  5.3 16 220   M    M   1 1      21 200
================================================================================
SM 1657 1181         0 190    T      0.0  92.4          M       11
================================================================================
AV 87.2 62.2                               4.9 FASTST   M    M   1    MAX(MPH)
                                 MISC ---->  # 25  20               # 30   30
================================================================================
NOTES:
# LAST OF SEVERAL OCCURRENCES

COLUMN 17 PEAK WIND IN M.P.H.

PRELIMINARY LOCAL CLIMATOLOGICAL DATA (WS FORM: F-6) , PAGE 2

                                          STATION:  FORT SMITH ARKANSAS
                                          MONTH:    SEPTEMBER
                                          YEAR:     2017
                                          LATITUDE:   35 19 N
                                          LONGITUDE:  94 22 W

[TEMPERATURE DATA]      [PRECIPITATION DATA]       SYMBOLS USED IN COLUMN 16

AVERAGE MONTHLY: 74.7   TOTAL FOR MONTH:      T    1 = FOG OR MIST
DPTR FM NORMAL:  -1.4   DPTR FM NORMAL:   -2.48    2 = FOG REDUCING VISIBILITY
HIGHEST:    94 ON  4    GRTST 24HR    T  ON 18-18      TO 1/4 MILE OR LESS
LOWEST:     52 ON  7                               3 = THUNDER
                        SNOW, ICE PELLETS, HAIL    4 = ICE PELLETS
                        TOTAL MONTH:   0.0 INCH    5 = HAIL
                        GRTST 24HR     0.0         6 = FREEZING RAIN OR DRIZZLE
                        GRTST DEPTH:   0           7 = DUSTSTORM OR SANDSTORM:
                                                       VSBY 1/2 MILE OR LESS
                                                   8 = SMOKE OR HAZE
[NO. OF DAYS WITH]      [WEATHER - DAYS WITH]      9 = BLOWING SNOW
                                                   X = TORNADO
MAX 32 OR BELOW:   0    0.01 INCH OR MORE:   0
MAX 90 OR ABOVE:   8    0.10 INCH OR MORE:   0
MIN 32 OR BELOW:   0    0.50 INCH OR MORE:   0
MIN  0 OR BELOW:   0    1.00 INCH OR MORE:   0

[HDD (BASE 65) ]
TOTAL THIS MO.     0    CLEAR  (SCALE 0-3)  19
DPTR FM NORMAL    -2    PTCLDY (SCALE 4-7)   0
TOTAL FM JUL 1     0    CLOUDY (SCALE 8-10)  0
DPTR FM NORMAL    -2

[CDD (BASE 65) ]
TOTAL THIS MO.   190
DPTR FM NORMAL   -22    [PRESSURE DATA]
TOTAL FM JAN 1  1954    HIGHEST SLP M ON M
DPTR FM NORMAL    47    LOWEST  SLP 29.76 ON 13

[REMARKS]
