000
CXUS54 KFWD 160730
CF6FTW
PRELIMINARY LOCAL CLIMATOLOGICAL DATA (WS FORM: F-6)

                                          STATION:   FORT WORTH MEACHAM
                                          MONTH:     JANUARY
                                          YEAR:      2018
                                          LATITUDE:   32 49 N
                                          LONGITUDE:  97 21 W

  TEMPERATURE IN F:       :PCPN:    SNOW:  WIND      :SUNSHINE: SKY     :PK WND
================================================================================
1   2   3   4   5  6A  6B    7    8   9   10  11  12  13   14  15   16   17  18
                                     12Z  AVG MX 2MIN
DY MAX MIN AVG DEP HDD CDD  WTR  SNW DPTH SPD SPD DIR MIN PSBL S-S WX    SPD DR
================================================================================

 1  29  15  22 -23  43   0 0.00  0.0    0  9.8 18 350   M    M   0        25 360
 2  26  20  23 -22  42   0 0.00  0.0    0  7.4 13 360   M    M   9        17 360
 3  51  18  35 -10  30   0 0.00  0.0    0  6.1 15 290   M    M   0        21 310
 4  52  28  40  -5  25   0 0.00  0.0    0  3.7  8 110   M    M   0 8      13 120
 5  64  33  49   4  16   0 0.00  0.0    0  6.2 15 220   M    M   0        20 220
 6  65  37  51   6  14   0 0.00  0.0    0  9.4 22 140   M    M   2        29 140
 7  62  50  56  11   9   0 0.05  0.0    0 14.2 24 160   M    M   8 1      34 160
 8  62  41  52   7  13   0 0.00  0.0    0  9.2 18 350   M    M   0        24 320
 9  62  35  49   4  16   0 0.00  0.0    0  7.4 17 140   M    M   1 1      23 150
10  62  46  54   9  11   0 0.00  0.0    0 15.9 25 150   M    M   7 18     33 150
11  61  31  46   1  19   0 0.00  0.0    0 20.0 35 310   M    M   3 8      50 310
12  47  24  36  -9  29   0 0.00  0.0    0 12.2 24 320   M    M   0        36 330
13  49  26  38  -7  27   0 0.00  0.0    0  7.6 18 350   M    M   0        24 350
14  56  29  43  -3  22   0 0.00  0.0    0  7.4 16 190   M    M   0        22 170
15  60  28  44  -2  21   0    T    M    0 12.9 31 360   M    M   4        40 350
================================================================================
SM  808  461       337   0  0.05     0.0 149.4          M       34
================================================================================
AV 53.9 30.7                              10.0 FASTST   M    M   2    MAX(MPH)
                                 MISC ---->  # 35 310               # 50  310
================================================================================
NOTES:
# LAST OF SEVERAL OCCURRENCES

COLUMN 17 PEAK WIND IN M.P.H.

PRELIMINARY LOCAL CLIMATOLOGICAL DATA (WS FORM: F-6) , PAGE 2

                                          STATION:  FORT WORTH MEACHAM
                                          MONTH:    JANUARY
                                          YEAR:     2018
                                          LATITUDE:   32 49 N
                                          LONGITUDE:  97 21 W

[TEMPERATURE DATA]      [PRECIPITATION DATA]       SYMBOLS USED IN COLUMN 16

AVERAGE MONTHLY: 42.3   TOTAL FOR MONTH:   0.05    1 = FOG OR MIST
DPTR FM NORMAL:  -2.8   DPTR FM NORMAL:   -0.67    2 = FOG REDUCING VISIBILITY
HIGHEST:    65 ON  6    GRTST 24HR  0.05 ON  7- 7      TO 1/4 MILE OR LESS
LOWEST:     15 ON  1                               3 = THUNDER
                        SNOW, ICE PELLETS, HAIL    4 = ICE PELLETS
                        TOTAL MONTH:   0.0 INCH    5 = HAIL
                        GRTST 24HR     0.0         6 = FREEZING RAIN OR DRIZZLE
                        GRTST DEPTH:   0           7 = DUSTSTORM OR SANDSTORM:
                                                       VSBY 1/2 MILE OR LESS
                                                   8 = SMOKE OR HAZE
[NO. OF DAYS WITH]      [WEATHER - DAYS WITH]      9 = BLOWING SNOW
                                                   X = TORNADO
MAX 32 OR BELOW:   2    0.01 INCH OR MORE:   1
MAX 90 OR ABOVE:   0    0.10 INCH OR MORE:   0
MIN 32 OR BELOW:   9    0.50 INCH OR MORE:   0
MIN  0 OR BELOW:   0    1.00 INCH OR MORE:   0

[HDD (BASE 65) ]
TOTAL THIS MO.   337    CLEAR  (SCALE 0-3)  11
DPTR FM NORMAL    38    PTCLDY (SCALE 4-7)   2
TOTAL FM JUL 1  1026    CLOUDY (SCALE 8-10)  2
DPTR FM NORMAL  -220

[CDD (BASE 65) ]
TOTAL THIS MO.     0
DPTR FM NORMAL     0    [PRESSURE DATA]
TOTAL FM JAN 1     0    HIGHEST SLP M ON M
DPTR FM NORMAL     0    LOWEST  SLP 29.64 ON 11

[REMARKS]
