000
CXUS53 KIWX 250800
CF6FWA
PRELIMINARY LOCAL CLIMATOLOGICAL DATA (WS FORM: F-6)

                                          STATION:   FORT WAYNE
                                          MONTH:     SEPTEMBER
                                          YEAR:      2017
                                          LATITUDE:   41  0 N
                                          LONGITUDE:  85 12 W

  TEMPERATURE IN F:       :PCPN:    SNOW:  WIND      :SUNSHINE: SKY     :PK WND
================================================================================
1   2   3   4   5  6A  6B    7    8   9   10  11  12  13   14  15   16   17  18
                                     12Z  AVG MX 2MIN
DY MAX MIN AVG DEP HDD CDD  WTR  SNW DPTH SPD SPD DIR MIN PSBL S-S WX    SPD DR
================================================================================

 1  67  51  59 -10   6   0 0.00  0.0    0 15.5 26  50   M    M   9        32  70
 2  71  53  62  -7   3   0    T  0.0    0  7.3 15  40   M    M   8        20  40
 3  79  55  67  -2   0   2    T  0.0    0  7.3 15 290   M    M   5        20 300
 4  85  56  71   2   0   6 0.14  0.0    0 12.2 28 230   M    M   4 13     39 290
 5  69  52  61  -7   4   0 0.02  0.0    0  8.1 20 280   M    M   8        23 290
 6  63  46  55 -13  10   0 0.10  0.0    0  6.4 15 280   M    M   5 3      21 280
 7  67  47  57 -11   8   0 0.02  0.0    0  7.6 20 270   M    M   7        26 260
 8  70  47  59  -8   6   0 0.03  0.0    0  4.7 14  70   M    M   7 1      18  60
 9  68  47  58  -9   7   0 0.00  0.0    0  9.3 16  50   M    M   2        25  40
10  70  44  57 -10   8   0 0.00  0.0    0  8.0 15  90   M    M   0        21 100
11  71  46  59  -7   6   0 0.00  0.0    0  6.9 16  60   M    M   7 1      20  80
12  77  51  64  -2   1   0 0.00  0.0    0 10.6 17  50   M    M   9        23  60
13  67  60  64  -2   1   0 0.08  0.0    0  5.4 13 160   M    M  10 1      17 180
14  76  56  66   1   0   1    T  0.0    0  1.1  8 340   M    M   7 12     17 240
15  79  51  65   0   0   0 0.00  0.0    0  3.3  9 130   M    M   2 1      11 120
16  82  56  69   5   0   4 0.00  0.0    0  3.5  9 170   M    M   3 1      12 180
17  85  58  72   8   0   7 0.01  0.0    0  5.1 14 290   M    M   5        17 290
18  82  65  74  10   0   9 0.20  0.0    0  2.6  9  10   M    M   8 18     10  10
19  76  63  70   7   0   5 1.07  0.0    0  4.8 15 280   M    M   8 123    19 280
20  86  61  74  11   0   9 0.00  0.0    0  4.0 13 200   M    M   5 12     16 190
21  91  67  79  17   0  14 0.00  0.0    0  3.1 10 190   M    M   4 1      12 190
22  92  65  79  17   0  14    T  0.0    0  1.4 16 110   M    M   2 1      19 110
23  91  64  78  17   0  13 0.00  0.0    0  3.6 12  70   M    M   0 18     15  70
24  89  61  75  14   0  10 0.00  0.0    0  4.1 14 140   M    M   1        18 130
================================================================================
SM 1853 1322        60  94  1.67     0.0 145.9          M      126
================================================================================
AV 77.2 55.1                               6.1 FASTST   M    M   5    MAX(MPH)
                                 MISC ---->  # 28 230               # 39  290
================================================================================
NOTES:
# LAST OF SEVERAL OCCURRENCES

COLUMN 17 PEAK WIND IN M.P.H.

PRELIMINARY LOCAL CLIMATOLOGICAL DATA (WS FORM: F-6) , PAGE 2

                                          STATION:  FORT WAYNE
                                          MONTH:    SEPTEMBER
                                          YEAR:     2017
                                          LATITUDE:   41  0 N
                                          LONGITUDE:  85 12 W

[TEMPERATURE DATA]      [PRECIPITATION DATA]       SYMBOLS USED IN COLUMN 16

AVERAGE MONTHLY: 66.2   TOTAL FOR MONTH:   1.67    1 = FOG OR MIST
DPTR FM NORMAL:   0.6   DPTR FM NORMAL:   -0.59    2 = FOG REDUCING VISIBILITY
HIGHEST:    92 ON 22    GRTST 24HR  1.07 ON 19-19      TO 1/4 MILE OR LESS
LOWEST:     44 ON 10                               3 = THUNDER
                        SNOW, ICE PELLETS, HAIL    4 = ICE PELLETS
                        TOTAL MONTH:   0.0 INCH    5 = HAIL
                        GRTST 24HR     0.0         6 = FREEZING RAIN OR DRIZZLE
                        GRTST DEPTH:   0           7 = DUSTSTORM OR SANDSTORM:
                                                       VSBY 1/2 MILE OR LESS
                                                   8 = SMOKE OR HAZE
[NO. OF DAYS WITH]      [WEATHER - DAYS WITH]      9 = BLOWING SNOW
                                                   X = TORNADO
MAX 32 OR BELOW:   0    0.01 INCH OR MORE:   9
MAX 90 OR ABOVE:   3    0.10 INCH OR MORE:   4
MIN 32 OR BELOW:   0    0.50 INCH OR MORE:   1
MIN  0 OR BELOW:   0    1.00 INCH OR MORE:   1

[HDD (BASE 65) ]
TOTAL THIS MO.    60    CLEAR  (SCALE 0-3)   7
DPTR FM NORMAL    -3    PTCLDY (SCALE 4-7)  11
TOTAL FM JUL 1    75    CLOUDY (SCALE 8-10)  6
DPTR FM NORMAL     0

[CDD (BASE 65) ]
TOTAL THIS MO.    94
DPTR FM NORMAL    19    [PRESSURE DATA]
TOTAL FM JAN 1   782    HIGHEST SLP M ON M
DPTR FM NORMAL   -10    LOWEST  SLP 29.63 ON  4

[REMARKS]
