000
CXUS54 KTSA 310840
CF6FYV
PRELIMINARY LOCAL CLIMATOLOGICAL DATA (WS FORM: F-6)

                                          STATION:   FAYETTEVILLE ARKANSAS
                                          MONTH:     JULY
                                          YEAR:      2014
                                          LATITUDE:   36  0 N
                                          LONGITUDE:  94 10 W

  TEMPERATURE IN F:       :PCPN:    SNOW:  WIND      :SUNSHINE: SKY     :PK WND
================================================================================
1   2   3   4   5  6A  6B    7    8   9   10  11  12  13   14  15   16   17  18
                                     12Z  AVG MX 2MIN
DY MAX MIN AVG DEP HDD CDD  WTR  SNW DPTH SPD SPD DIR MIN PSBL S-S WX    SPD DR
================================================================================

 1  88  72  80   4   0  15    T  0.0    0  8.0 15 270   M    M   4        28 220
 2  82  57  70  -6   0   5 0.00  0.0    0  5.1 16 330   M    M   1        23 320
 3  81  51  66 -11   0   1 0.00  0.0    0  2.3 10  50   M    M   0 1      29 340
 4  82  55  69  -8   0   4 0.00  0.0    0  2.8 12 180   M    M   2 1      30 330
 5  84  59  72  -5   0   7 0.00  0.0    0  5.3 15 170   M    M   2        31 200
 6  86  67  77   0   0  12 0.00  0.0    0  7.9 20 210   M    M   0        45 100
 7  90  73  82   5   0  17 0.00  0.0    0  9.7 20 190   M    M   2        26 190
 8  90  70  80   3   0  15 0.00  0.0    0  5.9 16 320   M    M   2        41 100
 9  86  63  75  -2   0  10 0.00  0.0    0  1.5 12  10   M    M   4 12     26 240
10  77  60  69  -8   0   4 0.59  0.0    0  3.5 21 320   M    M   5 13     38 330
11  88  63  76  -2   0  11 0.00  0.0    0  5.1 16 190   M    M   1 1      35 300
12  90  66  78   0   0  13 0.00  0.0    0  5.9 30 260   M    M   0       107 330
13  92  67  80   2   0  15 0.00  0.0    0  7.9 21 190   M    M   1        35 200
14  89  70  80   2   0  15 0.03  0.0    0  4.6 14 340   M    M   3 38     20 330
15  77  54  66 -12   0   1 0.00  0.0    0  5.1 14 330   M    M   0        20 310
16  75  50  63 -15   2   0 0.04  0.0    0  2.3  9 170   M    M   2        30 120
17  69  59  64 -14   1   0 0.15  0.0    0  2.3 12 160   M    M   8 1      16  50
18  71  56  64 -14   1   0 0.00  0.0    0  3.3 13 160   M    M   7 1      31 180
19  80  53  67 -11   0   2 0.00  0.0    0  1.4  7 200   M    M   7 12      9  60
20  81  55  68 -10   0   3 0.00  0.0    0  3.6 12 180   M    M   2 1      16 160
21  88  57  73  -5   0   8 0.00  0.0    0  2.8 10 180   M    M   2 1      40  30
22  92  62  77  -1   0  12 0.00  0.0    0  2.4 10 320   M    M   1 1      14 280
23  93  64  79   1   0  14 0.13  0.0    0  5.4 46 320   M    M   2 138    61 320
24  85  60  73  -5   0   8 0.00  0.0    0  1.5  9 110   M    M   6 12     13 320
25  88  64  76  -2   0  11 0.00  0.0    0  8.0 17 190   M    M   2 1      28 180
26  92  72  82   4   0  17 0.00  0.0    0  8.8 20 200   M    M   0 1      26 200
27  91  65  78   0   0  13 0.00  0.0    0  6.4 17 330   M    M   1        22 330
28  85  60  73  -5   0   8 0.00  0.0    0  4.9 16 330   M    M   0 1      23 330
29  84  56  70  -8   0   5 0.00  0.0    0  2.9 13 340   M    M   2        18 290
30  71  62  67 -11   0   2 1.33  0.0    0  3.5 12 220   M    M   9 1      16 210
================================================================================
SM 2527 1842         4 248  2.27     0.0 140.1          M       78
================================================================================
AV 84.2 61.4                               4.7 FASTST   M    M   3    MAX(MPH)
                                 MISC ---->  # 46 320               #107  330
================================================================================
NOTES:
# LAST OF SEVERAL OCCURRENCES

COLUMN 17 PEAK WIND IN M.P.H.

PRELIMINARY LOCAL CLIMATOLOGICAL DATA (WS FORM: F-6) , PAGE 2

                                          STATION:  FAYETTEVILLE ARKANSAS
                                          MONTH:    JULY
                                          YEAR:     2014
                                          LATITUDE:   36  0 N
                                          LONGITUDE:  94 10 W

[TEMPERATURE DATA]      [PRECIPITATION DATA]       SYMBOLS USED IN COLUMN 16

AVERAGE MONTHLY: 72.8   TOTAL FOR MONTH:   2.27    1 = FOG OR MIST
DPTR FM NORMAL:  -4.8   DPTR FM NORMAL:   -1.10    2 = FOG REDUCING VISIBILITY
HIGHEST:    93 ON 23    GRTST 24HR  1.33 ON 30-30      TO 1/4 MILE OR LESS
LOWEST:     50 ON 16                               3 = THUNDER
                        SNOW, ICE PELLETS, HAIL    4 = ICE PELLETS
                        TOTAL MONTH:   0.0 INCH    5 = HAIL
                        GRTST 24HR     0.0         6 = FREEZING RAIN OR DRIZZLE
                        GRTST DEPTH:   0           7 = DUSTSTORM OR SANDSTORM:
                                                       VSBY 1/2 MILE OR LESS
                                                   8 = SMOKE OR HAZE
[NO. OF DAYS WITH]      [WEATHER - DAYS WITH]      9 = BLOWING SNOW
                                                   X = TORNADO
MAX 32 OR BELOW:   0    0.01 INCH OR MORE:   6
MAX 90 OR ABOVE:   8    0.10 INCH OR MORE:   4
MIN 32 OR BELOW:   0    0.50 INCH OR MORE:   2
MIN  0 OR BELOW:   0    1.00 INCH OR MORE:   1

[HDD (BASE 65) ]
TOTAL THIS MO.     4    CLEAR  (SCALE 0-3)  22
DPTR FM NORMAL     4    PTCLDY (SCALE 4-7)   6
TOTAL FM JUL 1     4    CLOUDY (SCALE 8-10)  2
DPTR FM NORMAL     4

[CDD (BASE 65) ]
TOTAL THIS MO.   248
DPTR FM NORMAL  -129    [PRESSURE DATA]
TOTAL FM JAN 1   658    HIGHEST SLP M ON M
DPTR FM NORMAL   -77    LOWEST  SLP 29.81 ON  7

[REMARKS]
