000
CXUS53 KUNR 260945
CF6GCC
PRELIMINARY LOCAL CLIMATOLOGICAL DATA (WS FORM: F-6)

                                          STATION:   GILLETTE AIRPORT WY
                                          MONTH:     MAY
                                          YEAR:      2015
                                          LATITUDE:   44 20 N
                                          LONGITUDE: 105 32 W

  TEMPERATURE IN F:       :PCPN:    SNOW:  WIND      :SUNSHINE: SKY     :PK WND
================================================================================
1   2   3   4   5  6A  6B    7    8   9   10  11  12  13   14  15   16   17  18
                                     12Z  AVG MX 2MIN
DY MAX MIN AVG DEP HDD CDD  WTR  SNW DPTH SPD SPD DIR MIN PSBL S-S WX    SPD DR
================================================================================

 1  72  38  55   7  10   0 0.00    M    M 10.3 18 210   M    M   0        23 210
 2  76  41  59  11   6   0 0.00    M    M  9.5 21 210   M    M   0        25 210
 3  68  44  56   7   9   0 0.20    M    M  9.8 20  60   M    M   4 1      23  60
 4  61  46  54   5  11   0 0.11    M    M 22.1 30 150   M    M   5 1      39 170
 5  69  42  56   6   9   0 0.00    M    M 20.1 30 150   M    M   1        36 140
 6  53  44  49  -1  16   0 0.06    M    M 16.3 31 330   M    M   9 1      38 330
 7  53  28  41  -9  24   0 0.00    M    M 10.7 20 340   M    M   6        23 350
 8  53  24  39 -11  26   0 0.34    M    M  7.9 21 160   M    M   8 1      25 170
 9  41  32  37 -14  28   0 0.82    M    M 10.9 21  30   M    M  10 1      24  30
10  38  26  32 -19  33   0 0.14    M    M 13.8 26 360   M    M   8 18     34 360
11  56  30  43  -9  22   0 0.00    M    M 11.0 22 170   M    M   0        29 170
12  68  37  53   1  12   0 0.00    M    M  9.6 22 160   M    M   1        28 160
13  64  36  50  -2  15   0 0.00    M    M  4.3 13 310   M    M   2        16 300
14  64  39  52   0  13   0 0.33    M    M  7.5 16 310   M    M   2 13     20 310
15  56  44  50  -3  15   0 0.62    M    M 11.9 23 150   M    M   8 13     29 130
16  67  41  54   1  11   0 0.00    M    M 10.5 25 320   M    M   1 3      32 300
17  51  36  44  -9  21   0 0.03    M    M 19.0 31 350   M    M  10 13     37 350
18  54  33  44 -10  21   0 0.00    M    M  7.7 20 140   M    M   6 1      23 140
19  46  33  40 -14  25   0 0.35    M    M 11.4 22 120   M    M  10 1      28 140
20  48  31  40 -14  25   0 0.00    M    M  7.5 16 180   M    M   7        19 170
21  59  31  45  -9  20   0 0.00    M    M 14.7 24 170   M    M   2        30 150
22  58  45  52  -3  13   0 0.00    M    M 15.7 26 140   M    M   7        33 150
23  61  46  54  -1  11   0 0.00    M    M 10.0 18 150   M    M   9        22  40
24  53  49  51  -4  14   0 0.68    M    M 10.9 22  50   M    M  10 1      26  50
25  59  42  51  -4  14   0 0.08    M    M  9.0 16 360   M    M   9 1      20 340
================================================================================
SM 1448  938       424   0  3.76    M    292.1          M      135
================================================================================
AV 57.9 37.5                              11.7 FASTST   M    M   5    MAX(MPH)
                                 MISC ---->  # 31 330               # 39  170
================================================================================
NOTES:
# LAST OF SEVERAL OCCURRENCES

COLUMN 17 PEAK WIND IN M.P.H.

PRELIMINARY LOCAL CLIMATOLOGICAL DATA (WS FORM: F-6) , PAGE 2

                                          STATION:  GILLETTE AIRPORT WY
                                          MONTH:    MAY
                                          YEAR:     2015
                                          LATITUDE:   44 20 N
                                          LONGITUDE: 105 32 W

[TEMPERATURE DATA]      [PRECIPITATION DATA]       SYMBOLS USED IN COLUMN 16

AVERAGE MONTHLY: 47.7   TOTAL FOR MONTH:   3.76    1 = FOG OR MIST
DPTR FM NORMAL:  -4.2   DPTR FM NORMAL:    1.82    2 = FOG REDUCING VISIBILITY
HIGHEST:    76 ON  2    GRTST 24HR  1.02 ON  8- 9      TO 1/4 MILE OR LESS
LOWEST:     24 ON  8                               3 = THUNDER
                        SNOW, ICE PELLETS, HAIL    4 = ICE PELLETS
                        TOTAL MONTH:    M          5 = HAIL
                        GRTST 24HR    M  ON   M    6 = FREEZING RAIN OR DRIZZLE
                        GRTST DEPTH:  M  ON   M    7 = DUSTSTORM OR SANDSTORM:
                                                       VSBY 1/2 MILE OR LESS
                                                   8 = SMOKE OR HAZE
[NO. OF DAYS WITH]      [WEATHER - DAYS WITH]      9 = BLOWING SNOW
                                                   X = TORNADO
MAX 32 OR BELOW:   0    0.01 INCH OR MORE:  12
MAX 90 OR ABOVE:   0    0.10 INCH OR MORE:   9
MIN 32 OR BELOW:   7    0.50 INCH OR MORE:   3
MIN  0 OR BELOW:   0    1.00 INCH OR MORE:   0

[HDD (BASE 65) ]
TOTAL THIS MO.   424    CLEAR  (SCALE 0-3)   9
DPTR FM NORMAL    93    PTCLDY (SCALE 4-7)   8
TOTAL FM JUL 1  6823    CLOUDY (SCALE 8-10)  8
DPTR FM NORMAL  -524

[CDD (BASE 65) ]
TOTAL THIS MO.     0
DPTR FM NORMAL     0    [PRESSURE DATA]
TOTAL FM JAN 1     0    HIGHEST SLP M ON M
DPTR FM NORMAL     0    LOWEST  SLP 29.30 ON 16

[REMARKS]
