000
CXUS51 KPHI 160800
CF6GED
PRELIMINARY LOCAL CLIMATOLOGICAL DATA (WS FORM: F-6)

                                          STATION:   GEORGETOWN DE
                                          MONTH:     DECEMBER
                                          YEAR:      2017
                                          LATITUDE:   38 41 N
                                          LONGITUDE:  75 22 W

  TEMPERATURE IN F:       :PCPN:    SNOW:  WIND      :SUNSHINE: SKY     :PK WND
================================================================================
1   2   3   4   5  6A  6B    7    8   9   10  11  12  13   14  15   16   17  18
                                     12Z  AVG MX 2MIN
DY MAX MIN AVG DEP HDD CDD  WTR  SNW DPTH SPD SPD DIR MIN PSBL S-S WX    SPD DR
================================================================================

 1  56  32  44   0  21   0 0.01    M    M  4.7 16  30   M    M   0        22  10
 2  55  30  43   0  22   0 0.00    M    M  1.7  9  90   M    M   3 1      12 100
 3  57  33  45   2  20   0 0.02    M    M  1.2  9 230   M    M   3 12     11 230
 4  56  29  43   0  22   0 0.00    M    M  2.1 10 160   M    M   2 128    21  90
 5  70  40  55  13  10   0 0.16    M    M 11.7 29 220   M    M   8 1      37 210
 6  62  39  51   9  14   0 0.01    M    M  5.5 18 310   M    M   4        28 290
 7  49  34  42   0  23   0 0.00    M    M  4.4 13 290   M    M   0        19 270
 8  42  32  37  -4  28   0 0.30    M    M  3.3  8 350   M    M   6 18     12 360
 9  34  31  33  -8  32   0 0.32    M    M  6.0 14 360   M    M  10 16     19 360
10  40  27  34  -7  31   0 0.00    M    M  5.8 14 290   M    M   3 1      21 270
11  46  28  37  -3  28   0 0.00    M    M  4.2 12 220   M    M   3        14 280
12  50  28  39  -1  26   0    T    M    M  9.5 22 300   M    M   4        34 310
13  32  23  28 -12  37   0 0.01    M    M 11.8 23 280   M    M   2 1      38 280
14  45  24  35  -5  30   0 0.00    M    M  7.8 20 320   M    M   4        30 330
15  35  22  29 -10  36   0 0.05    M    M  5.8 14 360   M    M   7 1      20 350
================================================================================
SM  729  452       380   0  0.88    M     85.5          M       59
================================================================================
AV 48.6 30.1                               5.7 FASTST   M    M   4    MAX(MPH)
                                 MISC ---->  # 29 220               # 38  280
================================================================================
NOTES:
# LAST OF SEVERAL OCCURRENCES

COLUMN 17 PEAK WIND IN M.P.H.

PRELIMINARY LOCAL CLIMATOLOGICAL DATA (WS FORM: F-6) , PAGE 2

                                          STATION:  GEORGETOWN DE
                                          MONTH:    DECEMBER
                                          YEAR:     2017
                                          LATITUDE:   38 41 N
                                          LONGITUDE:  75 22 W

[TEMPERATURE DATA]      [PRECIPITATION DATA]       SYMBOLS USED IN COLUMN 16

AVERAGE MONTHLY: 39.4   TOTAL FOR MONTH:   0.88    1 = FOG OR MIST
DPTR FM NORMAL:  -2.0   DPTR FM NORMAL:   -0.85    2 = FOG REDUCING VISIBILITY
HIGHEST:    70 ON  5    GRTST 24HR  0.32 ON  9- 9      TO 1/4 MILE OR LESS
LOWEST:     22 ON 15                               3 = THUNDER
                        SNOW, ICE PELLETS, HAIL    4 = ICE PELLETS
                        TOTAL MONTH:    M          5 = HAIL
                        GRTST 24HR    M  ON   M    6 = FREEZING RAIN OR DRIZZLE
                        GRTST DEPTH:  M  ON   M    7 = DUSTSTORM OR SANDSTORM:
                                                       VSBY 1/2 MILE OR LESS
                                                   8 = SMOKE OR HAZE
[NO. OF DAYS WITH]      [WEATHER - DAYS WITH]      9 = BLOWING SNOW
                                                   X = TORNADO
MAX 32 OR BELOW:   1    0.01 INCH OR MORE:   8
MAX 90 OR ABOVE:   0    0.10 INCH OR MORE:   3
MIN 32 OR BELOW:  11    0.50 INCH OR MORE:   0
MIN  0 OR BELOW:   0    1.00 INCH OR MORE:   0

[HDD (BASE 65) ]
TOTAL THIS MO.   380    CLEAR  (SCALE 0-3)   6
DPTR FM NORMAL    26    PTCLDY (SCALE 4-7)   8
TOTAL FM JUL 1   997    CLOUDY (SCALE 8-10)  1
DPTR FM NORMAL  -141

[CDD (BASE 65) ]
TOTAL THIS MO.     0
DPTR FM NORMAL     0    [PRESSURE DATA]
TOTAL FM JAN 1  1517    HIGHEST SLP M ON M
DPTR FM NORMAL   321    LOWEST  SLP 29.45 ON 12

[REMARKS]
