442
CXUS53 KIND 220730
CF6GEZ
PRELIMINARY LOCAL CLIMATOLOGICAL DATA (WS FORM: F-6)

                                          STATION:   SHELBYVILLE IN
                                          MONTH:     AUGUST
                                          YEAR:      2017
                                          LATITUDE:   39 35 N
                                          LONGITUDE:  85 48 W

  TEMPERATURE IN F:       :PCPN:    SNOW:  WIND      :SUNSHINE: SKY     :PK WND
================================================================================
1   2   3   4   5  6A  6B    7    8   9   10  11  12  13   14  15   16   17  18
                                     12Z  AVG MX 2MIN
DY MAX MIN AVG DEP HDD CDD  WTR  SNW DPTH SPD SPD DIR MIN PSBL S-S WX    SPD DR
================================================================================

 1  86  65  76   3   0  11    T    M    M  5.8 16 100   M    M   1 3      19 100
 2  85  67  76   3   0  11    T    M    M  5.0 16 180   M    M   3 3      21 180
 3  87  63  75   2   0  10 0.00    M    M  7.8 15 220   M    M   1 18     20 220
 4  73  57  65  -8   0   0    T    M    M 10.9 22 290   M    M   5        28 260
 5  78  51  65  -8   0   0 0.00    M    M  4.6 14 260   M    M   1        18 270
 6  73  62  68  -5   0   3    T    M    M  4.7 12 130   M    M   9        14 150
 7  81  64  73   0   0   8 0.14    M    M  5.9 13  50   M    M   5 18     16  60
 8  80  56  68  -5   0   3 0.00    M    M  5.1 14  50   M    M   0        18  70
 9  81  51  66  -7   0   1 0.00    M    M  2.8 12 130   M    M   0 1      15 130
10  85  57  71  -2   0   6 0.00    M    M  3.1 10 240   M    M   2        14 270
11  82  64  73   0   0   8 0.10    M    M  5.8 12 230   M    M   3 1      17 240
12  81  59  70  -3   0   5 0.00    M    M  5.5 13  10   M    M   2 1      17  10
13  82  53  68  -5   0   3 0.00    M    M  3.1  8 140   M    M   1 1      10 140
14  84  60  72  -1   0   7 0.00    M    M  4.9 13 190   M    M   2 1      16 180
15  87  62  75   2   0  10 0.00    M    M  3.6 10 220   M    M   3 128    15 200
16  89  64  77   5   0  12 0.00    M    M  4.5 12 160   M    M   2 12     16 160
17  86  72  79   7   0  14 0.32    M    M  9.8 22 280   M    M   4 13     28 230
18  84  66  75   3   0  10 0.00    M    M  8.0 17 280   M    M   2        24 280
19  87  64  76   4   0  11    T    M    M  4.1  9 240   M    M   3        12 180
20  90  64  77   5   0  12 0.00    M    M  4.5 12 220   M    M   1        14 220
21  89  68  79   7   0  14 0.07    M    M  5.7 17 230   M    M   1 13     26 220
================================================================================
SM 1750 1289         0 159  0.63    M    115.2          M       51
================================================================================
AV 83.3 61.4                               5.5 FASTST   M    M   2    MAX(MPH)
                                 MISC ---->  # 22 290               # 28  260
================================================================================
NOTES:
# LAST OF SEVERAL OCCURRENCES

COLUMN 17 PEAK WIND IN M.P.H.

PRELIMINARY LOCAL CLIMATOLOGICAL DATA (WS FORM: F-6) , PAGE 2

                                          STATION:  SHELBYVILLE IN
                                          MONTH:    AUGUST
                                          YEAR:     2017
                                          LATITUDE:   39 35 N
                                          LONGITUDE:  85 48 W

[TEMPERATURE DATA]      [PRECIPITATION DATA]       SYMBOLS USED IN COLUMN 16

AVERAGE MONTHLY: 72.4   TOTAL FOR MONTH:   0.63    1 = FOG OR MIST
DPTR FM NORMAL:  -0.4   DPTR FM NORMAL:   -1.45    2 = FOG REDUCING VISIBILITY
HIGHEST:    90 ON 20    GRTST 24HR  0.32 ON 17-17      TO 1/4 MILE OR LESS
LOWEST:     51 ON  9, 5                            3 = THUNDER
                        SNOW, ICE PELLETS, HAIL    4 = ICE PELLETS
                        TOTAL MONTH:    M          5 = HAIL
                        GRTST 24HR    M  ON   M    6 = FREEZING RAIN OR DRIZZLE
                        GRTST DEPTH:  M  ON   M    7 = DUSTSTORM OR SANDSTORM:
                                                       VSBY 1/2 MILE OR LESS
                                                   8 = SMOKE OR HAZE
[NO. OF DAYS WITH]      [WEATHER - DAYS WITH]      9 = BLOWING SNOW
                                                   X = TORNADO
MAX 32 OR BELOW:   0    0.01 INCH OR MORE:   4
MAX 90 OR ABOVE:   1    0.10 INCH OR MORE:   3
MIN 32 OR BELOW:   0    0.50 INCH OR MORE:   0
MIN  0 OR BELOW:   0    1.00 INCH OR MORE:   0

[HDD (BASE 65) ]
TOTAL THIS MO.     0    CLEAR  (SCALE 0-3)  17
DPTR FM NORMAL     0    PTCLDY (SCALE 4-7)   3
TOTAL FM JUL 1     0    CLOUDY (SCALE 8-10)  1
DPTR FM NORMAL    -1

[CDD (BASE 65) ]
TOTAL THIS MO.   159
DPTR FM NORMAL    -6    [PRESSURE DATA]
TOTAL FM JAN 1   903    HIGHEST SLP M ON M
DPTR FM NORMAL   165    LOWEST  SLP 29.80 ON M

[REMARKS]
